{"id":2986,"date":"2025-10-28T13:08:44","date_gmt":"2025-10-28T12:08:44","guid":{"rendered":"https:\/\/www.turismodealmeria.org\/congresos\/sedes\/hotel-vertice-indalo-almeria\/"},"modified":"2025-10-28T15:35:20","modified_gmt":"2025-10-28T14:35:20","slug":"hotel-vertice-indalo-almeria","status":"publish","type":"sedes","link":"https:\/\/www.turismodealmeria.org\/congresos\/en\/sedes\/hotel-vertice-indalo-almeria\/","title":{"rendered":"Hotel V\u00e9rtice Indalo Almer\u00eda"},"content":{"rendered":"<p>Hotel V\u00e9rtice Indalo Almer\u00eda welcomes you at Avenida del Mediterr\u00e1neo 310, 04009 Almer\u00eda, in a strategic location just a few minutes from the shopping center, the beach, and with easy access to the airport.<br \/>\nThis 4-star hotel combines modern accommodation with event facilities: it offers well-equipped rooms (air conditioning, free Wi-Fi, minibar, wooden floors) and a meeting area with over 1,300 m\u00b2 of rooms for conferences, banquets, or business meetings.<br \/>\nIts highlights include:<br \/>\n&#8211; Seasonal outdoor pool with solarium.<br \/>\n&#8211; Buffet and \u00e0 la carte restaurant, lobby bar.<br \/>\n&#8211; Private parking, gym, and high-speed Wi-Fi connection.<br \/>\nAn ideal setting for both urban tourism and professional gatherings in Almer\u00eda.<\/p>\n","protected":false},"featured_media":2955,"template":"","class_list":["post-2986","sedes","type-sedes","status-publish","has-post-thumbnail","hentry","page_category-private-facilities"],"acf":[],"_links":{"self":[{"href":"https:\/\/www.turismodealmeria.org\/congresos\/en\/wp-json\/wp\/v2\/sedes\/2986","targetHints":{"allow":["GET"]}}],"collection":[{"href":"https:\/\/www.turismodealmeria.org\/congresos\/en\/wp-json\/wp\/v2\/sedes"}],"about":[{"href":"https:\/\/www.turismodealmeria.org\/congresos\/en\/wp-json\/wp\/v2\/types\/sedes"}],"wp:featuredmedia":[{"embeddable":true,"href":"https:\/\/www.turismodealmeria.org\/congresos\/en\/wp-json\/wp\/v2\/media\/2955"}],"wp:attachment":[{"href":"https:\/\/www.turismodealmeria.org\/congresos\/en\/wp-json\/wp\/v2\/media?parent=2986"}],"curies":[{"name":"wp","href":"https:\/\/api.w.org\/{rel}","templated":true}]}}

Hotel Vértice Indalo Almería

<p>Hotel Vértice Indalo Almería welcomes you at Avenida del Mediterráneo 310, 04009 Almería, in a strategic location just a few minutes from the shopping center, the beach, and with easy access to the airport.<br />
This 4-star hotel combines modern accommodation with event facilities: it offers well-equipped rooms (air conditioning, free Wi-Fi, minibar, wooden floors) and a meeting area with over 1,300 m² of rooms for conferences, banquets, or business meetings.<br />
Its highlights include:<br />
&#8211; Seasonal outdoor pool with solarium.<br />
&#8211; Buffet and à la carte restaurant, lobby bar.<br />
&#8211; Private parking, gym, and high-speed Wi-Fi connection.<br />
An ideal setting for both urban tourism and professional gatherings in Almería.</p>
