{"id":3044,"date":"2026-04-29T10:20:32","date_gmt":"2026-04-29T08:20:32","guid":{"rendered":"https:\/\/www.turismodealmeria.org\/congresos\/sedes\/casa-de-los-puche-hermandad-del-prendimiento\/"},"modified":"2026-04-29T10:33:17","modified_gmt":"2026-04-29T08:33:17","slug":"casa-de-los-puche-hermandad-del-prendimiento","status":"publish","type":"sedes","link":"https:\/\/www.turismodealmeria.org\/congresos\/en\/sedes\/casa-de-los-puche-hermandad-del-prendimiento\/","title":{"rendered":"Casa de los Puche &#8211; Hermandad del Prendimiento"},"content":{"rendered":"<p>La Casa de los Puche (House of the Puche family), the current headquarters of the Cofrad\u00eda del Prendimiento (Brotherhood of the Arrest), is located in Plaza Bendicho. This two-story manor house with a flat roof is organized around a central courtyard with a portico and columns. It serves as an excellent example of Almer\u00eda\u2019s domestic architecture from the 16th to the 18th centuries; it is believed to have been built in the late 17th or very early 18th century, around 1700.<\/p>\n<p>It borders to the north with a building that depends on the Excma. Diputaci\u00f3n de Almer\u00eda, to the west it adjoins the Cathedral, to the south it faces the Plaza Jes\u00fas Cautivo de Medinaceli where its side facade opens, and to the east it presents its main front presiding over the aforementioned Plaza Bendicho. <\/p>\n<p>The courtyard is on the ground floor surrounded by porticos that rest on diminished arches made of solid ceramic brick, supported by the walls or by isolated stone columns.<\/p>\n<p><strong>Closed on May 1, 2026.<\/strong><br \/>\nOpen from Monday-Friday: 17:30h-21:00h.<\/p>\n","protected":false},"featured_media":3041,"template":"","class_list":["post-3044","sedes","type-sedes","status-publish","has-post-thumbnail","hentry","page_category-private-facilities"],"acf":[],"_links":{"self":[{"href":"https:\/\/www.turismodealmeria.org\/congresos\/en\/wp-json\/wp\/v2\/sedes\/3044","targetHints":{"allow":["GET"]}}],"collection":[{"href":"https:\/\/www.turismodealmeria.org\/congresos\/en\/wp-json\/wp\/v2\/sedes"}],"about":[{"href":"https:\/\/www.turismodealmeria.org\/congresos\/en\/wp-json\/wp\/v2\/types\/sedes"}],"wp:featuredmedia":[{"embeddable":true,"href":"https:\/\/www.turismodealmeria.org\/congresos\/en\/wp-json\/wp\/v2\/media\/3041"}],"wp:attachment":[{"href":"https:\/\/www.turismodealmeria.org\/congresos\/en\/wp-json\/wp\/v2\/media?parent=3044"}],"curies":[{"name":"wp","href":"https:\/\/api.w.org\/{rel}","templated":true}]}}

<p>La Casa de los Puche (House of the Puche family), the current headquarters of the Cofradía del Prendimiento (Brotherhood of the Arrest), is located in Plaza Bendicho. This two-story manor house with a flat roof is organized around a central courtyard with a portico and columns. It serves as an excellent example of Almería’s domestic architecture from the 16th to the 18th centuries; it is believed to have been built in the late 17th or very early 18th century, around 1700.</p>
<p>It borders to the north with a building that depends on the Excma. Diputación de Almería, to the west it adjoins the Cathedral, to the south it faces the Plaza Jesús Cautivo de Medinaceli where its side facade opens, and to the east it presents its main front presiding over the aforementioned Plaza Bendicho. </p>
<p>The courtyard is on the ground floor surrounded by porticos that rest on diminished arches made of solid ceramic brick, supported by the walls or by isolated stone columns.</p>
<p><strong>Closed on May 1, 2026.</strong><br />
Open from Monday-Friday: 17:30h-21:00h.</p>
