{"id":1476,"date":"2022-05-23T09:53:24","date_gmt":"2022-05-23T07:53:24","guid":{"rendered":"https:\/\/congresos.turismodealmeria.es\/?post_type=espacio&#038;p=1476"},"modified":"2023-04-13T13:53:25","modified_gmt":"2023-04-13T11:53:25","slug":"salon-5-las-amoladeras","status":"publish","type":"espacio","link":"https:\/\/www.turismodealmeria.org\/congresos\/espacio\/salon-5-las-amoladeras\/","title":{"rendered":"Sal\u00f3n 5: Las Amoladeras"},"content":{"rendered":"<p>Se trata de una sala con 1.120,32 metros cuadrados, la cual est\u00e1 preparada para albergar eventos de 700 pax en disposici\u00f3n de teatro y de 610 pax si la disposici\u00f3n se hace en forma de aula. La planta es de 51,39m x 15,57m.<\/p>\n","protected":false},"excerpt":{"rendered":"<p>Se trata de una sala con 1.120,32 metros cuadrados, la cual est\u00e1 preparada para albergar eventos de 700 pax en [&hellip;]<\/p>\n","protected":false},"featured_media":2008,"template":"","espacios":[15],"class_list":["post-1476","espacio","type-espacio","status-publish","has-post-thumbnail","hentry","espacios-salones"],"acf":[],"_links":{"self":[{"href":"https:\/\/www.turismodealmeria.org\/congresos\/wp-json\/wp\/v2\/espacio\/1476","targetHints":{"allow":["GET"]}}],"collection":[{"href":"https:\/\/www.turismodealmeria.org\/congresos\/wp-json\/wp\/v2\/espacio"}],"about":[{"href":"https:\/\/www.turismodealmeria.org\/congresos\/wp-json\/wp\/v2\/types\/espacio"}],"wp:featuredmedia":[{"embeddable":true,"href":"https:\/\/www.turismodealmeria.org\/congresos\/wp-json\/wp\/v2\/media\/2008"}],"wp:attachment":[{"href":"https:\/\/www.turismodealmeria.org\/congresos\/wp-json\/wp\/v2\/media?parent=1476"}],"wp:term":[{"taxonomy":"espacios","embeddable":true,"href":"https:\/\/www.turismodealmeria.org\/congresos\/wp-json\/wp\/v2\/espacios?post=1476"}],"curies":[{"name":"wp","href":"https:\/\/api.w.org\/{rel}","templated":true}]}}

Salón 5: Las Amoladeras

<p>Se trata de una sala con 1.120,32 metros cuadrados, la cual está preparada para albergar eventos de 700 pax en disposición de teatro y de 610 pax si la disposición se hace en forma de aula. La planta es de 51,39m x 15,57m.</p>

<p>Se trata de una sala con 1.120,32 metros cuadrados, la cual está preparada para albergar eventos de 700 pax en [&hellip;]</p>
