{"id":1477,"date":"2022-05-23T09:54:09","date_gmt":"2022-05-23T07:54:09","guid":{"rendered":"https:\/\/congresos.turismodealmeria.es\/?post_type=espacio&#038;p=1477"},"modified":"2024-02-20T08:03:52","modified_gmt":"2024-02-20T07:03:52","slug":"salon-6-san-telmo","status":"publish","type":"espacio","link":"https:\/\/www.turismodealmeria.org\/congresos\/espacio\/salon-6-san-telmo\/","title":{"rendered":"Sal\u00f3n 6: San Telmo"},"content":{"rendered":"<p>Es un sala de 149,94 metros cuadrados, preparado para dividirlo en m\u00faltiples espacios con capacidad para albergar eventos de 120 pax en disposici\u00f3n de teatro y de 90 pax si la disposici\u00f3n se hace en forma de aula. La planta es de 14,60m x 10,27m.<\/p>\n","protected":false},"excerpt":{"rendered":"<p>Es un sala de 149,94 metros cuadrados, preparado para dividirlo en m\u00faltiples espacios con capacidad para albergar eventos de 120 [&hellip;]<\/p>\n","protected":false},"featured_media":2011,"template":"","espacios":[15],"class_list":["post-1477","espacio","type-espacio","status-publish","has-post-thumbnail","hentry","espacios-salones"],"acf":[],"_links":{"self":[{"href":"https:\/\/www.turismodealmeria.org\/congresos\/wp-json\/wp\/v2\/espacio\/1477","targetHints":{"allow":["GET"]}}],"collection":[{"href":"https:\/\/www.turismodealmeria.org\/congresos\/wp-json\/wp\/v2\/espacio"}],"about":[{"href":"https:\/\/www.turismodealmeria.org\/congresos\/wp-json\/wp\/v2\/types\/espacio"}],"wp:featuredmedia":[{"embeddable":true,"href":"https:\/\/www.turismodealmeria.org\/congresos\/wp-json\/wp\/v2\/media\/2011"}],"wp:attachment":[{"href":"https:\/\/www.turismodealmeria.org\/congresos\/wp-json\/wp\/v2\/media?parent=1477"}],"wp:term":[{"taxonomy":"espacios","embeddable":true,"href":"https:\/\/www.turismodealmeria.org\/congresos\/wp-json\/wp\/v2\/espacios?post=1477"}],"curies":[{"name":"wp","href":"https:\/\/api.w.org\/{rel}","templated":true}]}}

Salón 6: San Telmo

<p>Es un sala de 149,94 metros cuadrados, preparado para dividirlo en múltiples espacios con capacidad para albergar eventos de 120 pax en disposición de teatro y de 90 pax si la disposición se hace en forma de aula. La planta es de 14,60m x 10,27m.</p>

<p>Es un sala de 149,94 metros cuadrados, preparado para dividirlo en múltiples espacios con capacidad para albergar eventos de 120 [&hellip;]</p>
