{"id":1481,"date":"2022-05-23T09:57:50","date_gmt":"2022-05-23T07:57:50","guid":{"rendered":"https:\/\/congresos.turismodealmeria.es\/?post_type=espacio&#038;p=1481"},"modified":"2024-02-20T12:39:04","modified_gmt":"2024-02-20T11:39:04","slug":"vestibulo","status":"publish","type":"espacio","link":"https:\/\/www.turismodealmeria.org\/congresos\/espacio\/vestibulo\/","title":{"rendered":"Vest\u00edbulo"},"content":{"rendered":"<p>El hall del Palacio de Exposiciones y Congresos ha tomado como parte de las estancias, la luz de Almer\u00eda.<\/p>\n<p>Para sacarle el m\u00e1ximo partido, el vest\u00edbulo est\u00e1 recorrido por cristaleras de pared a techo que le dan mayor profundidad a\u00fan si cabe, a sus 522,25 metros cuadrados. Cierran su engalanamiento, la madera y el m\u00e1rmol puro de Almer\u00eda que viste sus paredes para darle el mejor de los recibimientos a sus visitantes.<\/p>\n<p>Este dispone de:<\/p>\n<ul>\n<li>Mesa de recepci\u00f3n<\/li>\n<li>Plasma, para proyecci\u00f3n de informaci\u00f3n<\/li>\n<li>2 plasmas con soporte con ruedas, para proyecci\u00f3n de informaci\u00f3n<\/li>\n<\/ul>\n","protected":false},"excerpt":{"rendered":"<p>El hall del Palacio de Exposiciones y Congresos ha tomado como parte de las estancias, la luz de Almer\u00eda. Para [&hellip;]<\/p>\n","protected":false},"featured_media":2019,"template":"","espacios":[14],"class_list":["post-1481","espacio","type-espacio","status-publish","has-post-thumbnail","hentry","espacios-espacios"],"acf":[],"_links":{"self":[{"href":"https:\/\/www.turismodealmeria.org\/congresos\/wp-json\/wp\/v2\/espacio\/1481","targetHints":{"allow":["GET"]}}],"collection":[{"href":"https:\/\/www.turismodealmeria.org\/congresos\/wp-json\/wp\/v2\/espacio"}],"about":[{"href":"https:\/\/www.turismodealmeria.org\/congresos\/wp-json\/wp\/v2\/types\/espacio"}],"wp:featuredmedia":[{"embeddable":true,"href":"https:\/\/www.turismodealmeria.org\/congresos\/wp-json\/wp\/v2\/media\/2019"}],"wp:attachment":[{"href":"https:\/\/www.turismodealmeria.org\/congresos\/wp-json\/wp\/v2\/media?parent=1481"}],"wp:term":[{"taxonomy":"espacios","embeddable":true,"href":"https:\/\/www.turismodealmeria.org\/congresos\/wp-json\/wp\/v2\/espacios?post=1481"}],"curies":[{"name":"wp","href":"https:\/\/api.w.org\/{rel}","templated":true}]}}

Vestíbulo

<p>El hall del Palacio de Exposiciones y Congresos ha tomado como parte de las estancias, la luz de Almería.</p>
<p>Para sacarle el máximo partido, el vestíbulo está recorrido por cristaleras de pared a techo que le dan mayor profundidad aún si cabe, a sus 522,25 metros cuadrados. Cierran su engalanamiento, la madera y el mármol puro de Almería que viste sus paredes para darle el mejor de los recibimientos a sus visitantes.</p>
<p>Este dispone de:</p>
<ul>
<li>Mesa de recepción</li>
<li>Plasma, para proyección de información</li>
<li>2 plasmas con soporte con ruedas, para proyección de información</li>
</ul>

<p>El hall del Palacio de Exposiciones y Congresos ha tomado como parte de las estancias, la luz de Almería. Para [&hellip;]</p>
