{"id":1483,"date":"2022-05-23T09:58:30","date_gmt":"2022-05-23T07:58:30","guid":{"rendered":"https:\/\/congresos.turismodealmeria.es\/?post_type=espacio&#038;p=1483"},"modified":"2023-04-12T13:09:20","modified_gmt":"2023-04-12T11:09:20","slug":"plaza-interior","status":"publish","type":"espacio","link":"https:\/\/www.turismodealmeria.org\/congresos\/espacio\/plaza-interior\/","title":{"rendered":"Plaza interior"},"content":{"rendered":"<p>Se trata de un espacio abierto de 3.500 metros cuadrados, al aire libre que da entrada a las modernas instalaciones del\u202fPalacio de Congresos. Este espacio permite la celebraci\u00f3n de cualquier tipo de exposici\u00f3n y la realizaci\u00f3n de actividades de lo m\u00e1s variado. Desde un c\u00f3ctel de recepci\u00f3n hasta una bienvenida sin l\u00edmites en cuanto a su capacidad.<\/p>\n","protected":false},"excerpt":{"rendered":"<p>Se trata de un espacio abierto de 3.500 metros cuadrados, al aire libre que da entrada a las modernas instalaciones [&hellip;]<\/p>\n","protected":false},"featured_media":2020,"template":"","espacios":[14],"class_list":["post-1483","espacio","type-espacio","status-publish","has-post-thumbnail","hentry","espacios-espacios"],"acf":[],"_links":{"self":[{"href":"https:\/\/www.turismodealmeria.org\/congresos\/wp-json\/wp\/v2\/espacio\/1483","targetHints":{"allow":["GET"]}}],"collection":[{"href":"https:\/\/www.turismodealmeria.org\/congresos\/wp-json\/wp\/v2\/espacio"}],"about":[{"href":"https:\/\/www.turismodealmeria.org\/congresos\/wp-json\/wp\/v2\/types\/espacio"}],"wp:featuredmedia":[{"embeddable":true,"href":"https:\/\/www.turismodealmeria.org\/congresos\/wp-json\/wp\/v2\/media\/2020"}],"wp:attachment":[{"href":"https:\/\/www.turismodealmeria.org\/congresos\/wp-json\/wp\/v2\/media?parent=1483"}],"wp:term":[{"taxonomy":"espacios","embeddable":true,"href":"https:\/\/www.turismodealmeria.org\/congresos\/wp-json\/wp\/v2\/espacios?post=1483"}],"curies":[{"name":"wp","href":"https:\/\/api.w.org\/{rel}","templated":true}]}}

<p>Se trata de un espacio abierto de 3.500 metros cuadrados, al aire libre que da entrada a las modernas instalaciones del Palacio de Congresos. Este espacio permite la celebración de cualquier tipo de exposición y la realización de actividades de lo más variado. Desde un cóctel de recepción hasta una bienvenida sin límites en cuanto a su capacidad.</p>
