{"id":1923,"date":"2022-05-18T08:21:31","date_gmt":"2022-05-18T06:21:31","guid":{"rendered":"https:\/\/congresos.turismodealmeria.es\/?post_type=espacio&#038;p=1449"},"modified":"2023-05-18T16:01:18","modified_gmt":"2023-05-18T14:01:18","slug":"plaza-ceremonial","status":"publish","type":"espacio","link":"https:\/\/www.turismodealmeria.org\/congresos\/espacio\/plaza-ceremonial\/","title":{"rendered":"Plaza ceremonial"},"content":{"rendered":"<p><strong>Al moderno complejo de instalaciones del Palacio<\/strong>, se accede a trav\u00e9s de una Plaza abierta al mar, al propio centro y a la urbanizaci\u00f3n que lo acoge. Dotado de todos los servicios para la realizaci\u00f3n de cualquier tipo de eventos distribuidos en sus 754.35 metros cuadrados, este Centro cuenta con numerosos salones y espacios abiertos que ofrecen la capacidad, versatilidad y servicios \u00f3ptimos para las actividades m\u00e1s variadas. El vest\u00edbulo tiene una superficie de 522,25 metros cuadrados mientras que el teatro ocupa 500 m2 por los 330 m2 del aula. La Plaza Ceremonias tiene un total de 754,35 metros cuadrados.<\/p>\n","protected":false},"excerpt":{"rendered":"<p>Al moderno complejo de instalaciones del Palacio, se accede a trav\u00e9s de una Plaza abierta al mar, al propio centro [&hellip;]<\/p>\n","protected":false},"featured_media":2021,"template":"","espacios":[14],"class_list":["post-1923","espacio","type-espacio","status-publish","has-post-thumbnail","hentry","espacios-espacios"],"acf":[],"_links":{"self":[{"href":"https:\/\/www.turismodealmeria.org\/congresos\/wp-json\/wp\/v2\/espacio\/1923","targetHints":{"allow":["GET"]}}],"collection":[{"href":"https:\/\/www.turismodealmeria.org\/congresos\/wp-json\/wp\/v2\/espacio"}],"about":[{"href":"https:\/\/www.turismodealmeria.org\/congresos\/wp-json\/wp\/v2\/types\/espacio"}],"wp:featuredmedia":[{"embeddable":true,"href":"https:\/\/www.turismodealmeria.org\/congresos\/wp-json\/wp\/v2\/media\/2021"}],"wp:attachment":[{"href":"https:\/\/www.turismodealmeria.org\/congresos\/wp-json\/wp\/v2\/media?parent=1923"}],"wp:term":[{"taxonomy":"espacios","embeddable":true,"href":"https:\/\/www.turismodealmeria.org\/congresos\/wp-json\/wp\/v2\/espacios?post=1923"}],"curies":[{"name":"wp","href":"https:\/\/api.w.org\/{rel}","templated":true}]}}

<p><strong>Al moderno complejo de instalaciones del Palacio</strong>, se accede a través de una Plaza abierta al mar, al propio centro y a la urbanización que lo acoge. Dotado de todos los servicios para la realización de cualquier tipo de eventos distribuidos en sus 754.35 metros cuadrados, este Centro cuenta con numerosos salones y espacios abiertos que ofrecen la capacidad, versatilidad y servicios óptimos para las actividades más variadas. El vestíbulo tiene una superficie de 522,25 metros cuadrados mientras que el teatro ocupa 500 m2 por los 330 m2 del aula. La Plaza Ceremonias tiene un total de 754,35 metros cuadrados.</p>

<p>Al moderno complejo de instalaciones del Palacio, se accede a través de una Plaza abierta al mar, al propio centro [&hellip;]</p>
