{"id":1485,"date":"2023-05-18T11:30:39","date_gmt":"2023-05-18T09:30:39","guid":{"rendered":"https:\/\/congresos.turismodealmeria.es\/?post_type=sedes&#038;p=1485"},"modified":"2025-09-15T11:34:28","modified_gmt":"2025-09-15T09:34:28","slug":"auditorio-maestro-padilla","status":"publish","type":"sedes","link":"https:\/\/www.turismodealmeria.org\/congresos\/sedes\/auditorio-maestro-padilla\/","title":{"rendered":"Auditorio Maestro Padilla"},"content":{"rendered":"<p>El\u00a0<strong>Auditorio Maestro Padilla<\/strong>\u00a0es un espacio abierto al Mar Mediterr\u00e1neo y al\u00a0<strong>Paseo Mar\u00edtimo<\/strong>\u00a0de la ciudad. Construido en 1992 con un inconfundible estilo \u2018Moneo\u2019, es un recinto tipo teatro a cubierto, siendo la relaci\u00f3n p\u00fablico-escena fija frontal. Ubicado en un enclave que une la parte m\u00e1s cosmopolita de Almer\u00eda con la tranquilidad y el sosiego del mar, este edificio cuenta con tres salas para celebrar eventos de cualquier \u00e1mbito y capacidad para 1.190 personas. Las actividades desarrolladas son muy variadas desde representaciones de\u00a0<strong>\u00f3pera, teatro, congresos y exposiciones<\/strong>, para lo cual existen dos galer\u00edas. La sala de mayor aforo, la central, cuenta con espacio para albergar a 950 participantes. Junto a estos espacios, el\u00a0<strong>Maestro Padilla<\/strong>\u00a0cuenta con una galer\u00eda pensada para celebrar todo tipo de exposiciones. Dispone de parking gratuito propio dentro del recinto.<\/p>\n","protected":false},"featured_media":1699,"template":"","class_list":["post-1485","sedes","type-sedes","status-publish","has-post-thumbnail","hentry","page_category-sedes-municipales"],"acf":[],"_links":{"self":[{"href":"https:\/\/www.turismodealmeria.org\/congresos\/wp-json\/wp\/v2\/sedes\/1485","targetHints":{"allow":["GET"]}}],"collection":[{"href":"https:\/\/www.turismodealmeria.org\/congresos\/wp-json\/wp\/v2\/sedes"}],"about":[{"href":"https:\/\/www.turismodealmeria.org\/congresos\/wp-json\/wp\/v2\/types\/sedes"}],"wp:featuredmedia":[{"embeddable":true,"href":"https:\/\/www.turismodealmeria.org\/congresos\/wp-json\/wp\/v2\/media\/1699"}],"wp:attachment":[{"href":"https:\/\/www.turismodealmeria.org\/congresos\/wp-json\/wp\/v2\/media?parent=1485"}],"curies":[{"name":"wp","href":"https:\/\/api.w.org\/{rel}","templated":true}]}}

<p>El <strong>Auditorio Maestro Padilla</strong> es un espacio abierto al Mar Mediterráneo y al <strong>Paseo Marítimo</strong> de la ciudad. Construido en 1992 con un inconfundible estilo ‘Moneo’, es un recinto tipo teatro a cubierto, siendo la relación público-escena fija frontal. Ubicado en un enclave que une la parte más cosmopolita de Almería con la tranquilidad y el sosiego del mar, este edificio cuenta con tres salas para celebrar eventos de cualquier ámbito y capacidad para 1.190 personas. Las actividades desarrolladas son muy variadas desde representaciones de <strong>ópera, teatro, congresos y exposiciones</strong>, para lo cual existen dos galerías. La sala de mayor aforo, la central, cuenta con espacio para albergar a 950 participantes. Junto a estos espacios, el <strong>Maestro Padilla</strong> cuenta con una galería pensada para celebrar todo tipo de exposiciones. Dispone de parking gratuito propio dentro del recinto.</p>
