{"id":2877,"date":"2024-08-27T08:29:10","date_gmt":"2024-08-27T06:29:10","guid":{"rendered":"https:\/\/www.turismodealmeria.org\/congresos\/?post_type=sedes&#038;p=2877"},"modified":"2025-09-15T11:37:37","modified_gmt":"2025-09-15T09:37:37","slug":"siente-la-plaza","status":"publish","type":"sedes","link":"https:\/\/www.turismodealmeria.org\/congresos\/sedes\/siente-la-plaza\/","title":{"rendered":"Plaza de Toros de Almer\u00eda"},"content":{"rendered":"<p><strong>La Plaza<\/strong> emerge como un proyecto con vistas de ser el foco principal para la cultura y el ocio de la capital almeriense, adem\u00e1s de, un lugar donde mostrar lo mejor del arte contempor\u00e1neo; conciertos, espect\u00e1culos, artes esc\u00e9nicas, exposiciones, talleres, gastronom\u00eda.<\/p>\n<p>La Plaza de Toros fue inaugurada un 26 de agosto de 1888 y se convirti\u00f3 en una pieza fundamental de la ciudad de Almer\u00eda, siendo catalogada como Monumento de Inter\u00e9s Cultural. Un edificio de estilo clasicista con numerosos detalles neomud\u00e9jares.<\/p>\n<p>Con 8 gradas y tendidos, 60 palcos (50 con sombra) y un ruedo de 48 metros de di\u00e1metro, el aforo puede variar en funci\u00f3n del evento desde 6.500 a 9.800 personas.<\/p>\n<p>M\u00e1s informaci\u00f3n en <a href=\"https:\/\/sientelaplaza.com\/\" target=\"_blank\" rel=\"noopener\">sientelaplaza.com<\/a><\/p>\n","protected":false},"featured_media":2880,"template":"","class_list":["post-2877","sedes","type-sedes","status-publish","has-post-thumbnail","hentry","page_category-sedes-privadas"],"acf":[],"_links":{"self":[{"href":"https:\/\/www.turismodealmeria.org\/congresos\/wp-json\/wp\/v2\/sedes\/2877","targetHints":{"allow":["GET"]}}],"collection":[{"href":"https:\/\/www.turismodealmeria.org\/congresos\/wp-json\/wp\/v2\/sedes"}],"about":[{"href":"https:\/\/www.turismodealmeria.org\/congresos\/wp-json\/wp\/v2\/types\/sedes"}],"wp:featuredmedia":[{"embeddable":true,"href":"https:\/\/www.turismodealmeria.org\/congresos\/wp-json\/wp\/v2\/media\/2880"}],"wp:attachment":[{"href":"https:\/\/www.turismodealmeria.org\/congresos\/wp-json\/wp\/v2\/media?parent=2877"}],"curies":[{"name":"wp","href":"https:\/\/api.w.org\/{rel}","templated":true}]}}

Plaza de Toros de Almería

<p><strong>La Plaza</strong> emerge como un proyecto con vistas de ser el foco principal para la cultura y el ocio de la capital almeriense, además de, un lugar donde mostrar lo mejor del arte contemporáneo; conciertos, espectáculos, artes escénicas, exposiciones, talleres, gastronomía.</p>
<p>La Plaza de Toros fue inaugurada un 26 de agosto de 1888 y se convirtió en una pieza fundamental de la ciudad de Almería, siendo catalogada como Monumento de Interés Cultural. Un edificio de estilo clasicista con numerosos detalles neomudéjares.</p>
<p>Con 8 gradas y tendidos, 60 palcos (50 con sombra) y un ruedo de 48 metros de diámetro, el aforo puede variar en función del evento desde 6.500 a 9.800 personas.</p>
<p>Más información en <a href="https://sientelaplaza.com/" target="_blank" rel="noopener">sientelaplaza.com</a></p>
