{"id":2953,"date":"2025-10-28T13:08:44","date_gmt":"2025-10-28T12:08:44","guid":{"rendered":"https:\/\/www.turismodealmeria.org\/congresos\/?post_type=sedes&#038;p=2953"},"modified":"2025-10-28T15:37:37","modified_gmt":"2025-10-28T14:37:37","slug":"hotel-vertice-indalo-almeria","status":"publish","type":"sedes","link":"https:\/\/www.turismodealmeria.org\/congresos\/sedes\/hotel-vertice-indalo-almeria\/","title":{"rendered":"Hotel V\u00e9rtice Indalo Almer\u00eda"},"content":{"rendered":"<p>Hotel V\u00e9rtice Indalo Almer\u00eda te da la bienvenida en la Avenida del Mediterr\u00e1neo 310, 04009 Almer\u00eda, en una ubicaci\u00f3n estrat\u00e9gica a solo unos minutos del centro comercial, la playa y con f\u00e1cil acceso al aeropuerto.<br \/>\nEste hotel de 4 estrellas combina alojamiento moderno con facilidades para eventos: dispone de habitaciones bien equipadas (aire acondicionado, wifi gratuita, minibar, suelos de madera) y de una zona de reuniones con m\u00e1s de 1.300 m\u00b2 de salas para conferencias, banquetes o reuniones de empresa.<br \/>\nEntre sus servicios destacan:<br \/>\n&#8211; Piscina exterior de temporada con sol\u00e1rium.<br \/>\n&#8211; Restaurante buffet y a la carta, bar-lobby.<br \/>\n&#8211; Aparcamiento privado, gimnasio y conexi\u00f3n wifi de alta velocidad.<br \/>\nUn entorno ideal tanto para turismo urbano como para encuentros profesionales en Almer\u00eda.<\/p>\n","protected":false},"featured_media":2954,"template":"","class_list":["post-2953","sedes","type-sedes","status-publish","has-post-thumbnail","hentry","page_category-sedes-privadas"],"acf":[],"_links":{"self":[{"href":"https:\/\/www.turismodealmeria.org\/congresos\/wp-json\/wp\/v2\/sedes\/2953","targetHints":{"allow":["GET"]}}],"collection":[{"href":"https:\/\/www.turismodealmeria.org\/congresos\/wp-json\/wp\/v2\/sedes"}],"about":[{"href":"https:\/\/www.turismodealmeria.org\/congresos\/wp-json\/wp\/v2\/types\/sedes"}],"wp:featuredmedia":[{"embeddable":true,"href":"https:\/\/www.turismodealmeria.org\/congresos\/wp-json\/wp\/v2\/media\/2954"}],"wp:attachment":[{"href":"https:\/\/www.turismodealmeria.org\/congresos\/wp-json\/wp\/v2\/media?parent=2953"}],"curies":[{"name":"wp","href":"https:\/\/api.w.org\/{rel}","templated":true}]}}

Hotel Vértice Indalo Almería

<p>Hotel Vértice Indalo Almería te da la bienvenida en la Avenida del Mediterráneo 310, 04009 Almería, en una ubicación estratégica a solo unos minutos del centro comercial, la playa y con fácil acceso al aeropuerto.<br />
Este hotel de 4 estrellas combina alojamiento moderno con facilidades para eventos: dispone de habitaciones bien equipadas (aire acondicionado, wifi gratuita, minibar, suelos de madera) y de una zona de reuniones con más de 1.300 m² de salas para conferencias, banquetes o reuniones de empresa.<br />
Entre sus servicios destacan:<br />
&#8211; Piscina exterior de temporada con solárium.<br />
&#8211; Restaurante buffet y a la carta, bar-lobby.<br />
&#8211; Aparcamiento privado, gimnasio y conexión wifi de alta velocidad.<br />
Un entorno ideal tanto para turismo urbano como para encuentros profesionales en Almería.</p>
