{"id":3039,"date":"2026-04-29T10:20:32","date_gmt":"2026-04-29T08:20:32","guid":{"rendered":"https:\/\/www.turismodealmeria.org\/congresos\/?post_type=sedes&#038;p=3039"},"modified":"2026-04-29T10:24:45","modified_gmt":"2026-04-29T08:24:45","slug":"casa-de-los-puche-hermandad","status":"publish","type":"sedes","link":"https:\/\/www.turismodealmeria.org\/congresos\/sedes\/casa-de-los-puche-hermandad\/","title":{"rendered":"Casa de los Puche &#8211; Hermandad del Prendimiento"},"content":{"rendered":"<p>La casa de los Puche, actual sede de la Cofrad\u00eda del Prendimiento, situada en la plaza Bendicho, es una casa se\u00f1orial de dos plantas y cubierta plana, organizada en torno a un patio central porticado con columnas, que viene a constituir un excelente ejemplo de la arquitectura dom\u00e9stica de Almer\u00eda de los siglos XVI al XVIII, se considera construida a finales del siglo XVII o muy a principios del XVIII, en torno a 1700.<\/p>\n<p>Limita al norte con una edificaci\u00f3n que depende de la Excma. Diputaci\u00f3n de Almer\u00eda, al oeste se adosa a la Catedral, al sur tiene la plaza Jes\u00fas Cautivo de Medinaceli donde abre su fachada lateral y al este presenta su frente principal presidiendo la mencionada plaza Bendicho.<\/p>\n<p>El patio\u00a0est\u00e1 en la planta baja rodeado de p\u00f3rticos que descansan en arcos rebajados de ladrillo cer\u00e1mico macizo, apoyados en los muros o en columnas aisladas de piedra.<\/p>\n<p><strong>Cerrado 1 de Mayo de 2026<\/strong>.<br \/>\nHorario de L-V: 17:30h-21:00h.<\/p>\n","protected":false},"featured_media":3041,"template":"","class_list":["post-3039","sedes","type-sedes","status-publish","has-post-thumbnail","hentry","page_category-sedes-privadas"],"acf":[],"_links":{"self":[{"href":"https:\/\/www.turismodealmeria.org\/congresos\/wp-json\/wp\/v2\/sedes\/3039","targetHints":{"allow":["GET"]}}],"collection":[{"href":"https:\/\/www.turismodealmeria.org\/congresos\/wp-json\/wp\/v2\/sedes"}],"about":[{"href":"https:\/\/www.turismodealmeria.org\/congresos\/wp-json\/wp\/v2\/types\/sedes"}],"wp:featuredmedia":[{"embeddable":true,"href":"https:\/\/www.turismodealmeria.org\/congresos\/wp-json\/wp\/v2\/media\/3041"}],"wp:attachment":[{"href":"https:\/\/www.turismodealmeria.org\/congresos\/wp-json\/wp\/v2\/media?parent=3039"}],"curies":[{"name":"wp","href":"https:\/\/api.w.org\/{rel}","templated":true}]}}

<p>La casa de los Puche, actual sede de la Cofradía del Prendimiento, situada en la plaza Bendicho, es una casa señorial de dos plantas y cubierta plana, organizada en torno a un patio central porticado con columnas, que viene a constituir un excelente ejemplo de la arquitectura doméstica de Almería de los siglos XVI al XVIII, se considera construida a finales del siglo XVII o muy a principios del XVIII, en torno a 1700.</p>
<p>Limita al norte con una edificación que depende de la Excma. Diputación de Almería, al oeste se adosa a la Catedral, al sur tiene la plaza Jesús Cautivo de Medinaceli donde abre su fachada lateral y al este presenta su frente principal presidiendo la mencionada plaza Bendicho.</p>
<p>El patio está en la planta baja rodeado de pórticos que descansan en arcos rebajados de ladrillo cerámico macizo, apoyados en los muros o en columnas aisladas de piedra.</p>
<p><strong>Cerrado 1 de Mayo de 2026</strong>.<br />
Horario de L-V: 17:30h-21:00h.</p>
