{"id":48495,"date":"2014-01-01T00:01:10","date_gmt":"2014-01-01T00:01:10","guid":{"rendered":"https:\/\/www.turismodealmeria.org\/lugar\/calle-de-las-tiendas\/"},"modified":"2022-05-23T11:18:35","modified_gmt":"2022-05-23T09:18:35","slug":"die-strasse-der-geschaefte","status":"publish","type":"lugar","link":"https:\/\/www.turismodealmeria.org\/de\/lugar\/die-strasse-der-geschaefte\/","title":{"rendered":"Die Stra\u00dfe der Gesch\u00e4fte"},"content":{"rendered":"<p>Die Stra\u00dfe, arabischer Herkunft, hat ihren Ursprung in einem\u00a0<strong>zweiten Judenviertel,<\/strong>\u00a0das um das 11. Jahrhundert herum au\u00dferhalb der Stadt der muslimischen Medina entstand. Die \u201cCalle de las tiendas\u201d, die Stra\u00dfe der Gesch\u00e4fte verbindet die\u00a0<strong><a href=\"https:\/\/www.turismodealmeria.org\/motivo-tematico\/puerta-de-purchena\/\">Puerta Purchena<\/a><\/strong>\u00a0mit dem\u00a0<strong><a href=\"https:\/\/www.turismodealmeria.org\/motivo-tematico\/iglesia-convento-de-las-claras\/\">Kloster der Klarissen<\/a><\/strong>\u00a0und dem\u00a0<strong><a href=\"https:\/\/www.turismodealmeria.org\/motivo-tematico\/plaza-de-la-constitucion-plaza-vieja\/\">Plaza de la Constituci\u00f3n<\/a>.\u00a0<\/strong>(Platz der Verfassung). Sie ist eng und eine Fu\u00dfg\u00e4ngerzone und erhielt ihren Namen wegen der Anzahl an Gesch\u00e4ften, die sie beherbergt.<\/p>\n<p>&nbsp;<\/p>\n","protected":false},"excerpt":{"rendered":"<p>Die Stra\u00dfe, arabischer Herkunft, hat ihren Ursprung in einem\u00a0zweiten Judenviertel,\u00a0das um das 11. Jahrhundert herum au\u00dferhalb der Stadt der muslimischen [&hellip;]<\/p>\n","protected":false},"featured_media":25619,"template":"","format":"standard","meta":{"_acf_changed":false,"footnotes":""},"class_list":["post-48495","lugar","type-lugar","status-publish","format-standard","has-post-thumbnail","hentry","tlugar-lugares-emblematicos-de"],"acf":[],"ACF":{"ubicacion_mapa":{"address":"Calle de las Tiendas","lat":36.8409536,"lng":-2.4656508,"zoom":14,"place_id":"ChIJU6ogNAd2cA0RxCUaGfOnZmA","street_name":"Calle de las Tiendas","street_name_short":"C. de las Tiendas","city":"Almer\u00eda","state":"Andaluc\u00eda","state_short":"AN","post_code":"04003","country":"Espa\u00f1a","country_short":"ES"},"telefono":"","destacado_home":"","horario":"","gallery":false,"tipo":[],"tipo_de_motivo":false,"consejos_de_seguridad":""},"_links":{"self":[{"href":"https:\/\/www.turismodealmeria.org\/de\/wp-json\/wp\/v2\/lugar\/48495","targetHints":{"allow":["GET"]}}],"collection":[{"href":"https:\/\/www.turismodealmeria.org\/de\/wp-json\/wp\/v2\/lugar"}],"about":[{"href":"https:\/\/www.turismodealmeria.org\/de\/wp-json\/wp\/v2\/types\/lugar"}],"version-history":[{"count":0,"href":"https:\/\/www.turismodealmeria.org\/de\/wp-json\/wp\/v2\/lugar\/48495\/revisions"}],"wp:featuredmedia":[{"embeddable":true,"href":"https:\/\/www.turismodealmeria.org\/de\/wp-json\/wp\/v2\/media\/25619"}],"wp:attachment":[{"href":"https:\/\/www.turismodealmeria.org\/de\/wp-json\/wp\/v2\/media?parent=48495"}],"curies":[{"name":"wp","href":"https:\/\/api.w.org\/{rel}","templated":true}]}}

Die Straße der Geschäfte

<p>Die Straße, arabischer Herkunft, hat ihren Ursprung in einem <strong>zweiten Judenviertel,</strong> das um das 11. Jahrhundert herum außerhalb der Stadt der muslimischen Medina entstand. Die “Calle de las tiendas”, die Straße der Geschäfte verbindet die <strong><a href="https://www.turismodealmeria.org/motivo-tematico/puerta-de-purchena/">Puerta Purchena</a></strong> mit dem <strong><a href="https://www.turismodealmeria.org/motivo-tematico/iglesia-convento-de-las-claras/">Kloster der Klarissen</a></strong> und dem <strong><a href="https://www.turismodealmeria.org/motivo-tematico/plaza-de-la-constitucion-plaza-vieja/">Plaza de la Constitución</a>. </strong>(Platz der Verfassung). Sie ist eng und eine Fußgängerzone und erhielt ihren Namen wegen der Anzahl an Geschäften, die sie beherbergt.</p>
<p>&nbsp;</p>

<p>Die Straße, arabischer Herkunft, hat ihren Ursprung in einem zweiten Judenviertel, das um das 11. Jahrhundert herum außerhalb der Stadt der muslimischen [&hellip;]</p>

Almería

Andalucía

España
