{"id":49846,"date":"2015-12-09T00:09:46","date_gmt":"2015-12-09T00:09:46","guid":{"rendered":"https:\/\/www.turismodealmeria.org\/lugar\/estatua-de-alfredo-kraus\/"},"modified":"2022-05-23T09:25:05","modified_gmt":"2022-05-23T07:25:05","slug":"estatua-de-alfredo-kraus","status":"publish","type":"lugar","link":"https:\/\/www.turismodealmeria.org\/de\/lugar\/estatua-de-alfredo-kraus\/","title":{"rendered":"Alfred Kraus Statue"},"content":{"rendered":"<div class=\"entry\">\n<p>In der Stadt Almer\u00eda steht die Statue \u201cAlfred Kraus bei der Schaffung seines erhabenen Werther\u201d zu Ehren des Meisters del reinen Belkanto. \u201cIn Ehre und Anerkennung seiner universellen Kunst. Almeria, im April 2007\u201d lautet der Text auf der Basis der Skulptur des kanarischen Tenors.<\/p>\n<p>Die Statue steht auf dem Platz der Stadt, die seinen Namen tr\u00e4gt, vor dem st\u00e4dtischen Auditorium Maestro Padilla.<\/p>\n<p>Es war die erste Statue auf dem Festland, die in Angedenken an Alfredo Kraus augestellt wurde, wenngleich es in anderen St\u00e4dten B\u00fcsten in Stein gemei\u00dfelt wurden.<\/p>\n<\/div>\n","protected":false},"excerpt":{"rendered":"<p>In der Stadt Almer\u00eda steht die Statue \u201cAlfred Kraus bei der Schaffung seines erhabenen Werther\u201d zu Ehren des Meisters del [&hellip;]<\/p>\n","protected":false},"featured_media":56336,"template":"","format":"standard","meta":{"_acf_changed":false,"footnotes":""},"class_list":["post-49846","lugar","type-lugar","status-publish","format-standard","has-post-thumbnail","hentry","tlugar-estatuas-y-esculturas-de"],"acf":[],"ACF":{"ubicacion_mapa":{"address":"Auditorio Municipal Maestro Padilla","lat":36.8236625,"lng":-2.4440067,"zoom":14,"place_id":"ChIJs01EcUOdeg0RTlxBP6wyEaE","street_name":"Plaza Alfredo Kraus","street_name_short":"Pl. Alfredo Kraus","city":"Almer\u00eda","state":"Andaluc\u00eda","state_short":"AN","post_code":"04007","country":"Espa\u00f1a","country_short":"ES"},"telefono":"","consejos_de_seguridad":"","destacado_home":"","horario":"","gallery":["https:\/\/www.turismodealmeria.org\/wp-content\/uploads\/2015\/12\/turismo-almeria-ciudad-estatua-alfredo-kraus-01.jpg","https:\/\/www.turismodealmeria.org\/wp-content\/uploads\/2015\/12\/turismo-almeria-ciudad-estatua-alfredo-kraus-02.jpg"],"tipo":[],"tipo_de_motivo":false},"_links":{"self":[{"href":"https:\/\/www.turismodealmeria.org\/de\/wp-json\/wp\/v2\/lugar\/49846","targetHints":{"allow":["GET"]}}],"collection":[{"href":"https:\/\/www.turismodealmeria.org\/de\/wp-json\/wp\/v2\/lugar"}],"about":[{"href":"https:\/\/www.turismodealmeria.org\/de\/wp-json\/wp\/v2\/types\/lugar"}],"version-history":[{"count":0,"href":"https:\/\/www.turismodealmeria.org\/de\/wp-json\/wp\/v2\/lugar\/49846\/revisions"}],"wp:featuredmedia":[{"embeddable":true,"href":"https:\/\/www.turismodealmeria.org\/de\/wp-json\/wp\/v2\/media\/56336"}],"wp:attachment":[{"href":"https:\/\/www.turismodealmeria.org\/de\/wp-json\/wp\/v2\/media?parent=49846"}],"curies":[{"name":"wp","href":"https:\/\/api.w.org\/{rel}","templated":true}]}}

<div class="entry">
<p>In der Stadt Almería steht die Statue “Alfred Kraus bei der Schaffung seines erhabenen Werther” zu Ehren des Meisters del reinen Belkanto. “In Ehre und Anerkennung seiner universellen Kunst. Almeria, im April 2007” lautet der Text auf der Basis der Skulptur des kanarischen Tenors.</p>
<p>Die Statue steht auf dem Platz der Stadt, die seinen Namen trägt, vor dem städtischen Auditorium Maestro Padilla.</p>
<p>Es war die erste Statue auf dem Festland, die in Angedenken an Alfredo Kraus augestellt wurde, wenngleich es in anderen Städten Büsten in Stein gemeißelt wurden.</p>
</div>

<p>In der Stadt Almería steht die Statue “Alfred Kraus bei der Schaffung seines erhabenen Werther” zu Ehren des Meisters del [&hellip;]</p>

Almería

Andalucía

España
