{"id":49889,"date":"2015-12-04T00:04:07","date_gmt":"2015-12-04T00:04:07","guid":{"rendered":"https:\/\/www.turismodealmeria.org\/lugar\/busto-federico-garcia-lorca\/"},"modified":"2022-05-23T09:36:54","modified_gmt":"2022-05-23T07:36:54","slug":"busto-federico-garcia-lorca","status":"publish","type":"lugar","link":"https:\/\/www.turismodealmeria.org\/de\/lugar\/busto-federico-garcia-lorca\/","title":{"rendered":"Die B\u00fcste des Federico Garcia Lorca"},"content":{"rendered":"<div class=\"entry\">\n<p>Federico Garcia Lorca hatte mehr als eine lockere Beziehung zu Almeria. Au\u00dfer dass es der Ort war, der ihn zum Schreiben des ber\u00fchmten Buches \u201cBluthochzeit\u201d inspirierte, so war es auch hier, wo er in seiner Kindheit drei Jahre lang gewohnt hatte.<\/p>\n<p>Die Stadt Almeria bringt ihm mit der \u201cAvenida Federico Garc\u00eda Lorca\u201c, besser bekannt als \u201cLa Rambla\u201d und mit der B\u00fcste eine Huldigung dar. Die B\u00fcste befindet sich auf dem Plaza Maestro Rodriguez Espinosa, der der Lehrer von Lorca w\u00e4hrend seines Aufenthalts in Almeria von 1906 bis 1909 gewesen war. Auf dem gleichen Platz, der fr\u00fcher Balmez genannt wurde, steht auch das Haus, in dem Lorca w\u00e4hend dieser drei Jahre gewohnt hatte.<\/p>\n<\/div>\n","protected":false},"excerpt":{"rendered":"<p>Federico Garcia Lorca hatte mehr als eine lockere Beziehung zu Almeria. Au\u00dfer dass es der Ort war, der ihn zum [&hellip;]<\/p>\n","protected":false},"featured_media":57171,"template":"","format":"standard","meta":{"_acf_changed":false,"footnotes":""},"class_list":["post-49889","lugar","type-lugar","status-publish","format-standard","has-post-thumbnail","hentry","tlugar-estatuas-y-esculturas-de"],"acf":[],"ACF":{"telefono":"","consejos_de_seguridad":"","ubicacion_mapa":{"address":"Calle Balmes, 3, 1, 04002 Almer\u00eda","lat":36.8373073,"lng":-2.4676938,"zoom":18,"place_id":"ChIJd8ZNgAZ2cA0Rs5ntrsP5JpE","street_number":"3-1","street_name":"Calle Balmes","city":"Almer\u00eda","state":"Andaluc\u00eda","state_short":"AN","post_code":"04002","country":"Espa\u00f1a","country_short":"ES"},"destacado_home":"","horario":"","gallery":["https:\/\/www.turismodealmeria.org\/wp-content\/uploads\/2015\/12\/turismo-almeria-ciudad-escultura-federico-garcia-lorca-01.jpg","https:\/\/www.turismodealmeria.org\/wp-content\/uploads\/2015\/12\/turismo-almeria-ciudad-escultura-federico-garcia-lorca-02.jpg"],"tipo":[],"tipo_de_motivo":false},"_links":{"self":[{"href":"https:\/\/www.turismodealmeria.org\/de\/wp-json\/wp\/v2\/lugar\/49889","targetHints":{"allow":["GET"]}}],"collection":[{"href":"https:\/\/www.turismodealmeria.org\/de\/wp-json\/wp\/v2\/lugar"}],"about":[{"href":"https:\/\/www.turismodealmeria.org\/de\/wp-json\/wp\/v2\/types\/lugar"}],"version-history":[{"count":0,"href":"https:\/\/www.turismodealmeria.org\/de\/wp-json\/wp\/v2\/lugar\/49889\/revisions"}],"wp:featuredmedia":[{"embeddable":true,"href":"https:\/\/www.turismodealmeria.org\/de\/wp-json\/wp\/v2\/media\/57171"}],"wp:attachment":[{"href":"https:\/\/www.turismodealmeria.org\/de\/wp-json\/wp\/v2\/media?parent=49889"}],"curies":[{"name":"wp","href":"https:\/\/api.w.org\/{rel}","templated":true}]}}

Die Büste des Federico Garcia Lorca

<div class="entry">
<p>Federico Garcia Lorca hatte mehr als eine lockere Beziehung zu Almeria. Außer dass es der Ort war, der ihn zum Schreiben des berühmten Buches “Bluthochzeit” inspirierte, so war es auch hier, wo er in seiner Kindheit drei Jahre lang gewohnt hatte.</p>
<p>Die Stadt Almeria bringt ihm mit der “Avenida Federico García Lorca“, besser bekannt als “La Rambla” und mit der Büste eine Huldigung dar. Die Büste befindet sich auf dem Plaza Maestro Rodriguez Espinosa, der der Lehrer von Lorca während seines Aufenthalts in Almeria von 1906 bis 1909 gewesen war. Auf dem gleichen Platz, der früher Balmez genannt wurde, steht auch das Haus, in dem Lorca wähend dieser drei Jahre gewohnt hatte.</p>
</div>

<p>Federico Garcia Lorca hatte mehr als eine lockere Beziehung zu Almeria. Außer dass es der Ort war, der ihn zum [&hellip;]</p>

Calle Balmes, 3, 1, 04002 Almería

Almería

Andalucía

España
