{"id":49895,"date":"2015-12-03T00:03:32","date_gmt":"2015-12-03T00:03:32","guid":{"rendered":"https:\/\/www.turismodealmeria.org\/lugar\/busto-a-celia-vinas\/"},"modified":"2022-05-23T09:38:50","modified_gmt":"2022-05-23T07:38:50","slug":"busto-a-celia-vinas","status":"publish","type":"lugar","link":"https:\/\/www.turismodealmeria.org\/de\/lugar\/busto-a-celia-vinas\/","title":{"rendered":"Die B\u00fcste der Celia Vi\u00f1as"},"content":{"rendered":"<p>Seit 1984 schm\u00fcckt diese Skulptur den Bendicho Platz als Hommage an die Schriftstellerin Celia Vi\u00f1as Olivella (Lerida, 16. Juni 1915 \u2013 Almeria, 21. Juni 1954), die Poesie f\u00fcr Kinder auf kastilisch und katalanisch schrieb. Kurze Werke, die aber im Panorama der Nachkriegszeit als innovativ und bahnbrechend galten. Vi\u00f1as studierte Philologie an der Universit\u00e4t von Barcelona und arbeitete mehrere Jahre als Lehrerin in Almeria, wohin sie 1943 kam. Hier heiratete sie den Lehrer Arturo Medina aus Almeria und lebte in enger Verbundenheit mit den Einheimischen bis zu ihrem Tod im Jahr 1954.<\/p>\n","protected":false},"excerpt":{"rendered":"<p>Seit 1984 schm\u00fcckt diese Skulptur den Bendicho Platz als Hommage an die Schriftstellerin Celia Vi\u00f1as Olivella (Lerida, 16. Juni 1915 [&hellip;]<\/p>\n","protected":false},"featured_media":25502,"template":"","format":"standard","meta":{"_acf_changed":false,"footnotes":""},"class_list":["post-49895","lugar","type-lugar","status-publish","format-standard","has-post-thumbnail","hentry","tlugar-estatuas-y-esculturas-de"],"acf":[],"ACF":{"ubicacion_mapa":{"address":"Plaza Bendicho","lat":36.8377158,"lng":-2.4665931,"zoom":18,"place_id":"ChIJoxRTmAZ2cA0Rk4uxe0tvwz0","street_name":"Plaza Bendicho","street_name_short":"Pl. Bendicho","city":"Almer\u00eda","state":"Andaluc\u00eda","state_short":"AN","post_code":"04001","country":"Espa\u00f1a","country_short":"ES"},"telefono":"","consejos_de_seguridad":"","destacado_home":"","horario":"","gallery":["https:\/\/www.turismodealmeria.org\/wp-content\/uploads\/2015\/12\/turismo-almeria-busto-celia-vinas-bendicho-cultura-01.jpg","https:\/\/www.turismodealmeria.org\/wp-content\/uploads\/2015\/12\/turismo-almeria-busto-celia-vinas-bendicho-cultura-02.jpg"],"tipo":[],"tipo_de_motivo":false},"_links":{"self":[{"href":"https:\/\/www.turismodealmeria.org\/de\/wp-json\/wp\/v2\/lugar\/49895","targetHints":{"allow":["GET"]}}],"collection":[{"href":"https:\/\/www.turismodealmeria.org\/de\/wp-json\/wp\/v2\/lugar"}],"about":[{"href":"https:\/\/www.turismodealmeria.org\/de\/wp-json\/wp\/v2\/types\/lugar"}],"version-history":[{"count":0,"href":"https:\/\/www.turismodealmeria.org\/de\/wp-json\/wp\/v2\/lugar\/49895\/revisions"}],"wp:featuredmedia":[{"embeddable":true,"href":"https:\/\/www.turismodealmeria.org\/de\/wp-json\/wp\/v2\/media\/25502"}],"wp:attachment":[{"href":"https:\/\/www.turismodealmeria.org\/de\/wp-json\/wp\/v2\/media?parent=49895"}],"curies":[{"name":"wp","href":"https:\/\/api.w.org\/{rel}","templated":true}]}}

Die Büste der Celia Viñas

<p>Seit 1984 schmückt diese Skulptur den Bendicho Platz als Hommage an die Schriftstellerin Celia Viñas Olivella (Lerida, 16. Juni 1915 – Almeria, 21. Juni 1954), die Poesie für Kinder auf kastilisch und katalanisch schrieb. Kurze Werke, die aber im Panorama der Nachkriegszeit als innovativ und bahnbrechend galten. Viñas studierte Philologie an der Universität von Barcelona und arbeitete mehrere Jahre als Lehrerin in Almeria, wohin sie 1943 kam. Hier heiratete sie den Lehrer Arturo Medina aus Almeria und lebte in enger Verbundenheit mit den Einheimischen bis zu ihrem Tod im Jahr 1954.</p>

<p>Seit 1984 schmückt diese Skulptur den Bendicho Platz als Hommage an die Schriftstellerin Celia Viñas Olivella (Lerida, 16. Juni 1915 [&hellip;]</p>

Almería

Andalucía

España
