{"id":49902,"date":"2015-12-02T00:02:45","date_gmt":"2015-12-02T00:02:45","guid":{"rendered":"https:\/\/www.turismodealmeria.org\/lugar\/bajorrelieve-de-san-valentin\/"},"modified":"2022-05-23T09:40:14","modified_gmt":"2022-05-23T07:40:14","slug":"bajorrelieve-de-san-valentin","status":"publish","type":"lugar","link":"https:\/\/www.turismodealmeria.org\/de\/lugar\/bajorrelieve-de-san-valentin\/","title":{"rendered":"Das Flachrelief des Heiligen Valentin"},"content":{"rendered":"<p>Ein Werk von Jesus de Perceval, das sich auf dem Plaza Campoamor, gegen\u00fcber dem Palacio de los Marqueses de Cabra \u2013 Palast der Marquis de Cabra befindet. Es pr\u00e4sentiert sich in Form eines Monolithen aus Plexiglas und Aluminium, der sich von den polychromen Steinen abhebt. Am unteren Teil des Werks steht ein Vers von Ramon de Campoamor, dem Schriftsteller, nach dem der Platz benannt ist: \u201cEs ist der Liebe Merkmal, wenn sie eine wahre Liebe ist, die ganze Welt in einem einzigen Wesen zusammenzufassen\u201d. Eine der Besonderheiten des Werkes ist, dass es von einem niedrigen Gitter umgeben ist, an dem verliebte Paare ein Vorh\u00e4ngeschloss anbringen k\u00f6nnen, als Symbol ihrer Beziehung.<\/p>\n<p>&nbsp;<\/p>\n<p>&nbsp;<\/p>\n","protected":false},"excerpt":{"rendered":"<p>Ein Werk von Jesus de Perceval, das sich auf dem Plaza Campoamor, gegen\u00fcber dem Palacio de los Marqueses de Cabra [&hellip;]<\/p>\n","protected":false},"featured_media":25457,"template":"","format":"standard","meta":{"_acf_changed":false,"footnotes":""},"class_list":["post-49902","lugar","type-lugar","status-publish","format-standard","has-post-thumbnail","hentry","tlugar-estatuas-y-esculturas-de"],"acf":[],"ACF":{"ubicacion_mapa":{"address":"Plaza Campoamor","lat":36.8393461,"lng":-2.4684137,"zoom":14,"place_id":"ChIJw4UtUAZ2cA0RGk2zWwwTTaU","street_number":"3","street_name":"Calle Campoamor","city":"Almer\u00eda","state":"Andaluc\u00eda","state_short":"AN","post_code":"04002","country":"Espa\u00f1a","country_short":"ES"},"telefono":"","consejos_de_seguridad":"","destacado_home":"","horario":"","gallery":["https:\/\/www.turismodealmeria.org\/wp-content\/uploads\/2015\/12\/turismo-almeria-ciudad-bajo-relieve-san-valentin.jpg","https:\/\/www.turismodealmeria.org\/wp-content\/uploads\/2015\/12\/turismo-almeria-ciudad-bajo-relieve-san-valentin-02.jpg"],"tipo":[],"tipo_de_motivo":false},"_links":{"self":[{"href":"https:\/\/www.turismodealmeria.org\/de\/wp-json\/wp\/v2\/lugar\/49902","targetHints":{"allow":["GET"]}}],"collection":[{"href":"https:\/\/www.turismodealmeria.org\/de\/wp-json\/wp\/v2\/lugar"}],"about":[{"href":"https:\/\/www.turismodealmeria.org\/de\/wp-json\/wp\/v2\/types\/lugar"}],"version-history":[{"count":0,"href":"https:\/\/www.turismodealmeria.org\/de\/wp-json\/wp\/v2\/lugar\/49902\/revisions"}],"wp:featuredmedia":[{"embeddable":true,"href":"https:\/\/www.turismodealmeria.org\/de\/wp-json\/wp\/v2\/media\/25457"}],"wp:attachment":[{"href":"https:\/\/www.turismodealmeria.org\/de\/wp-json\/wp\/v2\/media?parent=49902"}],"curies":[{"name":"wp","href":"https:\/\/api.w.org\/{rel}","templated":true}]}}

<p>Ein Werk von Jesus de Perceval, das sich auf dem Plaza Campoamor, gegenüber dem Palacio de los Marqueses de Cabra – Palast der Marquis de Cabra befindet. Es präsentiert sich in Form eines Monolithen aus Plexiglas und Aluminium, der sich von den polychromen Steinen abhebt. Am unteren Teil des Werks steht ein Vers von Ramon de Campoamor, dem Schriftsteller, nach dem der Platz benannt ist: “Es ist der Liebe Merkmal, wenn sie eine wahre Liebe ist, die ganze Welt in einem einzigen Wesen zusammenzufassen”. Eine der Besonderheiten des Werkes ist, dass es von einem niedrigen Gitter umgeben ist, an dem verliebte Paare ein Vorhängeschloss anbringen können, als Symbol ihrer Beziehung.</p>
<p>&nbsp;</p>
<p>&nbsp;</p>

<p>Ein Werk von Jesus de Perceval, das sich auf dem Plaza Campoamor, gegenüber dem Palacio de los Marqueses de Cabra [&hellip;]</p>

Almería

Andalucía

España
