{"id":49996,"date":"2014-12-11T00:11:30","date_gmt":"2014-12-11T00:11:30","guid":{"rendered":"https:\/\/www.turismodealmeria.org\/lugar\/plaza-de-la-constitucion-plaza-vieja\/"},"modified":"2026-01-26T15:17:29","modified_gmt":"2026-01-26T13:17:29","slug":"plaza-de-la-constitucion-plaza-vieja","status":"publish","type":"lugar","link":"https:\/\/www.turismodealmeria.org\/de\/lugar\/plaza-de-la-constitucion-plaza-vieja\/","title":{"rendered":"Platz der Verfassung"},"content":{"rendered":"<div class=\"entry\">\n<p>Oder auch Plaza Vieja (der alte Platz) genannt, ist der \u00e4lteste Platz der Stadt und befindet sich in einer intimen und abgelegenen Ecke. Er war Austragungsort f\u00fcr Spiele, Feste und Stierk\u00e4mpfe, Prozessionen und b\u00fcrgerliche Paraden.<\/p>\n<p>In der muslimischen Epoche war es ein ungleichm\u00e4\u00dfiger Platz und stellte das Haupthandelsviertel dar. Mit Unter den Christen war der Platz als Platz der \u201cJuego de las Ca\u00f1as\u201d (Turnier) bekannt. Er erhielt sein endg\u00fcltiges Aussehen Mitte des 19. Jahrhunderts, mit Arkaden im Erdgeschoss und zweigesch\u00f6ssigen Wohnungen. Es handelt sich um einen Platz mit einem leicht trapezf\u00f6rmigen Grundriss, und den Merkmalen der geschlossenen Pl\u00e4tze mit Zugangstoren des 19. Jahrhunderts.<\/p>\n<p>Der Platz wird vom Rathaus im eklektischen Stil beherrscht, das zwischen Ende des 19. und Anfang des 20. Jahrhunderts erbaut wurde. Die Fassade ist in drei Abschnitte unterteilt.<br \/>\nDer erste beherbergt die Arkaden mit Rundb\u00f6gen und gefolgt von dem zweiten, weiter entwickelten, wo sich die Balkone befinden, und der dritte befindet sich im Dachgeschoss. In der Mitte der Fassade, am oberen Teil befindet sich ein Turm, der von einer halbkugelf\u00f6rmigen Kuppel gekr\u00f6nt ist, an der sich die Uhr und das Wappen Almerias befinden.<br \/>\nIn der Mitte des Platzes befindet sich das \u201cDenkmal f\u00fcr die M\u00e4rtyrer der Freiheit\u201d, ein emblematischer Obelisk, der 24 Freiheitsk\u00e4mpfern gewidmet ist, die rote Jacken trugen, als sie am Strand von Almeria ankamen (daher stammt auch der Name), die die Freiheit verk\u00fcndeten und den Aufstand gegen die Gewaltherrschafft von Ferdinand VII forderten. Sie wurden am 24. August 1824 erschossen.<\/p>\n<p>Dieses Denkmal ist nicht das urspr\u00fcngliche, das vorherige ist datiert auf 1868-1870 und befand sich am Plaza de Cadiz (heute Puerta de Purchena) und wurde 1900 auf den Plaza Vieja versetzt. Dort blieb es bis zu seinem Abriss im Jahr 1943. Das erste war aus Stein, und dieses hier, das 1988 rekonstruiert wurde ist aus Marmor. Es besteht aus einem gro\u00dfen Sockel, aus dem eine S\u00e4ule herausragt, an dem das pr\u00e4chtige korinthische Kapitell herausragt, gekr\u00f6nt von einer Kugel aus Bronze, umgeben von Sonnenstrahlen. Dieses charakteristische Denkmal ist auch bekannt als \u201cMonumento o Pingurucho a los Coloraos\u201d.<\/p>\n<p>Die Nordseite der Fassade geh\u00f6rt zum Convento de las Claras (Klarissenkloster), das nachdem es im Spanischen B\u00fcrgerkrieg abgebrannt war, rekonstruiert wurde.<\/p>\n<p>Die Rathausuhr:<br \/>\nDie Uhr an der Hauptfassade des Rathauses spielt die popul\u00e4re Melodie des Fandanguillos von Almer\u00eda jede Viertelstunde, und zu jeder vollen Stunde ert\u00f6nen die kompletten Akkorde.<\/p>\n<\/div>\n","protected":false},"excerpt":{"rendered":"<p>Oder auch Plaza Vieja (der alte Platz) genannt, ist der \u00e4lteste Platz der Stadt und befindet sich in einer intimen [&hellip;]<\/p>\n","protected":false},"featured_media":91527,"template":"","format":"gallery","meta":{"_acf_changed":false,"footnotes":""},"class_list":["post-49996","lugar","type-lugar","status-publish","format-gallery","has-post-thumbnail","hentry","post_format-post-format-gallery","tlugar-plazas-y-parques-de"],"acf":[],"ACF":{"ubicacion_mapa":{"address":"Plaza de la Constituci\u00f3n almeria","lat":36.8402905,"lng":-2.4672904,"zoom":14,"place_id":"ChIJSRP8_AZ2cA0RwhVrHB2A0Jk","city":"Almer\u00eda","state":"Andaluc\u00eda","state_short":"AN","post_code":"04003","country":"Espa\u00f1a","country_short":"ES"},"telefono":"","consejos_de_seguridad":"","destacado_home":"","horario":"","gallery":false,"tipo":[],"tipo_de_motivo":false},"_links":{"self":[{"href":"https:\/\/www.turismodealmeria.org\/de\/wp-json\/wp\/v2\/lugar\/49996","targetHints":{"allow":["GET"]}}],"collection":[{"href":"https:\/\/www.turismodealmeria.org\/de\/wp-json\/wp\/v2\/lugar"}],"about":[{"href":"https:\/\/www.turismodealmeria.org\/de\/wp-json\/wp\/v2\/types\/lugar"}],"version-history":[{"count":1,"href":"https:\/\/www.turismodealmeria.org\/de\/wp-json\/wp\/v2\/lugar\/49996\/revisions"}],"predecessor-version":[{"id":91534,"href":"https:\/\/www.turismodealmeria.org\/de\/wp-json\/wp\/v2\/lugar\/49996\/revisions\/91534"}],"wp:featuredmedia":[{"embeddable":true,"href":"https:\/\/www.turismodealmeria.org\/de\/wp-json\/wp\/v2\/media\/91527"}],"wp:attachment":[{"href":"https:\/\/www.turismodealmeria.org\/de\/wp-json\/wp\/v2\/media?parent=49996"}],"curies":[{"name":"wp","href":"https:\/\/api.w.org\/{rel}","templated":true}]}}

<div class="entry">
<p>Oder auch Plaza Vieja (der alte Platz) genannt, ist der älteste Platz der Stadt und befindet sich in einer intimen und abgelegenen Ecke. Er war Austragungsort für Spiele, Feste und Stierkämpfe, Prozessionen und bürgerliche Paraden.</p>
<p>In der muslimischen Epoche war es ein ungleichmäßiger Platz und stellte das Haupthandelsviertel dar. Mit Unter den Christen war der Platz als Platz der “Juego de las Cañas” (Turnier) bekannt. Er erhielt sein endgültiges Aussehen Mitte des 19. Jahrhunderts, mit Arkaden im Erdgeschoss und zweigeschössigen Wohnungen. Es handelt sich um einen Platz mit einem leicht trapezförmigen Grundriss, und den Merkmalen der geschlossenen Plätze mit Zugangstoren des 19. Jahrhunderts.</p>
<p>Der Platz wird vom Rathaus im eklektischen Stil beherrscht, das zwischen Ende des 19. und Anfang des 20. Jahrhunderts erbaut wurde. Die Fassade ist in drei Abschnitte unterteilt.<br />
Der erste beherbergt die Arkaden mit Rundbögen und gefolgt von dem zweiten, weiter entwickelten, wo sich die Balkone befinden, und der dritte befindet sich im Dachgeschoss. In der Mitte der Fassade, am oberen Teil befindet sich ein Turm, der von einer halbkugelförmigen Kuppel gekrönt ist, an der sich die Uhr und das Wappen Almerias befinden.<br />
In der Mitte des Platzes befindet sich das “Denkmal für die Märtyrer der Freiheit”, ein emblematischer Obelisk, der 24 Freiheitskämpfern gewidmet ist, die rote Jacken trugen, als sie am Strand von Almeria ankamen (daher stammt auch der Name), die die Freiheit verkündeten und den Aufstand gegen die Gewaltherrschafft von Ferdinand VII forderten. Sie wurden am 24. August 1824 erschossen.</p>
<p>Dieses Denkmal ist nicht das ursprüngliche, das vorherige ist datiert auf 1868-1870 und befand sich am Plaza de Cadiz (heute Puerta de Purchena) und wurde 1900 auf den Plaza Vieja versetzt. Dort blieb es bis zu seinem Abriss im Jahr 1943. Das erste war aus Stein, und dieses hier, das 1988 rekonstruiert wurde ist aus Marmor. Es besteht aus einem großen Sockel, aus dem eine Säule herausragt, an dem das prächtige korinthische Kapitell herausragt, gekrönt von einer Kugel aus Bronze, umgeben von Sonnenstrahlen. Dieses charakteristische Denkmal ist auch bekannt als “Monumento o Pingurucho a los Coloraos”.</p>
<p>Die Nordseite der Fassade gehört zum Convento de las Claras (Klarissenkloster), das nachdem es im Spanischen Bürgerkrieg abgebrannt war, rekonstruiert wurde.</p>
<p>Die Rathausuhr:<br />
Die Uhr an der Hauptfassade des Rathauses spielt die populäre Melodie des Fandanguillos von Almería jede Viertelstunde, und zu jeder vollen Stunde ertönen die kompletten Akkorde.</p>
</div>

<p>Oder auch Plaza Vieja (der alte Platz) genannt, ist der älteste Platz der Stadt und befindet sich in einer intimen [&hellip;]</p>

Plaza de la Constitución almeria

Almería

Andalucía

España
