{"id":50002,"date":"2014-12-10T00:10:54","date_gmt":"2014-12-10T00:10:54","guid":{"rendered":"https:\/\/www.turismodealmeria.org\/lugar\/plaza-careaga\/"},"modified":"2022-05-23T10:47:42","modified_gmt":"2022-05-23T08:47:42","slug":"plaza-careaga","status":"publish","type":"lugar","link":"https:\/\/www.turismodealmeria.org\/de\/lugar\/plaza-careaga\/","title":{"rendered":"Plaza Careaga"},"content":{"rendered":"<div class=\"entry\">\n<p>Die zahlreichen unregelm\u00e4\u00dfigen Freifl\u00e4chen innerhalb des st\u00e4dtischen Gef\u00fcges der Altstadt gaben w\u00e4hrend des 18. und 19. Jahrhunderts den Anlass zu Pl\u00e4tzen, an denen sich die priveligierten Gesellschaftsschichten konzentrierten, wie im Fall des \u201cLa Plaza Careaga\u201d. Seine Struktur als Innenhof l\u00e4dt zur Beschaulichkeit ein.<\/p>\n<p>Er verdankt seinen Namen der Familie Careaga, die in diesem Gebiet ihren Stammsitz hatte. Juan Ochoa Ortiz de Careaga kam mit vier Schiffen aus Vizcaya zum Krieg um Granada und blieb anschlie\u00dfend in Almeria um die Stadt wieder zu bev\u00f6lkern. Aus Miguel Avis-Venegas y Careaga Marin Benavides, vier glanzvolle Familiennamen der historischen Aristokratie Almerias im Jahr 1489, die in sich das Blut der christlichen Eroberer und der muslimischen F\u00fcrsten vereinten, wurde von Karl II der Titel des Marquis de Torre Alta y Vizconde de Careaga geschaffen. Die ber\u00fchmte Stra\u00dfe Calle del Arco erhielt ihren Namen von dem Torbogen Careaga, der das Haus der Marquis mit seinen Scheunen verband.<\/p>\n<p>Auf diesem Platz befindet sich das Haus \u201cLa Casa de los Marqueses de Torre Alta\u201d, entworfen im Jahr 1847, bei dem vor allem die Kompositon der beiden Etagen hervorzuheben ist. Seine Struktur passt sich dem allgemeinen Typ des neoklassizistischen Wohnhauses des wohlhabenden B\u00fcrgertums an. Man findet hier Trennelemente wie die Spitzb\u00f6gen nach klassizistischer Tradition, in Almeria etwas absolut Neues.<\/p>\n<\/div>\n","protected":false},"excerpt":{"rendered":"<p>Die zahlreichen unregelm\u00e4\u00dfigen Freifl\u00e4chen innerhalb des st\u00e4dtischen Gef\u00fcges der Altstadt gaben w\u00e4hrend des 18. und 19. Jahrhunderts den Anlass zu [&hellip;]<\/p>\n","protected":false},"featured_media":25550,"template":"","format":"gallery","meta":{"_acf_changed":false,"footnotes":""},"class_list":["post-50002","lugar","type-lugar","status-publish","format-gallery","has-post-thumbnail","hentry","post_format-post-format-gallery","tlugar-plazas-y-parques-de"],"acf":[],"ACF":{"consejos_de_seguridad":"","ubicacion_mapa":{"address":"Plaza Careaga","lat":36.8393564,"lng":-2.4664031,"zoom":14,"place_id":"ChIJiXMI3QZ2cA0RaVXPTh0RgUg","street_name":"Plaza Careaga","city":"Almer\u00eda","state":"Andaluc\u00eda","state_short":"AN","post_code":"04003","country":"Espa\u00f1a","country_short":"ES"},"telefono":"","destacado_home":"","horario":"","gallery":false,"tipo":[],"tipo_de_motivo":false},"_links":{"self":[{"href":"https:\/\/www.turismodealmeria.org\/de\/wp-json\/wp\/v2\/lugar\/50002","targetHints":{"allow":["GET"]}}],"collection":[{"href":"https:\/\/www.turismodealmeria.org\/de\/wp-json\/wp\/v2\/lugar"}],"about":[{"href":"https:\/\/www.turismodealmeria.org\/de\/wp-json\/wp\/v2\/types\/lugar"}],"version-history":[{"count":0,"href":"https:\/\/www.turismodealmeria.org\/de\/wp-json\/wp\/v2\/lugar\/50002\/revisions"}],"wp:featuredmedia":[{"embeddable":true,"href":"https:\/\/www.turismodealmeria.org\/de\/wp-json\/wp\/v2\/media\/25550"}],"wp:attachment":[{"href":"https:\/\/www.turismodealmeria.org\/de\/wp-json\/wp\/v2\/media?parent=50002"}],"curies":[{"name":"wp","href":"https:\/\/api.w.org\/{rel}","templated":true}]}}

<div class="entry">
<p>Die zahlreichen unregelmäßigen Freiflächen innerhalb des städtischen Gefüges der Altstadt gaben während des 18. und 19. Jahrhunderts den Anlass zu Plätzen, an denen sich die priveligierten Gesellschaftsschichten konzentrierten, wie im Fall des “La Plaza Careaga”. Seine Struktur als Innenhof lädt zur Beschaulichkeit ein.</p>
<p>Er verdankt seinen Namen der Familie Careaga, die in diesem Gebiet ihren Stammsitz hatte. Juan Ochoa Ortiz de Careaga kam mit vier Schiffen aus Vizcaya zum Krieg um Granada und blieb anschließend in Almeria um die Stadt wieder zu bevölkern. Aus Miguel Avis-Venegas y Careaga Marin Benavides, vier glanzvolle Familiennamen der historischen Aristokratie Almerias im Jahr 1489, die in sich das Blut der christlichen Eroberer und der muslimischen Fürsten vereinten, wurde von Karl II der Titel des Marquis de Torre Alta y Vizconde de Careaga geschaffen. Die berühmte Straße Calle del Arco erhielt ihren Namen von dem Torbogen Careaga, der das Haus der Marquis mit seinen Scheunen verband.</p>
<p>Auf diesem Platz befindet sich das Haus “La Casa de los Marqueses de Torre Alta”, entworfen im Jahr 1847, bei dem vor allem die Kompositon der beiden Etagen hervorzuheben ist. Seine Struktur passt sich dem allgemeinen Typ des neoklassizistischen Wohnhauses des wohlhabenden Bürgertums an. Man findet hier Trennelemente wie die Spitzbögen nach klassizistischer Tradition, in Almeria etwas absolut Neues.</p>
</div>

<p>Die zahlreichen unregelmäßigen Freiflächen innerhalb des städtischen Gefüges der Altstadt gaben während des 18. und 19. Jahrhunderts den Anlass zu [&hellip;]</p>

Almería

Andalucía

España
