{"id":11815,"date":"2016-02-11T07:53:24","date_gmt":"2016-02-11T07:53:24","guid":{"rendered":"https:\/\/www.turismodealmeria.org\/de\/saluda-el-alcalde\/"},"modified":"2024-12-19T11:04:05","modified_gmt":"2024-12-19T09:04:05","slug":"begruessungsworte-des-buergermeisters","status":"publish","type":"page","link":"https:\/\/www.turismodealmeria.org\/de\/bereite-deine-reise-vor\/begruessungsworte-des-buergermeisters\/","title":{"rendered":"Begr\u00fc\u00dfungsworte des B\u00fcrgermeisters"},"content":{"rendered":"<div class=\"wpb-content-wrapper\"><p>[vc_row][vc_column column_width_percent=&#8220;100&#8243; gutter_size=&#8220;2&#8243; overlay_alpha=&#8220;50&#8243; shift_x=&#8220;0&#8243; shift_y=&#8220;0&#8243; shift_y_down=&#8220;0&#8243; z_index=&#8220;0&#8243; medium_width=&#8220;0&#8243; mobile_width=&#8220;0&#8243; width=&#8220;4\/12&#8243; uncode_shortcode_id=&#8220;666909&#8243;][vc_single_image media=&#8220;80513&#8243; media_width_percent=&#8220;100&#8243; uncode_shortcode_id=&#8220;158603&#8243; el_class=&#8220;border-radius-5px&#8220;][vc_column_text uncode_shortcode_id=&#8220;174407&#8243;]Mar\u00eda del Mar V\u00e1zquez Ag\u00fcero<br \/>\n<strong>B\u00fcrgermeisterin von Almer\u00eda<\/strong>[\/vc_column_text][\/vc_column][vc_column width=&#8220;8\/12&#8243;][vc_column_text uncode_shortcode_id=&#8220;133714&#8243;]Es ist nicht leicht zu erkl\u00e4ren, warum Almer\u00eda ein Ort im Mittelmeer ist, den niemand verpassen sollte. Logischerweise ist es viel effektiver und einfacher, es zu sehen, zu ber\u00fchren, zu riechen, zu schmecken, zu h\u00f6ren, zu f\u00fchlen und zu genie\u00dfen.<\/p>\n<p>Aber da es unsere Pflicht ist, sowohl die der Almer\u00eder im Allgemeinen als auch meine als B\u00fcrgermeisterin, sicherzustellen, dass sich niemand ausgeschlossen f\u00fchlt, dieses Meer von Empfindungen, das wir als Almer\u00eda kennen, zu erleben, haben wir bei der <strong>St\u00e4dtischen Gesellschaft Almer\u00eda Tur\u00edstica<\/strong> beschlossen, dieses Webportal in die Welt zu bringen, sowie einige Ableger wie unsere Seiten in den sozialen Medien <strong><a href=\"https:\/\/www.facebook.com\/EnamoradosDeAlmeria\/\" target=\"_blank\" rel=\"noopener noreferrer\">Facebook<\/a> und <a href=\"https:\/\/twitter.com\/almerialovers\" target=\"_blank\" rel=\"noopener noreferrer\">Twitter<\/a><\/strong>.<\/p>\n<p>Hier und dort findet der Besucher Informationen \u00fcber <strong>unsere Herkunft und Kultur<\/strong>, die Orte, die es zu besuchen und die Erfahrungen, die es zu erleben gilt, unsere Traditionen, unsere Gastronomie und die spektakul\u00e4re Sch\u00f6nheit, die uns in Form einer Mischung aus Kontrasten zu einem <strong>kleinen Universum von Kulturen und Ressourcen f\u00fcr Touristen<\/strong> macht.<\/p>\n<p>Das muslimische Almer\u00eda, das barocke Almer\u00eda, das christliche Almer\u00eda, das filmische Almer\u00eda, das Sonnen- und Strand-Almer\u00eda, das Inland-Almer\u00eda, das W\u00fcsten- und Berg-Almer\u00eda, das monumentale und gastronomische Almer\u00eda, das Kongress-Almer\u00eda, das Museums-Almer\u00eda, das Veranstaltungs-Almer\u00eda und schlie\u00dflich das <strong>Almer\u00eda, das offen f\u00fcr die Welt ist, aufrichtig und einladend, \u00f6ffnet seine T\u00fcren durch dieses Fenster zur Welt, um &#8218;Liebhaber von Almer\u00eda&#8216; zu suchen<\/strong>, den Namen, den wir unseren Seiten auf <a href=\"https:\/\/www.facebook.com\/EnamoradosDeAlmeria\/\" target=\"_blank\" rel=\"noopener noreferrer\"><strong>Facebook<\/strong><\/a> und <a href=\"https:\/\/twitter.com\/almerialovers\" target=\"_blank\" rel=\"noopener noreferrer\"><strong>Twitter<\/strong><\/a> gegeben haben, die bereit sind, unsere Attraktionen zu besingen und sie dorthin zu bringen, wo immer es eine Person gibt, unabh\u00e4ngig von ihrer Herkunft, um uns zu ihrem Ziel zu machen.<\/p>\n<p><strong>Willkommen in Almer\u00eda, Liebhaber alle!!<\/strong>[\/vc_column_text][\/vc_column][\/vc_row][vc_row][vc_column width=&#8220;1\/1&#8243;][vc_empty_space empty_h=&#8220;2&#8243;][\/vc_column][\/vc_row]<\/p>\n<\/div>","protected":false},"excerpt":{"rendered":"<p>[vc_row][vc_column column_width_percent=&#8220;100&#8243; gutter_size=&#8220;2&#8243; overlay_alpha=&#8220;50&#8243; shift_x=&#8220;0&#8243; shift_y=&#8220;0&#8243; shift_y_down=&#8220;0&#8243; z_index=&#8220;0&#8243; medium_width=&#8220;0&#8243; mobile_width=&#8220;0&#8243; width=&#8220;4\/12&#8243; uncode_shortcode_id=&#8220;666909&#8243;][vc_single_image media=&#8220;80513&#8243; media_width_percent=&#8220;100&#8243; uncode_shortcode_id=&#8220;158603&#8243; el_class=&#8220;border-radius-5px&#8220;][vc_column_text uncode_shortcode_id=&#8220;174407&#8243;]Mar\u00eda del Mar V\u00e1zquez [&hellip;]<\/p>\n","protected":false},"author":1,"featured_media":0,"parent":11973,"menu_order":0,"comment_status":"closed","ping_status":"closed","template":"","meta":{"_acf_changed":false,"footnotes":""},"class_list":["post-11815","page","type-page","status-publish","hentry"],"acf":[],"ACF":{"imagen_cabecera":false},"_links":{"self":[{"href":"https:\/\/www.turismodealmeria.org\/de\/wp-json\/wp\/v2\/pages\/11815","targetHints":{"allow":["GET"]}}],"collection":[{"href":"https:\/\/www.turismodealmeria.org\/de\/wp-json\/wp\/v2\/pages"}],"about":[{"href":"https:\/\/www.turismodealmeria.org\/de\/wp-json\/wp\/v2\/types\/page"}],"author":[{"embeddable":true,"href":"https:\/\/www.turismodealmeria.org\/de\/wp-json\/wp\/v2\/users\/1"}],"replies":[{"embeddable":true,"href":"https:\/\/www.turismodealmeria.org\/de\/wp-json\/wp\/v2\/comments?post=11815"}],"version-history":[{"count":0,"href":"https:\/\/www.turismodealmeria.org\/de\/wp-json\/wp\/v2\/pages\/11815\/revisions"}],"up":[{"embeddable":true,"href":"https:\/\/www.turismodealmeria.org\/de\/wp-json\/wp\/v2\/pages\/11973"}],"wp:attachment":[{"href":"https:\/\/www.turismodealmeria.org\/de\/wp-json\/wp\/v2\/media?parent=11815"}],"curies":[{"name":"wp","href":"https:\/\/api.w.org\/{rel}","templated":true}]}}

Begrüßungsworte des Bürgermeisters

<div class="wpb-content-wrapper"><p>[vc_row][vc_column column_width_percent=&#8220;100&#8243; gutter_size=&#8220;2&#8243; overlay_alpha=&#8220;50&#8243; shift_x=&#8220;0&#8243; shift_y=&#8220;0&#8243; shift_y_down=&#8220;0&#8243; z_index=&#8220;0&#8243; medium_width=&#8220;0&#8243; mobile_width=&#8220;0&#8243; width=&#8220;4/12&#8243; uncode_shortcode_id=&#8220;666909&#8243;][vc_single_image media=&#8220;80513&#8243; media_width_percent=&#8220;100&#8243; uncode_shortcode_id=&#8220;158603&#8243; el_class=&#8220;border-radius-5px&#8220;][vc_column_text uncode_shortcode_id=&#8220;174407&#8243;]María del Mar Vázquez Agüero<br />
<strong>Bürgermeisterin von Almería</strong>[/vc_column_text][/vc_column][vc_column width=&#8220;8/12&#8243;][vc_column_text uncode_shortcode_id=&#8220;133714&#8243;]Es ist nicht leicht zu erklären, warum Almería ein Ort im Mittelmeer ist, den niemand verpassen sollte. Logischerweise ist es viel effektiver und einfacher, es zu sehen, zu berühren, zu riechen, zu schmecken, zu hören, zu fühlen und zu genießen.</p>
<p>Aber da es unsere Pflicht ist, sowohl die der Almeríer im Allgemeinen als auch meine als Bürgermeisterin, sicherzustellen, dass sich niemand ausgeschlossen fühlt, dieses Meer von Empfindungen, das wir als Almería kennen, zu erleben, haben wir bei der <strong>Städtischen Gesellschaft Almería Turística</strong> beschlossen, dieses Webportal in die Welt zu bringen, sowie einige Ableger wie unsere Seiten in den sozialen Medien <strong><a href="https://www.facebook.com/EnamoradosDeAlmeria/" target="_blank" rel="noopener noreferrer">Facebook</a> und <a href="https://twitter.com/almerialovers" target="_blank" rel="noopener noreferrer">Twitter</a></strong>.</p>
<p>Hier und dort findet der Besucher Informationen über <strong>unsere Herkunft und Kultur</strong>, die Orte, die es zu besuchen und die Erfahrungen, die es zu erleben gilt, unsere Traditionen, unsere Gastronomie und die spektakuläre Schönheit, die uns in Form einer Mischung aus Kontrasten zu einem <strong>kleinen Universum von Kulturen und Ressourcen für Touristen</strong> macht.</p>
<p>Das muslimische Almería, das barocke Almería, das christliche Almería, das filmische Almería, das Sonnen- und Strand-Almería, das Inland-Almería, das Wüsten- und Berg-Almería, das monumentale und gastronomische Almería, das Kongress-Almería, das Museums-Almería, das Veranstaltungs-Almería und schließlich das <strong>Almería, das offen für die Welt ist, aufrichtig und einladend, öffnet seine Türen durch dieses Fenster zur Welt, um &#8218;Liebhaber von Almería&#8216; zu suchen</strong>, den Namen, den wir unseren Seiten auf <a href="https://www.facebook.com/EnamoradosDeAlmeria/" target="_blank" rel="noopener noreferrer"><strong>Facebook</strong></a> und <a href="https://twitter.com/almerialovers" target="_blank" rel="noopener noreferrer"><strong>Twitter</strong></a> gegeben haben, die bereit sind, unsere Attraktionen zu besingen und sie dorthin zu bringen, wo immer es eine Person gibt, unabhängig von ihrer Herkunft, um uns zu ihrem Ziel zu machen.</p>
<p><strong>Willkommen in Almería, Liebhaber alle!!</strong>[/vc_column_text][/vc_column][/vc_row][vc_row][vc_column width=&#8220;1/1&#8243;][vc_empty_space empty_h=&#8220;2&#8243;][/vc_column][/vc_row]</p>
</div>

<p>[vc_row][vc_column column_width_percent=&#8220;100&#8243; gutter_size=&#8220;2&#8243; overlay_alpha=&#8220;50&#8243; shift_x=&#8220;0&#8243; shift_y=&#8220;0&#8243; shift_y_down=&#8220;0&#8243; z_index=&#8220;0&#8243; medium_width=&#8220;0&#8243; mobile_width=&#8220;0&#8243; width=&#8220;4/12&#8243; uncode_shortcode_id=&#8220;666909&#8243;][vc_single_image media=&#8220;80513&#8243; media_width_percent=&#8220;100&#8243; uncode_shortcode_id=&#8220;158603&#8243; el_class=&#8220;border-radius-5px&#8220;][vc_column_text uncode_shortcode_id=&#8220;174407&#8243;]María del Mar Vázquez [&hellip;]</p>
