{"id":49877,"date":"2022-03-27T11:30:24","date_gmt":"2022-03-27T09:30:24","guid":{"rendered":"https:\/\/www.turismodealmeria.org\/historia\/"},"modified":"2022-05-25T09:36:44","modified_gmt":"2022-05-25T07:36:44","slug":"geschichte","status":"publish","type":"page","link":"https:\/\/www.turismodealmeria.org\/de\/geschichte\/","title":{"rendered":"Geschichte"},"content":{"rendered":"<div class=\"wpb-content-wrapper\"><p>[vc_row][vc_column column_width_percent=&#8220;100&#8243; gutter_size=&#8220;2&#8243; overlay_alpha=&#8220;50&#8243; shift_x=&#8220;0&#8243; shift_y=&#8220;0&#8243; shift_y_down=&#8220;0&#8243; z_index=&#8220;0&#8243; medium_width=&#8220;0&#8243; mobile_width=&#8220;0&#8243; width=&#8220;1\/1&#8243; uncode_shortcode_id=&#8220;675924&#8243;][vc_custom_heading text_color=&#8220;color-sea-blue&#8220; text_size=&#8220;fontsize-35&#8243; text_weight=&#8220;600&#8243; uncode_shortcode_id=&#8220;197103&#8243; text_color_type=&#8220;uncode-palette&#8220;]DIE GESCHICHTE ALMERIAS[\/vc_custom_heading][vc_separator sep_color=&#8220;color-amber&#8220; uncode_shortcode_id=&#8220;914759&#8243; el_class=&#8220;playas-forma-segura&#8220; sep_color_type=&#8220;uncode-palette&#8220; el_width=&#8220;200px&#8220; el_height=&#8220;8px&#8220;][vc_custom_heading heading_semantic=&#8220;p&#8220; text_size=&#8220;fontsize-17&#8243; text_weight=&#8220;400&#8243; uncode_shortcode_id=&#8220;170495&#8243;]Die Stadt Almeria wurde im Jahr 955 von den Arabern gegr\u00fcndet, aber es existieren Fundstellen, die ihren Ursprung auf pr\u00e4historische Zeiten zur\u00fcckf\u00fchren. Der H\u00fcgel, auf dem sich derzeit die Alcazaba befindet, war schon sehr fr\u00fch besiedelt, in der Epoche der Pr\u00e4historie, zu einer Zeit, die in der Bronzezeit liegen k\u00f6nnte. Sp\u00e4ter, in der pr\u00e4romanischen Epoche gab es ph\u00f6nizische Funde. Zahlreiche \u00dcberreste aus Keramik, die bei den Augrabungen gefunden wurden, stammen aus der R\u00f6merzeit. Die Funde umfassen eine lange Chronologie vom ersten Jahrhundert der \u00c4ra bis zu den letzten Herstellungen von Feinkeramik, mit besonderem Schwerpunkt auf die letzte Periode, auch sp\u00e4tr\u00f6misch genannt (5. bis 7. Jahrhundert). Diese Okkupation er\u00f6ffnet die M\u00f6glichkeit, dass dieser Lebensraum bis zur \u201cGr\u00fcndung\u201d der Stadt im Jahr 955 besiedelt war, basierend auf einer kleinen Ortschaft am Meer, die abh\u00e4ngig vom Hinterland war (URCI), ein Naturhafen gewesen w\u00e4re und deren \u00dcberreste an verschiedenen Stellen gefunden wurden, wo sich heute die Stadt befindet.<\/p>\n<p>Au\u00dferhalb der Stadt sind \u00dcberreste der alten R\u00f6merstra\u00dfe von Bayyana aus der R\u00f6merzeit erhalten.[\/vc_custom_heading][\/vc_column][\/vc_row][vc_row][vc_column width=&#8220;1\/1&#8243;][uncode_index el_id=&#8220;listado-historia&#8220; isotope_mode=&#8220;packery&#8220; loop=&#8220;size:6|order_by:date|post_type:historia-almeria|taxonomy_count:10&#8243; style_preset=&#8220;metro&#8220; pagination=&#8220;yes&#8220; gutter_size=&#8220;3&#8243; playas_items=&#8220;media|featured|onpost|original,title,sep-one|full,text|full|280&#8243; lugar_items=&#8220;media|featured|onpost|original,title,sep-one|full,spacer|one,text|full|180,spacer_two|one,link|default|default_size|ver&#8220; historia-almeria_items=&#8220;media|featured|onpost|original,title,sep-one|full,spacer|one,text|full|200,spacer_two|one,link|default|default_size|sehen&#8220; screen_lg=&#8220;1000&#8243; screen_md=&#8220;600&#8243; screen_sm=&#8220;480&#8243; single_text=&#8220;lateral&#8220; single_width=&#8220;12&#8243; single_image_size=&#8220;7&#8243; single_overlay_opacity=&#8220;50&#8243; single_vertical_text=&#8220;bottom&#8220; single_padding=&#8220;2&#8243; single_title_dimension=&#8220;font-size-23px&#8220; uncode_shortcode_id=&#8220;676755&#8243; el_class=&#8220;text-color-deep-teal-color&#8220;][\/vc_column][\/vc_row][vc_row][vc_column column_width_percent=&#8220;100&#8243; gutter_size=&#8220;2&#8243; overlay_alpha=&#8220;50&#8243; shift_x=&#8220;0&#8243; shift_y=&#8220;0&#8243; shift_y_down=&#8220;0&#8243; z_index=&#8220;0&#8243; medium_width=&#8220;0&#8243; mobile_width=&#8220;0&#8243; width=&#8220;1\/1&#8243; uncode_shortcode_id=&#8220;675924&#8243;][vc_custom_heading text_color=&#8220;color-sea-blue&#8220; text_size=&#8220;fontsize-35&#8243; text_weight=&#8220;600&#8243; text_transform=&#8220;uppercase&#8220; uncode_shortcode_id=&#8220;148693&#8243; text_color_type=&#8220;uncode-palette&#8220;]Ber\u00fchmte Pers\u00f6nlichkeiten[\/vc_custom_heading][vc_separator sep_color=&#8220;color-amber&#8220; uncode_shortcode_id=&#8220;914759&#8243; el_class=&#8220;playas-forma-segura&#8220; sep_color_type=&#8220;uncode-palette&#8220; el_width=&#8220;200px&#8220; el_height=&#8220;8px&#8220;][\/vc_column][\/vc_row][vc_row][vc_column width=&#8220;1\/1&#8243;][uncode_index el_id=&#8220;listado-personajes&#8220; isotope_mode=&#8220;packery&#8220; loop=&#8220;size:8|order_by:date|post_type:personaje|taxonomy_count:10&#8243; pagination=&#8220;yes&#8220; gutter_size=&#8220;2&#8243; personaje_items=&#8220;media|featured|onpost|original,title,fechas,spacer|half&#8220; playas_items=&#8220;media|featured|onpost|original,title,sep-one|full,text|full|280&#8243; lugar_items=&#8220;media|featured|onpost|original,title,text|full|120&#8243; screen_lg=&#8220;1000&#8243; screen_md=&#8220;600&#8243; screen_sm=&#8220;480&#8243; single_width=&#8220;3&#8243; single_overlay_opacity=&#8220;50&#8243; single_padding=&#8220;1&#8243; single_title_semantic=&#8220;p&#8220; single_title_dimension=&#8220;h3&#8243; uncode_shortcode_id=&#8220;213878&#8243; el_class=&#8220;listado-historia text-color-deep-teal-color border-radius-5px&#8220;][\/vc_column][\/vc_row][vc_row unlock_row_content=&#8220;yes&#8220; row_height_percent=&#8220;0&#8243; override_padding=&#8220;yes&#8220; h_padding=&#8220;0&#8243; top_padding=&#8220;2&#8243; bottom_padding=&#8220;0&#8243; overlay_alpha=&#8220;50&#8243; gutter_size=&#8220;3&#8243; column_width_percent=&#8220;100&#8243; shift_y=&#8220;0&#8243; z_index=&#8220;0&#8243; mobile_visibility=&#8220;yes&#8220; uncode_shortcode_id=&#8220;381793&#8243;][vc_column width=&#8220;1\/1&#8243;][vc_single_image media=&#8220;21904&#8243; media_width_percent=&#8220;100&#8243; uncode_shortcode_id=&#8220;302521&#8243; media_link=&#8220;url:https%3A%2F%2Fwww.turismodealmeria.org%2Fpaseo-almeria%2F|target:_blank&#8220;][\/vc_column][\/vc_row][vc_row unlock_row_content=&#8220;yes&#8220; row_height_percent=&#8220;0&#8243; override_padding=&#8220;yes&#8220; h_padding=&#8220;0&#8243; top_padding=&#8220;2&#8243; bottom_padding=&#8220;0&#8243; overlay_alpha=&#8220;50&#8243; gutter_size=&#8220;3&#8243; column_width_percent=&#8220;100&#8243; shift_y=&#8220;0&#8243; z_index=&#8220;0&#8243; desktop_visibility=&#8220;yes&#8220; medium_visibility=&#8220;yes&#8220; uncode_shortcode_id=&#8220;220689&#8243;][vc_column width=&#8220;1\/1&#8243;][vc_single_image media=&#8220;56685&#8243; media_width_percent=&#8220;100&#8243; uncode_shortcode_id=&#8220;749500&#8243; media_link=&#8220;url:https%3A%2F%2Fwww.turismodealmeria.org%2Fpaseo-almeria%2F|target:_blank&#8220;][\/vc_column][\/vc_row]<\/p>\n<\/div>","protected":false},"excerpt":{"rendered":"<p>[vc_row][vc_column column_width_percent=&#8220;100&#8243; gutter_size=&#8220;2&#8243; overlay_alpha=&#8220;50&#8243; shift_x=&#8220;0&#8243; shift_y=&#8220;0&#8243; shift_y_down=&#8220;0&#8243; z_index=&#8220;0&#8243; medium_width=&#8220;0&#8243; mobile_width=&#8220;0&#8243; width=&#8220;1\/1&#8243; uncode_shortcode_id=&#8220;675924&#8243;][vc_custom_heading text_color=&#8220;color-sea-blue&#8220; text_size=&#8220;fontsize-35&#8243; text_weight=&#8220;600&#8243; uncode_shortcode_id=&#8220;197103&#8243; text_color_type=&#8220;uncode-palette&#8220;]DIE GESCHICHTE ALMERIAS[\/vc_custom_heading][vc_separator sep_color=&#8220;color-amber&#8220; [&hellip;]<\/p>\n","protected":false},"author":1,"featured_media":0,"parent":0,"menu_order":0,"comment_status":"closed","ping_status":"closed","template":"","meta":{"_acf_changed":false,"footnotes":""},"class_list":["post-49877","page","type-page","status-publish","hentry"],"acf":[],"ACF":{"imagen_cabecera":false},"_links":{"self":[{"href":"https:\/\/www.turismodealmeria.org\/de\/wp-json\/wp\/v2\/pages\/49877","targetHints":{"allow":["GET"]}}],"collection":[{"href":"https:\/\/www.turismodealmeria.org\/de\/wp-json\/wp\/v2\/pages"}],"about":[{"href":"https:\/\/www.turismodealmeria.org\/de\/wp-json\/wp\/v2\/types\/page"}],"author":[{"embeddable":true,"href":"https:\/\/www.turismodealmeria.org\/de\/wp-json\/wp\/v2\/users\/1"}],"replies":[{"embeddable":true,"href":"https:\/\/www.turismodealmeria.org\/de\/wp-json\/wp\/v2\/comments?post=49877"}],"version-history":[{"count":0,"href":"https:\/\/www.turismodealmeria.org\/de\/wp-json\/wp\/v2\/pages\/49877\/revisions"}],"wp:attachment":[{"href":"https:\/\/www.turismodealmeria.org\/de\/wp-json\/wp\/v2\/media?parent=49877"}],"curies":[{"name":"wp","href":"https:\/\/api.w.org\/{rel}","templated":true}]}}

<div class="wpb-content-wrapper"><p>[vc_row][vc_column column_width_percent=&#8220;100&#8243; gutter_size=&#8220;2&#8243; overlay_alpha=&#8220;50&#8243; shift_x=&#8220;0&#8243; shift_y=&#8220;0&#8243; shift_y_down=&#8220;0&#8243; z_index=&#8220;0&#8243; medium_width=&#8220;0&#8243; mobile_width=&#8220;0&#8243; width=&#8220;1/1&#8243; uncode_shortcode_id=&#8220;675924&#8243;][vc_custom_heading text_color=&#8220;color-sea-blue&#8220; text_size=&#8220;fontsize-35&#8243; text_weight=&#8220;600&#8243; uncode_shortcode_id=&#8220;197103&#8243; text_color_type=&#8220;uncode-palette&#8220;]DIE GESCHICHTE ALMERIAS[/vc_custom_heading][vc_separator sep_color=&#8220;color-amber&#8220; uncode_shortcode_id=&#8220;914759&#8243; el_class=&#8220;playas-forma-segura&#8220; sep_color_type=&#8220;uncode-palette&#8220; el_width=&#8220;200px&#8220; el_height=&#8220;8px&#8220;][vc_custom_heading heading_semantic=&#8220;p&#8220; text_size=&#8220;fontsize-17&#8243; text_weight=&#8220;400&#8243; uncode_shortcode_id=&#8220;170495&#8243;]Die Stadt Almeria wurde im Jahr 955 von den Arabern gegründet, aber es existieren Fundstellen, die ihren Ursprung auf prähistorische Zeiten zurückführen. Der Hügel, auf dem sich derzeit die Alcazaba befindet, war schon sehr früh besiedelt, in der Epoche der Prähistorie, zu einer Zeit, die in der Bronzezeit liegen könnte. Später, in der präromanischen Epoche gab es phönizische Funde. Zahlreiche Überreste aus Keramik, die bei den Augrabungen gefunden wurden, stammen aus der Römerzeit. Die Funde umfassen eine lange Chronologie vom ersten Jahrhundert der Ära bis zu den letzten Herstellungen von Feinkeramik, mit besonderem Schwerpunkt auf die letzte Periode, auch spätrömisch genannt (5. bis 7. Jahrhundert). Diese Okkupation eröffnet die Möglichkeit, dass dieser Lebensraum bis zur “Gründung” der Stadt im Jahr 955 besiedelt war, basierend auf einer kleinen Ortschaft am Meer, die abhängig vom Hinterland war (URCI), ein Naturhafen gewesen wäre und deren Überreste an verschiedenen Stellen gefunden wurden, wo sich heute die Stadt befindet.</p>
<p>Außerhalb der Stadt sind Überreste der alten Römerstraße von Bayyana aus der Römerzeit erhalten.[/vc_custom_heading][/vc_column][/vc_row][vc_row][vc_column width=&#8220;1/1&#8243;][uncode_index el_id=&#8220;listado-historia&#8220; isotope_mode=&#8220;packery&#8220; loop=&#8220;size:6|order_by:date|post_type:historia-almeria|taxonomy_count:10&#8243; style_preset=&#8220;metro&#8220; pagination=&#8220;yes&#8220; gutter_size=&#8220;3&#8243; playas_items=&#8220;media|featured|onpost|original,title,sep-one|full,text|full|280&#8243; lugar_items=&#8220;media|featured|onpost|original,title,sep-one|full,spacer|one,text|full|180,spacer_two|one,link|default|default_size|ver&#8220; historia-almeria_items=&#8220;media|featured|onpost|original,title,sep-one|full,spacer|one,text|full|200,spacer_two|one,link|default|default_size|sehen&#8220; screen_lg=&#8220;1000&#8243; screen_md=&#8220;600&#8243; screen_sm=&#8220;480&#8243; single_text=&#8220;lateral&#8220; single_width=&#8220;12&#8243; single_image_size=&#8220;7&#8243; single_overlay_opacity=&#8220;50&#8243; single_vertical_text=&#8220;bottom&#8220; single_padding=&#8220;2&#8243; single_title_dimension=&#8220;font-size-23px&#8220; uncode_shortcode_id=&#8220;676755&#8243; el_class=&#8220;text-color-deep-teal-color&#8220;][/vc_column][/vc_row][vc_row][vc_column column_width_percent=&#8220;100&#8243; gutter_size=&#8220;2&#8243; overlay_alpha=&#8220;50&#8243; shift_x=&#8220;0&#8243; shift_y=&#8220;0&#8243; shift_y_down=&#8220;0&#8243; z_index=&#8220;0&#8243; medium_width=&#8220;0&#8243; mobile_width=&#8220;0&#8243; width=&#8220;1/1&#8243; uncode_shortcode_id=&#8220;675924&#8243;][vc_custom_heading text_color=&#8220;color-sea-blue&#8220; text_size=&#8220;fontsize-35&#8243; text_weight=&#8220;600&#8243; text_transform=&#8220;uppercase&#8220; uncode_shortcode_id=&#8220;148693&#8243; text_color_type=&#8220;uncode-palette&#8220;]Berühmte Persönlichkeiten[/vc_custom_heading][vc_separator sep_color=&#8220;color-amber&#8220; uncode_shortcode_id=&#8220;914759&#8243; el_class=&#8220;playas-forma-segura&#8220; sep_color_type=&#8220;uncode-palette&#8220; el_width=&#8220;200px&#8220; el_height=&#8220;8px&#8220;][/vc_column][/vc_row][vc_row][vc_column width=&#8220;1/1&#8243;][uncode_index el_id=&#8220;listado-personajes&#8220; isotope_mode=&#8220;packery&#8220; loop=&#8220;size:8|order_by:date|post_type:personaje|taxonomy_count:10&#8243; pagination=&#8220;yes&#8220; gutter_size=&#8220;2&#8243; personaje_items=&#8220;media|featured|onpost|original,title,fechas,spacer|half&#8220; playas_items=&#8220;media|featured|onpost|original,title,sep-one|full,text|full|280&#8243; lugar_items=&#8220;media|featured|onpost|original,title,text|full|120&#8243; screen_lg=&#8220;1000&#8243; screen_md=&#8220;600&#8243; screen_sm=&#8220;480&#8243; single_width=&#8220;3&#8243; single_overlay_opacity=&#8220;50&#8243; single_padding=&#8220;1&#8243; single_title_semantic=&#8220;p&#8220; single_title_dimension=&#8220;h3&#8243; uncode_shortcode_id=&#8220;213878&#8243; el_class=&#8220;listado-historia text-color-deep-teal-color border-radius-5px&#8220;][/vc_column][/vc_row][vc_row unlock_row_content=&#8220;yes&#8220; row_height_percent=&#8220;0&#8243; override_padding=&#8220;yes&#8220; h_padding=&#8220;0&#8243; top_padding=&#8220;2&#8243; bottom_padding=&#8220;0&#8243; overlay_alpha=&#8220;50&#8243; gutter_size=&#8220;3&#8243; column_width_percent=&#8220;100&#8243; shift_y=&#8220;0&#8243; z_index=&#8220;0&#8243; mobile_visibility=&#8220;yes&#8220; uncode_shortcode_id=&#8220;381793&#8243;][vc_column width=&#8220;1/1&#8243;][vc_single_image media=&#8220;21904&#8243; media_width_percent=&#8220;100&#8243; uncode_shortcode_id=&#8220;302521&#8243; media_link=&#8220;url:https%3A%2F%2Fwww.turismodealmeria.org%2Fpaseo-almeria%2F|target:_blank&#8220;][/vc_column][/vc_row][vc_row unlock_row_content=&#8220;yes&#8220; row_height_percent=&#8220;0&#8243; override_padding=&#8220;yes&#8220; h_padding=&#8220;0&#8243; top_padding=&#8220;2&#8243; bottom_padding=&#8220;0&#8243; overlay_alpha=&#8220;50&#8243; gutter_size=&#8220;3&#8243; column_width_percent=&#8220;100&#8243; shift_y=&#8220;0&#8243; z_index=&#8220;0&#8243; desktop_visibility=&#8220;yes&#8220; medium_visibility=&#8220;yes&#8220; uncode_shortcode_id=&#8220;220689&#8243;][vc_column width=&#8220;1/1&#8243;][vc_single_image media=&#8220;56685&#8243; media_width_percent=&#8220;100&#8243; uncode_shortcode_id=&#8220;749500&#8243; media_link=&#8220;url:https%3A%2F%2Fwww.turismodealmeria.org%2Fpaseo-almeria%2F|target:_blank&#8220;][/vc_column][/vc_row]</p>
</div>
