{"id":10275,"date":"2016-03-20T16:05:19","date_gmt":"2016-03-20T16:05:19","guid":{"rendered":"https:\/\/www.turismodealmeria.org\/personaje\/jose-fernandez-campos-richoly\/?lang=de"},"modified":"2022-05-23T17:22:43","modified_gmt":"2022-05-23T15:22:43","slug":"jose-fernandez-campos-richoly","status":"publish","type":"personaje","link":"https:\/\/www.turismodealmeria.org\/de\/personaje\/jose-fernandez-campos-richoly\/","title":{"rendered":"Richoly"},"content":{"rendered":"<p><strong>Richoly deb\u00fctierte in 1945 als Konzertgitarrist in der Universit\u00e4t Men\u00e9ndez Pelayo. <\/strong>Seit dem er in der Nachkriegszeit des B\u00fcrgerkrieges nach Almeria kam, widmete er sich der Musik, sowohl zur Unterhaltung\u00a0 als auch als Lehrer. Vom Apoloteater aus leitete er die Kore, Tanzgruppen\u00a0 de Frauensektion mit denen er durch die ganze Welt auf Tour ging.<\/p>\n<p>Als Direktor und Instrumentalist trug er zur Gr\u00fcndung der almerienser Volklore bei. In dem Apolloteater lehrte Richoly dreisig Jahre lang die Gitarre zu spielen.<\/p>\n<p>In den \u00b450 Jahren \u00a0fest im den Kulturkeisen etabliert, begann er f\u00fcr das Rathaus Almerias zu arbeiten, in der Abteilung f\u00fcr Pensionen, im Karteilamt, im B\u00fcro f\u00fcr Statistik und Stadtbau \u2026.Arbeiten die er ohne Probleme mit der Musik aus\u00fcbte<\/p>\n<p>Seine Kentnisse schulten nicht nur die Liebhaber des Gesages oder Tanzes der Volklore sondern brachten ihn dazu sein Arbeitsfeld auf andere Musikarten\u00a0 zu erweitern, dabei war \u00a0von besonderem Interesse seine Interpretazion der Pentagramme von \u00a0<strong>Alb\u00e9niz, Turina o Falla<\/strong>, oder seine Version der \u201c<strong>Farruca<\/strong>\u201d.Auf Anraten der Poeten Celia Vi\u00f1as und \u00a0Manuel del \u00c1guila presentierte er diese der Gesellschaft \u00a0in einem grossartigen Konzert in der alten Stadtbibliotek Francisco Villaespesa. Nach dieser Vorstellung gr\u00fcndete er das <strong>\u201cManuel de Falla<\/strong> \u201c Quartet und wesentlich sp\u00e4ter das <strong>Trio Richoly<\/strong> gebildet von dem Meister und den Br\u00fcdern Jes\u00fas y Francisco Miranda. Ihr Repertorio\u00a0 hatte grossen\u00a0 Erfolk, nicht nur in ihren \u00f6ffentlichen Auftritten sonder auch in ihren Schallplatten.<\/p>\n<p>Der Meister starb 1995 in Stadt seine B\u00fcste befindet sich auf dem Platz der Alten Administracion gegen\u00fcber dem geb\u00e4ude der UNED.<\/p>\n","protected":false},"excerpt":{"rendered":"<p>Jos\u00e9 Fern\u00e1ndez Campos, Richoly wurde 1920 in Adra geboren. Seine Familie kam aus Berja Stadt in der er Teil seiner Kindheit verbrachte Seine Mutter war G\u00e1dor Campos Padilla und sein Vater Salvador Fern\u00e1ndez \u201cRicholi\u201d. \u00a0Er verbrachte grosse Zeit seines Leben in der Stadt Almeria und trug zur lokalen Musikkultur bei. Er traf \u00a0Celia Vi\u00f1as\u00a0in den Stammtischen der Indalianische Bewegung die von \u00a0Jes\u00fas de Perceval gegr\u00fcndet wurde.<\/p>\n","protected":false},"featured_media":25040,"template":"","meta":{"_acf_changed":false},"class_list":["post-10275","personaje","type-personaje","status-publish","has-post-thumbnail","hentry"],"acf":[],"ACF":{"fechas":"1920 - 1995"},"_links":{"self":[{"href":"https:\/\/www.turismodealmeria.org\/de\/wp-json\/wp\/v2\/personaje\/10275","targetHints":{"allow":["GET"]}}],"collection":[{"href":"https:\/\/www.turismodealmeria.org\/de\/wp-json\/wp\/v2\/personaje"}],"about":[{"href":"https:\/\/www.turismodealmeria.org\/de\/wp-json\/wp\/v2\/types\/personaje"}],"wp:featuredmedia":[{"embeddable":true,"href":"https:\/\/www.turismodealmeria.org\/de\/wp-json\/wp\/v2\/media\/25040"}],"wp:attachment":[{"href":"https:\/\/www.turismodealmeria.org\/de\/wp-json\/wp\/v2\/media?parent=10275"}],"curies":[{"name":"wp","href":"https:\/\/api.w.org\/{rel}","templated":true}]}}

<p><strong>Richoly debütierte in 1945 als Konzertgitarrist in der Universität Menéndez Pelayo. </strong>Seit dem er in der Nachkriegszeit des Bürgerkrieges nach Almeria kam, widmete er sich der Musik, sowohl zur Unterhaltung  als auch als Lehrer. Vom Apoloteater aus leitete er die Kore, Tanzgruppen  de Frauensektion mit denen er durch die ganze Welt auf Tour ging.</p>
<p>Als Direktor und Instrumentalist trug er zur Gründung der almerienser Volklore bei. In dem Apolloteater lehrte Richoly dreisig Jahre lang die Gitarre zu spielen.</p>
<p>In den ´50 Jahren  fest im den Kulturkeisen etabliert, begann er für das Rathaus Almerias zu arbeiten, in der Abteilung für Pensionen, im Karteilamt, im Büro für Statistik und Stadtbau ….Arbeiten die er ohne Probleme mit der Musik ausübte</p>
<p>Seine Kentnisse schulten nicht nur die Liebhaber des Gesages oder Tanzes der Volklore sondern brachten ihn dazu sein Arbeitsfeld auf andere Musikarten  zu erweitern, dabei war  von besonderem Interesse seine Interpretazion der Pentagramme von  <strong>Albéniz, Turina o Falla</strong>, oder seine Version der “<strong>Farruca</strong>”.Auf Anraten der Poeten Celia Viñas und  Manuel del Águila presentierte er diese der Gesellschaft  in einem grossartigen Konzert in der alten Stadtbibliotek Francisco Villaespesa. Nach dieser Vorstellung gründete er das <strong>“Manuel de Falla</strong> “ Quartet und wesentlich später das <strong>Trio Richoly</strong> gebildet von dem Meister und den Brüdern Jesús y Francisco Miranda. Ihr Repertorio  hatte grossen  Erfolk, nicht nur in ihren öffentlichen Auftritten sonder auch in ihren Schallplatten.</p>
<p>Der Meister starb 1995 in Stadt seine Büste befindet sich auf dem Platz der Alten Administracion gegenüber dem gebäude der UNED.</p>

<p>José Fernández Campos, Richoly wurde 1920 in Adra geboren. Seine Familie kam aus Berja Stadt in der er Teil seiner Kindheit verbrachte Seine Mutter war Gádor Campos Padilla und sein Vater Salvador Fernández “Richoli”.  Er verbrachte grosse Zeit seines Leben in der Stadt Almeria und trug zur lokalen Musikkultur bei. Er traf  Celia Viñas in den Stammtischen der Indalianische Bewegung die von  Jesús de Perceval gegründet wurde.</p>
