{"id":10278,"date":"2016-03-26T16:10:52","date_gmt":"2016-03-26T16:10:52","guid":{"rendered":"https:\/\/www.turismodealmeria.org\/personaje\/manuel-garcia-escobar-manolo-escobar\/?lang=de"},"modified":"2022-05-23T17:17:43","modified_gmt":"2022-05-23T15:17:43","slug":"manuel-garcia-escobar-manolo-escobar","status":"publish","type":"personaje","link":"https:\/\/www.turismodealmeria.org\/de\/personaje\/manuel-garcia-escobar-manolo-escobar\/","title":{"rendered":"Manolo Escobar"},"content":{"rendered":"<div class=\"wpb-content-wrapper\"><p>[vc_row][vc_column][vc_column_text uncode_shortcode_id=&#8220;247117&#8243;]<strong>(1931 &#8211; 2013)<\/strong><\/p>\n<p><strong>Manuel Garc\u00eda Escobar<\/strong> (19 de octubre de 1.931, El Ejido 24 de Octubre de 2013, Alicante), <strong>fue el quinto de una familia de diez hermanos.<\/strong> <strong>Su padre, Antonio Garc\u00eda<\/strong>, proven\u00eda del campo, aunque tuvo que dedicarse a numerosos menesteres para sacar adelante a su numerosa familia. <strong>La madre, era la entra\u00f1able &#8222;madrecita Mar\u00eda del Carmen&#8220;<\/strong>. Con grandes inquietudes culturales, su padre insist\u00eda siempre en que sus hijos tuvieran una formaci\u00f3n acad\u00e9mica y en la m\u00fasica. Desde muy peque\u00f1os, aprendieron a tocar la guitarra y el la\u00fad. Su hermano Baldomero se erigi\u00f3 en jefe de la compa\u00f1\u00eda, y comenzaron a actuar en fiestas y bodas bajo el nombre art\u00edstico de &#8222;<strong>Los Ni\u00f1os de Antonio Garc\u00eda<\/strong>&#8222;. Ya entonces, Manolo so\u00f1aba con ser cantante.<\/p>\n<p>Los a\u00f1os cuarenta hab\u00edan tra\u00eddo una sequ\u00eda pertinaz a toda Espa\u00f1a y el campo no daba para m\u00e1s. As\u00ed que <strong>Antonio, emigr\u00f3 a Barcelona, a probar fortuna<\/strong>. Toda la familia (salvo los peque\u00f1os, que segu\u00edan en el colegio, por supuesto) se afan\u00f3 por trabajar. Manolo encontr\u00f3 distintos empleos durante esos a\u00f1os, a la vez que participaba en los concursos de cante que se organizaban en las verbenas callejeras. <strong>La fama en los concursos de las verbenas le facilit\u00f3 a Manolo el poder introducirse en otro espect\u00e1culo de la \u00e9poca: el cine-variedades<\/strong>: dos pel\u00edculas y un espect\u00e1culo de variedades. Cuando <strong>Raquel Meller<\/strong> se encontr\u00f3 con Manolo en un espect\u00e1culo de camino al camerino, le dijo: &#8222;<strong>Muchacho, t\u00fa llegar\u00e1s&#8230; Yo s\u00e9 de esto lo suficiente y he visto mucho. Llegar\u00e1s, te lo aseguro<\/strong>&#8222;.<\/p>\n<p><strong>SUS COMIENZOS EN LA CANCI\u00d3N CON SUS HERMANOS GUITARRISTAS<\/strong><\/p>\n<p>A principios de los 50, Manolo tuvo que cumplir el servicio militar y conoci\u00f3 a Eusebio, sobrino de una personalidad en el mundo de la radio, que le brind\u00f3 a Manolo la oportunidad que lo introdujo en este medio. En cuanto Don Jos\u00e9 Mar\u00eda Nadal lo escuch\u00f3, lo invit\u00f3 a actuar a <strong>Radio Barcelona<\/strong>. En estas actuaciones, fue acompa\u00f1ado a la guitarra por su hermano Juan Gabriel. Y con el nombre de &#8222;Manolo Escobar y su guitarrista Juanito Garc\u00eda&#8220;, lleg\u00f3 el examen para obtener el carnet profesional, que por supuesto aprobaron. Los cinco hermanos, siguiendo las instrucciones de Nadal, llegaron a formar el grupo <strong>&#8222;Manolo Escobar y sus guitarras&#8220;. Un nuevo estilo personal de m\u00fasica espa\u00f1ola, con un ritmo moderno.<\/strong><\/p>\n<p>Con el &#8222;sonido Escobar&#8220; ya elaborado, el grupo grab\u00f3 su primer disco, y su fama fue en aumento. Las galas se hac\u00edan cada vez m\u00e1s frecuentes.<\/p>\n<p><strong>LAS PRIMERAS GIRAS DE \u201cMANOLO Y SUS GUITARRAS\u201d Y SU AMOR<\/strong><\/p>\n<p>El a\u00f1o 1.958, les lleg\u00f3 un contrato en una sala de categor\u00eda de Playa de Aro, en la Costa Brava. Despu\u00e9s de renovar para la temporada siguiente, consiguieron otro contrato para hacer una gira de tres meses por el sur de <strong>Francia<\/strong>. Una vez terminada con gran \u00e9xito, se lanzaron a la aventura de conocer<strong> Par\u00eds<\/strong>, y all\u00ed transcurrieron varios meses sin parar de trabajar. De vuelta a Espa\u00f1a, conoci\u00f3 Manolo a una alemana que se encontraba con sus padres de veraneo, y entre ellos surgi\u00f3 un aut\u00e9ntico flechazo. Ana Marx volvi\u00f3 a su tierra, pero consigui\u00f3 a su enamorado un contrato para actuar en <strong>Alemania<\/strong>. Y a los pocos meses de haberse conocido, Manolo y Anita contra\u00edan matrimonio, el 10 de diciembre de 1.959, en Colonia.<\/p>\n<p>Al a\u00f1o siguiente, <strong>Juanito Valderrama llam\u00f3 a Manolo para llevarlo en su espect\u00e1culo<\/strong>. Tan seguro de s\u00ed mismo se vio, que cuando Valderrama le propuso renovar el contrato, y aunque las relaciones entre ambos eran excelentes, Manolo rehus\u00f3 la oferta y decidi\u00f3 montar su propio espect\u00e1culo.<\/p>\n<p><strong>LLEGA EL \u00c9XITO DEFINITIVO Y SU CARRERA CINEMATOGR\u00c1FICA<\/strong><\/p>\n<p>En 1.961, Manolo debuta en C\u00f3rdoba, en el teatro Duque de Rivas, con su propio espect\u00e1culo: <strong>&#8222;Canta Manolo Escobar&#8220;<\/strong>. <strong>A partir de entonces, Manolo se convierte en pocos a\u00f1os en un \u00eddolo de multitudes, pase\u00e1ndose triunfalmente por toda Espa\u00f1a con sus diversos espect\u00e1culos, y grabando decenas de discos que en seguida saltan a la fama.<\/strong> En 1.963 se inicia su carrera cinematogr\u00e1fica, con la pel\u00edcula &#8222;Los guerrilleros&#8220;, carrera que continuar\u00eda hasta los a\u00f1os 80, a raz\u00f3n de una pel\u00edcula por a\u00f1o. Manolo act\u00faa con naturalidad ante las c\u00e1maras. Los personajes que interpreta son simp\u00e1ticos y del pueblo llano, como \u00e9l mismo, y se mueven en torno de bellas y atractivas mujeres. Y siempre hay un final feliz.<\/p>\n<p>Canciones como &#8222;<strong>el porompompero<\/strong>&#8222;, &#8222;<strong>mi carro<\/strong>&#8222;, &#8222;<strong>la minifalda<\/strong>&#8222;, &#8222;<strong>madrecita Mar\u00eda del Carmen<\/strong>&#8220; o &#8222;<strong>mujeres y vino<\/strong>&#8222;, forman parte de la cultura popular espa\u00f1ola de los a\u00f1os 60 y 70.<\/p>\n<p><strong>RECONOCIMIENTOS<\/strong><\/p>\n<p>En junio de 1.975, en un Homenaje Nacional que tuvo lugar en el Palacio de los Deportes de Barcelona, Manolo recibi\u00f3 <strong>19 discos de oro<\/strong> cosechados hasta entonces. Concha Velasco, su inefable compa\u00f1era en cinco pel\u00edculas, fue la encargada de presentar el homenaje, al que acudieron 10.000 personas. Tambi\u00e9n recibi\u00f3 la<strong> medalla de oro de la ciudad de Almer\u00eda y el nombramiento de hijo adoptivo<\/strong> de la misma; distinciones de la Sociedad General de Autores de Espa\u00f1a, Diputaci\u00f3n Provincial de Barcelona, Ayuntamiento de Badalona y un largo etc\u00e9tera. Adem\u00e1s, la Direcci\u00f3n General de Correos y Telecomunicaciones le impuso la insignia de oro de la corporaci\u00f3n y la &#8222;capa de postas&#8220;, que s\u00f3lo se otorga en casos excepcionales. Tambi\u00e9n C<strong>orreos cre\u00f3 un matasellos conmemorativo del homenaje<\/strong>, para una sola estampaci\u00f3n, que se realiz\u00f3 en el propio escenario sobre una foto gigante del cantante.<\/p>\n<p><strong>LLEG\u00d3 LA PEQUE\u00d1A FLOR Y SIGUI\u00d3 COSECHANDO \u00c9XITOS<\/strong><\/p>\n<p>En 1.978 lleg\u00f3 a las vidas de Manolo y Anita un nuevo ser: su hija Vanessa. Esto colm\u00f3 de felicidad a la pareja, y todos sus admiradores se sintieron felices por tan grato acontecimiento. Era lo \u00fanico que le faltaba a nuestro querido Manolo para la alegr\u00eda completa.<\/p>\n<p>Despu\u00e9s del \u00e9xito millonario de <strong>&#8222;Y viva Espa\u00f1a&#8220;, que super\u00f3 las expectativas del propio Manolo y de su casa discogr\u00e1fica<\/strong>, Manolo se embarc\u00f3 en una tarea que quiz\u00e1s no haya sido suficientemente apreciada: grab\u00f3 la selecci\u00f3n antol\u00f3gica del cancionero espa\u00f1ol. Decenas de canciones inmortales de monstruos de la copla, pero con el sello particular de su voz y su particular forma de interpretar. &#8222;Antonio Vargas Heredia&#8220;, &#8222;Suspiros de Espa\u00f1a&#8220;, &#8222;Malvaloca&#8220;&#8230;<\/p>\n<p>Una de las \u00faltimas actuaciones de Manolo Escobar, que ser\u00e1 recordada por todos los espa\u00f1oles, fue en Madrid durante la celebraci\u00f3n de &#8222;La Roja&#8220; por el triunfo en el <strong>Mundial de F\u00fatbol de Sud\u00e1frica en el 2010<\/strong>.[\/vc_column_text][\/vc_column][\/vc_row][vc_row][vc_column width=&#8220;1\/1&#8243;][vc_empty_space empty_h=&#8220;2&#8243;][\/vc_column][\/vc_row][vc_row][vc_column width=&#8220;1\/1&#8243;][vc_column_text uncode_shortcode_id=&#8220;617811&#8243;]<\/p>\n<p><iframe src=\"https:\/\/www.youtube.com\/embed\/NIMhzUNG734?rel=0\" width=\"100%\" height=\"450px\" frameborder=\"0\" allowfullscreen=\"allowfullscreen\"><\/iframe><\/p>\n<p>[\/vc_column_text][\/vc_column][\/vc_row][vc_row][vc_column width=&#8220;1\/1&#8243;][vc_empty_space empty_h=&#8220;2&#8243;][\/vc_column][\/vc_row][vc_row][vc_column width=&#8220;1\/1&#8243;][vc_column_text uncode_shortcode_id=&#8220;118696&#8243;]<strong>RETIRADA<\/strong><\/p>\n<p>El 17 de noviembre de 2012 anuncio su retirada del mundo de la m\u00fasica tras tras mas de 50 a\u00f1os sobre los escenarios. Su despedida hubiera sido, al finalizar su gira de despedida por toda Espa\u00f1a, la cual tuvo que anular a mediados de septiembre de 2013 tras unas complicaciones que sufrio en su enfermedad<\/p>\n<p><strong>El 24 de octubre de 2013 el artista falleci\u00f3 a los 82 a\u00f1os en su casa de Benidorm, victima de un c\u00e1ncer de col\u00f3n que padec\u00eda desde el 2010<\/strong>.<\/p>\n<p>Era deseo de Manolo que sus cenizas fuesen esparcidas entre Almer\u00eda (donde naci\u00f3), Barcelona (donde comenz\u00f3 su carrera profesional) y Benidorm (Donde residi\u00f3 gran parte de su vida)[\/vc_column_text][\/vc_column][\/vc_row]<\/p>\n<\/div>","protected":false},"excerpt":{"rendered":"<p>[vc_row][vc_column][vc_column_text uncode_shortcode_id=&#8220;247117&#8243;](1931 &#8211; 2013) Manuel Garc\u00eda Escobar (19 de octubre de 1.931, El Ejido 24 de Octubre de 2013, Alicante), [&hellip;]<\/p>\n","protected":false},"featured_media":24986,"template":"","meta":{"_acf_changed":false},"class_list":["post-10278","personaje","type-personaje","status-publish","has-post-thumbnail","hentry"],"acf":[],"ACF":{"fechas":"1931 - 2013"},"_links":{"self":[{"href":"https:\/\/www.turismodealmeria.org\/de\/wp-json\/wp\/v2\/personaje\/10278","targetHints":{"allow":["GET"]}}],"collection":[{"href":"https:\/\/www.turismodealmeria.org\/de\/wp-json\/wp\/v2\/personaje"}],"about":[{"href":"https:\/\/www.turismodealmeria.org\/de\/wp-json\/wp\/v2\/types\/personaje"}],"wp:featuredmedia":[{"embeddable":true,"href":"https:\/\/www.turismodealmeria.org\/de\/wp-json\/wp\/v2\/media\/24986"}],"wp:attachment":[{"href":"https:\/\/www.turismodealmeria.org\/de\/wp-json\/wp\/v2\/media?parent=10278"}],"curies":[{"name":"wp","href":"https:\/\/api.w.org\/{rel}","templated":true}]}}

<div class="wpb-content-wrapper"><p>[vc_row][vc_column][vc_column_text uncode_shortcode_id=&#8220;247117&#8243;]<strong>(1931 &#8211; 2013)</strong></p>
<p><strong>Manuel García Escobar</strong> (19 de octubre de 1.931, El Ejido 24 de Octubre de 2013, Alicante), <strong>fue el quinto de una familia de diez hermanos.</strong> <strong>Su padre, Antonio García</strong>, provenía del campo, aunque tuvo que dedicarse a numerosos menesteres para sacar adelante a su numerosa familia. <strong>La madre, era la entrañable &#8222;madrecita María del Carmen&#8220;</strong>. Con grandes inquietudes culturales, su padre insistía siempre en que sus hijos tuvieran una formación académica y en la música. Desde muy pequeños, aprendieron a tocar la guitarra y el laúd. Su hermano Baldomero se erigió en jefe de la compañía, y comenzaron a actuar en fiestas y bodas bajo el nombre artístico de &#8222;<strong>Los Niños de Antonio García</strong>&#8222;. Ya entonces, Manolo soñaba con ser cantante.</p>
<p>Los años cuarenta habían traído una sequía pertinaz a toda España y el campo no daba para más. Así que <strong>Antonio, emigró a Barcelona, a probar fortuna</strong>. Toda la familia (salvo los pequeños, que seguían en el colegio, por supuesto) se afanó por trabajar. Manolo encontró distintos empleos durante esos años, a la vez que participaba en los concursos de cante que se organizaban en las verbenas callejeras. <strong>La fama en los concursos de las verbenas le facilitó a Manolo el poder introducirse en otro espectáculo de la época: el cine-variedades</strong>: dos películas y un espectáculo de variedades. Cuando <strong>Raquel Meller</strong> se encontró con Manolo en un espectáculo de camino al camerino, le dijo: &#8222;<strong>Muchacho, tú llegarás&#8230; Yo sé de esto lo suficiente y he visto mucho. Llegarás, te lo aseguro</strong>&#8222;.</p>
<p><strong>SUS COMIENZOS EN LA CANCIÓN CON SUS HERMANOS GUITARRISTAS</strong></p>
<p>A principios de los 50, Manolo tuvo que cumplir el servicio militar y conoció a Eusebio, sobrino de una personalidad en el mundo de la radio, que le brindó a Manolo la oportunidad que lo introdujo en este medio. En cuanto Don José María Nadal lo escuchó, lo invitó a actuar a <strong>Radio Barcelona</strong>. En estas actuaciones, fue acompañado a la guitarra por su hermano Juan Gabriel. Y con el nombre de &#8222;Manolo Escobar y su guitarrista Juanito García&#8220;, llegó el examen para obtener el carnet profesional, que por supuesto aprobaron. Los cinco hermanos, siguiendo las instrucciones de Nadal, llegaron a formar el grupo <strong>&#8222;Manolo Escobar y sus guitarras&#8220;. Un nuevo estilo personal de música española, con un ritmo moderno.</strong></p>
<p>Con el &#8222;sonido Escobar&#8220; ya elaborado, el grupo grabó su primer disco, y su fama fue en aumento. Las galas se hacían cada vez más frecuentes.</p>
<p><strong>LAS PRIMERAS GIRAS DE “MANOLO Y SUS GUITARRAS” Y SU AMOR</strong></p>
<p>El año 1.958, les llegó un contrato en una sala de categoría de Playa de Aro, en la Costa Brava. Después de renovar para la temporada siguiente, consiguieron otro contrato para hacer una gira de tres meses por el sur de <strong>Francia</strong>. Una vez terminada con gran éxito, se lanzaron a la aventura de conocer<strong> París</strong>, y allí transcurrieron varios meses sin parar de trabajar. De vuelta a España, conoció Manolo a una alemana que se encontraba con sus padres de veraneo, y entre ellos surgió un auténtico flechazo. Ana Marx volvió a su tierra, pero consiguió a su enamorado un contrato para actuar en <strong>Alemania</strong>. Y a los pocos meses de haberse conocido, Manolo y Anita contraían matrimonio, el 10 de diciembre de 1.959, en Colonia.</p>
<p>Al año siguiente, <strong>Juanito Valderrama llamó a Manolo para llevarlo en su espectáculo</strong>. Tan seguro de sí mismo se vio, que cuando Valderrama le propuso renovar el contrato, y aunque las relaciones entre ambos eran excelentes, Manolo rehusó la oferta y decidió montar su propio espectáculo.</p>
<p><strong>LLEGA EL ÉXITO DEFINITIVO Y SU CARRERA CINEMATOGRÁFICA</strong></p>
<p>En 1.961, Manolo debuta en Córdoba, en el teatro Duque de Rivas, con su propio espectáculo: <strong>&#8222;Canta Manolo Escobar&#8220;</strong>. <strong>A partir de entonces, Manolo se convierte en pocos años en un ídolo de multitudes, paseándose triunfalmente por toda España con sus diversos espectáculos, y grabando decenas de discos que en seguida saltan a la fama.</strong> En 1.963 se inicia su carrera cinematográfica, con la película &#8222;Los guerrilleros&#8220;, carrera que continuaría hasta los años 80, a razón de una película por año. Manolo actúa con naturalidad ante las cámaras. Los personajes que interpreta son simpáticos y del pueblo llano, como él mismo, y se mueven en torno de bellas y atractivas mujeres. Y siempre hay un final feliz.</p>
<p>Canciones como &#8222;<strong>el porompompero</strong>&#8222;, &#8222;<strong>mi carro</strong>&#8222;, &#8222;<strong>la minifalda</strong>&#8222;, &#8222;<strong>madrecita María del Carmen</strong>&#8220; o &#8222;<strong>mujeres y vino</strong>&#8222;, forman parte de la cultura popular española de los años 60 y 70.</p>
<p><strong>RECONOCIMIENTOS</strong></p>
<p>En junio de 1.975, en un Homenaje Nacional que tuvo lugar en el Palacio de los Deportes de Barcelona, Manolo recibió <strong>19 discos de oro</strong> cosechados hasta entonces. Concha Velasco, su inefable compañera en cinco películas, fue la encargada de presentar el homenaje, al que acudieron 10.000 personas. También recibió la<strong> medalla de oro de la ciudad de Almería y el nombramiento de hijo adoptivo</strong> de la misma; distinciones de la Sociedad General de Autores de España, Diputación Provincial de Barcelona, Ayuntamiento de Badalona y un largo etcétera. Además, la Dirección General de Correos y Telecomunicaciones le impuso la insignia de oro de la corporación y la &#8222;capa de postas&#8220;, que sólo se otorga en casos excepcionales. También C<strong>orreos creó un matasellos conmemorativo del homenaje</strong>, para una sola estampación, que se realizó en el propio escenario sobre una foto gigante del cantante.</p>
<p><strong>LLEGÓ LA PEQUEÑA FLOR Y SIGUIÓ COSECHANDO ÉXITOS</strong></p>
<p>En 1.978 llegó a las vidas de Manolo y Anita un nuevo ser: su hija Vanessa. Esto colmó de felicidad a la pareja, y todos sus admiradores se sintieron felices por tan grato acontecimiento. Era lo único que le faltaba a nuestro querido Manolo para la alegría completa.</p>
<p>Después del éxito millonario de <strong>&#8222;Y viva España&#8220;, que superó las expectativas del propio Manolo y de su casa discográfica</strong>, Manolo se embarcó en una tarea que quizás no haya sido suficientemente apreciada: grabó la selección antológica del cancionero español. Decenas de canciones inmortales de monstruos de la copla, pero con el sello particular de su voz y su particular forma de interpretar. &#8222;Antonio Vargas Heredia&#8220;, &#8222;Suspiros de España&#8220;, &#8222;Malvaloca&#8220;&#8230;</p>
<p>Una de las últimas actuaciones de Manolo Escobar, que será recordada por todos los españoles, fue en Madrid durante la celebración de &#8222;La Roja&#8220; por el triunfo en el <strong>Mundial de Fútbol de Sudáfrica en el 2010</strong>.[/vc_column_text][/vc_column][/vc_row][vc_row][vc_column width=&#8220;1/1&#8243;][vc_empty_space empty_h=&#8220;2&#8243;][/vc_column][/vc_row][vc_row][vc_column width=&#8220;1/1&#8243;][vc_column_text uncode_shortcode_id=&#8220;617811&#8243;]</p>
<p><iframe src="https://www.youtube.com/embed/NIMhzUNG734?rel=0" width="100%" height="450px" frameborder="0" allowfullscreen="allowfullscreen"></iframe></p>
<p>[/vc_column_text][/vc_column][/vc_row][vc_row][vc_column width=&#8220;1/1&#8243;][vc_empty_space empty_h=&#8220;2&#8243;][/vc_column][/vc_row][vc_row][vc_column width=&#8220;1/1&#8243;][vc_column_text uncode_shortcode_id=&#8220;118696&#8243;]<strong>RETIRADA</strong></p>
<p>El 17 de noviembre de 2012 anuncio su retirada del mundo de la música tras tras mas de 50 años sobre los escenarios. Su despedida hubiera sido, al finalizar su gira de despedida por toda España, la cual tuvo que anular a mediados de septiembre de 2013 tras unas complicaciones que sufrio en su enfermedad</p>
<p><strong>El 24 de octubre de 2013 el artista falleció a los 82 años en su casa de Benidorm, victima de un cáncer de colón que padecía desde el 2010</strong>.</p>
<p>Era deseo de Manolo que sus cenizas fuesen esparcidas entre Almería (donde nació), Barcelona (donde comenzó su carrera profesional) y Benidorm (Donde residió gran parte de su vida)[/vc_column_text][/vc_column][/vc_row]</p>
</div>

<p>[vc_row][vc_column][vc_column_text uncode_shortcode_id=&#8220;247117&#8243;](1931 &#8211; 2013) Manuel García Escobar (19 de octubre de 1.931, El Ejido 24 de Octubre de 2013, Alicante), [&hellip;]</p>
