{"id":10280,"date":"2016-03-19T15:59:03","date_gmt":"2016-03-19T15:59:03","guid":{"rendered":"https:\/\/www.turismodealmeria.org\/personaje\/jesus-perez-de-perceval-del-moral\/?lang=de"},"modified":"2023-04-11T11:02:18","modified_gmt":"2023-04-11T09:02:18","slug":"jesus-perez-de-perceval-del-moral","status":"publish","type":"personaje","link":"https:\/\/www.turismodealmeria.org\/de\/personaje\/jesus-perez-de-perceval-del-moral\/","title":{"rendered":"Perceval"},"content":{"rendered":"<div class=\"wpb-content-wrapper\"><p>[vc_row][vc_column][vc_column_text uncode_shortcode_id=&#8220;702474&#8243;]Aus privilegierter Familie war es ihm m\u00f6glich heufig Madrid zu besuchen und sich von Kunst zu umgeben. Er verbrachte viel Zeit in dem Park des \u201cl Buen Retiro\u201d und im Museum des Prados.<\/p>\n<p>In 1934 erhielt er die goldene Medaille des Presidenten der Republic. In 1936 fand er grosse Anerkennung auf der nationale Ausstellung der Sch\u00f6nen K\u00fcnste in Madrid. Zu Beginn des spanischen B\u00fcrgerkrieges war er gezwungen nach Valencia zu ziehen wo er verschiedene Propagandaschilder f\u00fcr die Republic entwarf und in 1937, erhielt er die Goldmedaille auf der Universalen Messe in Paris auf der er\u00a0 verschiedene antifaschistische Plakate ausstellte. Nach dem Krieg kam er nach Almeria zur\u00fcck und wurde zum Provinzrat f\u00fcr Kunst ernannt. Er kolaborierte aktive mit den politischen und religi\u00f6sen Autorit\u00e4ten in der Restauration des st\u00e4dtischen Kulturgutes im besonderen im Bereich der piktorischen Darstellung Christus.<\/p>\n<p>Jesus reiste st\u00e4ndig nach Madrid, wo er mit\u00a0 Eugenio D\u2019Ors bekannt wurde.<\/p>\n<p>Zu Beginn der \u00b440 Jahre war Jesus de Perceval ein Referent in der almerienser Kunstzene. Konzentriert auf \u00a0verschidene Kunstformen erweiterte er seine Vision der Kunst und Kultur, was die \u00a0Estetik seiner Werke beeinflusste. Seine Teilname an dem lokalem Kunstleben brachte ihn zur Indalo Bewegung,die ihre Wurzels in den Stammtischen in dem Caf\u00e9 \u201cLa Granja Balear hatte. zu denen er \u00a0junge Maler der Kunst und Handwerksschule wie Capulino, Ca\u00f1adas, Canton Checa, Alcaraz y Lopez Dias einlud. Ganz pl\u00f6tzlich wurden diese von den kulturellen Autorit\u00e4ten der Stadt akzeptiert. Auf diese Weise gab Perceval seinem Konzept von mediteraner Kunst und der indalo Bewegung Form. In 1947 erreichte die Gruppe ihren H\u00f6hepunkt mit einer Gruppenausstellung in dem National Museum Moderner Kunst in Madrid.<\/p>\n<p>Pers\u00f6hnlich war Jesus zu dieser Zeit besonders beeinflusst von einem Maler aus Granada: Vazquez Diaz.[\/vc_column_text][\/vc_column][\/vc_row][vc_row][vc_column width=&#8220;1\/1&#8243;][vc_empty_space][\/vc_column][\/vc_row][vc_row][vc_column width=&#8220;1\/2&#8243;][vc_column_text uncode_shortcode_id=&#8220;170634&#8243;]W\u00e4hrend der \u00b450 und \u00b460 Jahre malte er Wandbilder in Granada und Almeria.<\/p>\n<p>In 1971 erhielt er die Goldmedaille in dem Alboran Seewoche Malereiwettbewerb.<\/p>\n<p>In sp\u00e4teren Zeiten beeinflusst von Zabaleta und Dali, von dem er gewisse Hanltungen und K\u00f6rpersprache kopierte, begann er sich f\u00fcr die Fotografie zu interessieren. Der Beginn des Tourismus und der Filmindusrie machten ihm noch bekannter.<\/p>\n<p>Perceval als Maler hatte verschieden Perioden. In seiner Jugend ( von seinem Beginn bis zur Sch\u00f6pfung der Indalo Bewegung) war sein Werk figurative mit tragisch duklen Farben, konkreten Pinselstrichen, begrenzten Zonen mit Hilfe\u00a0 von Licht und Schatten.[\/vc_column_text][\/vc_column][vc_column width=&#8220;1\/2&#8243;][vc_single_image media=&#8220;65477&#8243; media_width_percent=&#8220;100&#8243; uncode_shortcode_id=&#8220;914533&#8243;][\/vc_column][\/vc_row][vc_row][vc_column width=&#8220;1\/1&#8243;][vc_empty_space][\/vc_column][\/vc_row][vc_row][vc_column width=&#8220;1\/1&#8243;][vc_column_text uncode_shortcode_id=&#8220;190691&#8243;]Er entdeckt das Licht durch sein Werk, Frauenk\u00f6pfe mit klaren Pinselstrichen und akzentuierten runden Formen, allegorische Landschaften, Potraits und Autoportaits in dunklen T\u00f6nen und voller Melancolie. Die zweite Periode beginnt mit der Indaliano Bewegung und endet zu Beginn der \u00b450 Jahre. Zu dieser Zeit trifft Perceval Eugenio D\u2019Ors, beide stimmen in ihrem Kunstgeschack \u00fcberein. Eugenio D\u2019Ors unterst\u00fctz Perceval da er in ihm einen der grossen spanischen Maler erkannte. W\u00e4hrend seines\u00a0 Aufenthaltes in Madrid wurde Perceval dank seiner Gem\u00e4hlde, einstimmig von der Kritik als brillianter K\u00fcnstler betrachtet. In diesen Jahren zeigt sein Werk die Estetik der Indalianischen Bewegung kassische Gesichter mit neue Expresionen und strahlenden Farben. In dieser Zeit benutzt er die enkaustisch Technik in den meisten seiner Werke, sehr limitierten Linen\u00a0 und grossem Detalle.Sein Meisterwerk aus dieser Zeit ist die \u201cDegollacion de los Inocentes\u201c eine Zusammenfassung seines gesammten Werkes.<\/p>\n<p>Die dritte und letzte Periode reicht von den \u00b450 Jahren bis zu seinem Lebensende (1985) dies ist seine comerziellste Fase deren Temen vorwiegend K\u00f6pfe, Landschaften und simbolischen Szenen sind<\/p>\n<p>Jesus de Perceval war eine\u00a0 kontrovertierte geistreiche und ironische Pers\u00f6nlichkeit und ein Pfeiler der Kultur im Almeria des 20 Jahrhunderts. Er hinterlies seine Spuren in Almeria beginnend mit dem Indalo dem Simbol Almerias\u00a0 und seinen verschiedenen Werken.<\/p>\n<ul>\n<li>Er war mit Juan Antonio Cuadrado Ruiz befreundet ,Arqueologo und der erste Direktor des Arqueologischen Museums.<\/li>\n<li>Er starb am \u00a02 October 1985 und seine Totemwache wurde in der Katedrale gehalten.<\/li>\n<li>Perceval kannte Camilo Jose Cela, dessen Vater Zollaufseher in Almeria war.<\/li>\n<li>Perceval lebte in der heute nach ihm benannten Strasse: Jesus de Perceval, 26 neben den Franziskanern bis er in die Strasse Eduardo P\u00e9rez zog wo sich seine Werkstadt befand.<\/li>\n<li>Er schuf das Relief des heiligen Valentins das die Stadt auf dem Campoamor Platz ausstellt und dass mit B\u00fcrgerspenden finanziert wurde.<\/li>\n<\/ul>\n<p>[\/vc_column_text][\/vc_column][\/vc_row][vc_row][vc_column width=&#8220;1\/1&#8243;][vc_empty_space][\/vc_column][\/vc_row][vc_row][vc_column width=&#8220;1\/1&#8243;][vc_column_text uncode_shortcode_id=&#8220;131228&#8243;]<iframe src=\"https:\/\/www.youtube.com\/embed\/iVZ1bypM-wI\" width=\"560\" height=\"315\" frameborder=\"0\" allowfullscreen=\"allowfullscreen\"><\/iframe>[\/vc_column_text][\/vc_column][\/vc_row]<\/p>\n<\/div>","protected":false},"excerpt":{"rendered":"<p>Jesus Perez de Perceval del Moral war Maler wahrscheinlich beeinflusst von seinem Grossvater. Im Alter von 12 Jahren tratt er in die Kunst und Handwerksschule ein, in der er begann sich einen Namen zu machen.<\/p>\n","protected":false},"featured_media":25004,"template":"","meta":{"_acf_changed":false},"class_list":["post-10280","personaje","type-personaje","status-publish","has-post-thumbnail","hentry"],"acf":[],"ACF":{"fechas":"1915 - 1985"},"_links":{"self":[{"href":"https:\/\/www.turismodealmeria.org\/de\/wp-json\/wp\/v2\/personaje\/10280","targetHints":{"allow":["GET"]}}],"collection":[{"href":"https:\/\/www.turismodealmeria.org\/de\/wp-json\/wp\/v2\/personaje"}],"about":[{"href":"https:\/\/www.turismodealmeria.org\/de\/wp-json\/wp\/v2\/types\/personaje"}],"wp:featuredmedia":[{"embeddable":true,"href":"https:\/\/www.turismodealmeria.org\/de\/wp-json\/wp\/v2\/media\/25004"}],"wp:attachment":[{"href":"https:\/\/www.turismodealmeria.org\/de\/wp-json\/wp\/v2\/media?parent=10280"}],"curies":[{"name":"wp","href":"https:\/\/api.w.org\/{rel}","templated":true}]}}

<div class="wpb-content-wrapper"><p>[vc_row][vc_column][vc_column_text uncode_shortcode_id=&#8220;702474&#8243;]Aus privilegierter Familie war es ihm möglich heufig Madrid zu besuchen und sich von Kunst zu umgeben. Er verbrachte viel Zeit in dem Park des “l Buen Retiro” und im Museum des Prados.</p>
<p>In 1934 erhielt er die goldene Medaille des Presidenten der Republic. In 1936 fand er grosse Anerkennung auf der nationale Ausstellung der Schönen Künste in Madrid. Zu Beginn des spanischen Bürgerkrieges war er gezwungen nach Valencia zu ziehen wo er verschiedene Propagandaschilder für die Republic entwarf und in 1937, erhielt er die Goldmedaille auf der Universalen Messe in Paris auf der er  verschiedene antifaschistische Plakate ausstellte. Nach dem Krieg kam er nach Almeria zurück und wurde zum Provinzrat für Kunst ernannt. Er kolaborierte aktive mit den politischen und religiösen Autoritäten in der Restauration des städtischen Kulturgutes im besonderen im Bereich der piktorischen Darstellung Christus.</p>
<p>Jesus reiste ständig nach Madrid, wo er mit  Eugenio D’Ors bekannt wurde.</p>
<p>Zu Beginn der ´40 Jahre war Jesus de Perceval ein Referent in der almerienser Kunstzene. Konzentriert auf  verschidene Kunstformen erweiterte er seine Vision der Kunst und Kultur, was die  Estetik seiner Werke beeinflusste. Seine Teilname an dem lokalem Kunstleben brachte ihn zur Indalo Bewegung,die ihre Wurzels in den Stammtischen in dem Café “La Granja Balear hatte. zu denen er  junge Maler der Kunst und Handwerksschule wie Capulino, Cañadas, Canton Checa, Alcaraz y Lopez Dias einlud. Ganz plötzlich wurden diese von den kulturellen Autoritäten der Stadt akzeptiert. Auf diese Weise gab Perceval seinem Konzept von mediteraner Kunst und der indalo Bewegung Form. In 1947 erreichte die Gruppe ihren Höhepunkt mit einer Gruppenausstellung in dem National Museum Moderner Kunst in Madrid.</p>
<p>Persöhnlich war Jesus zu dieser Zeit besonders beeinflusst von einem Maler aus Granada: Vazquez Diaz.[/vc_column_text][/vc_column][/vc_row][vc_row][vc_column width=&#8220;1/1&#8243;][vc_empty_space][/vc_column][/vc_row][vc_row][vc_column width=&#8220;1/2&#8243;][vc_column_text uncode_shortcode_id=&#8220;170634&#8243;]Während der ´50 und ´60 Jahre malte er Wandbilder in Granada und Almeria.</p>
<p>In 1971 erhielt er die Goldmedaille in dem Alboran Seewoche Malereiwettbewerb.</p>
<p>In späteren Zeiten beeinflusst von Zabaleta und Dali, von dem er gewisse Hanltungen und Körpersprache kopierte, begann er sich für die Fotografie zu interessieren. Der Beginn des Tourismus und der Filmindusrie machten ihm noch bekannter.</p>
<p>Perceval als Maler hatte verschieden Perioden. In seiner Jugend ( von seinem Beginn bis zur Schöpfung der Indalo Bewegung) war sein Werk figurative mit tragisch duklen Farben, konkreten Pinselstrichen, begrenzten Zonen mit Hilfe  von Licht und Schatten.[/vc_column_text][/vc_column][vc_column width=&#8220;1/2&#8243;][vc_single_image media=&#8220;65477&#8243; media_width_percent=&#8220;100&#8243; uncode_shortcode_id=&#8220;914533&#8243;][/vc_column][/vc_row][vc_row][vc_column width=&#8220;1/1&#8243;][vc_empty_space][/vc_column][/vc_row][vc_row][vc_column width=&#8220;1/1&#8243;][vc_column_text uncode_shortcode_id=&#8220;190691&#8243;]Er entdeckt das Licht durch sein Werk, Frauenköpfe mit klaren Pinselstrichen und akzentuierten runden Formen, allegorische Landschaften, Potraits und Autoportaits in dunklen Tönen und voller Melancolie. Die zweite Periode beginnt mit der Indaliano Bewegung und endet zu Beginn der ´50 Jahre. Zu dieser Zeit trifft Perceval Eugenio D’Ors, beide stimmen in ihrem Kunstgeschack überein. Eugenio D’Ors unterstütz Perceval da er in ihm einen der grossen spanischen Maler erkannte. Während seines  Aufenthaltes in Madrid wurde Perceval dank seiner Gemählde, einstimmig von der Kritik als brillianter Künstler betrachtet. In diesen Jahren zeigt sein Werk die Estetik der Indalianischen Bewegung kassische Gesichter mit neue Expresionen und strahlenden Farben. In dieser Zeit benutzt er die enkaustisch Technik in den meisten seiner Werke, sehr limitierten Linen  und grossem Detalle.Sein Meisterwerk aus dieser Zeit ist die “Degollacion de los Inocentes“ eine Zusammenfassung seines gesammten Werkes.</p>
<p>Die dritte und letzte Periode reicht von den ´50 Jahren bis zu seinem Lebensende (1985) dies ist seine comerziellste Fase deren Temen vorwiegend Köpfe, Landschaften und simbolischen Szenen sind</p>
<p>Jesus de Perceval war eine  kontrovertierte geistreiche und ironische Persönlichkeit und ein Pfeiler der Kultur im Almeria des 20 Jahrhunderts. Er hinterlies seine Spuren in Almeria beginnend mit dem Indalo dem Simbol Almerias  und seinen verschiedenen Werken.</p>
<ul>
<li>Er war mit Juan Antonio Cuadrado Ruiz befreundet ,Arqueologo und der erste Direktor des Arqueologischen Museums.</li>
<li>Er starb am  2 October 1985 und seine Totemwache wurde in der Katedrale gehalten.</li>
<li>Perceval kannte Camilo Jose Cela, dessen Vater Zollaufseher in Almeria war.</li>
<li>Perceval lebte in der heute nach ihm benannten Strasse: Jesus de Perceval, 26 neben den Franziskanern bis er in die Strasse Eduardo Pérez zog wo sich seine Werkstadt befand.</li>
<li>Er schuf das Relief des heiligen Valentins das die Stadt auf dem Campoamor Platz ausstellt und dass mit Bürgerspenden finanziert wurde.</li>
</ul>
<p>[/vc_column_text][/vc_column][/vc_row][vc_row][vc_column width=&#8220;1/1&#8243;][vc_empty_space][/vc_column][/vc_row][vc_row][vc_column width=&#8220;1/1&#8243;][vc_column_text uncode_shortcode_id=&#8220;131228&#8243;]<iframe src="https://www.youtube.com/embed/iVZ1bypM-wI" width="560" height="315" frameborder="0" allowfullscreen="allowfullscreen"></iframe>[/vc_column_text][/vc_column][/vc_row]</p>
</div>
