{"id":10283,"date":"2016-03-18T15:12:00","date_gmt":"2016-03-18T15:12:00","guid":{"rendered":"https:\/\/www.turismodealmeria.org\/personaje\/celia-vinas-olivella\/?lang=de"},"modified":"2022-05-23T14:36:59","modified_gmt":"2022-05-23T12:36:59","slug":"celia-vinas-olivella","status":"publish","type":"personaje","link":"https:\/\/www.turismodealmeria.org\/de\/personaje\/celia-vinas-olivella\/","title":{"rendered":"Celia Vi\u00f1as Olivella"},"content":{"rendered":"<p>Ihre Kindheit und Jugend verbachte Celia in Palma de Mallorca wo sie die Grundschule und das Gymnasium besuchte<\/p>\n<p>Zwischen 1932 -1933 enendete sie das Gymnasium und ging nach Barcelona um Filosofie und Literatur zu studieren, sie spezialisierte sich in moderna Filologogie und romanischen Sprachen. Celia schoss ihr Studium\u00a0 mit den h\u00f6chsten Noten des Pr\u00fcfungskomitees der Universit\u00e4t Barcelonas ab.<\/p>\n<p>Nach dem spanischen B\u00fcrgerkrieg und mit beendetem Studium began sie als Bibliotekarin\u00a0 im \u201cCirculo Malloquin\u201d mit einem Stipendium des Hohen Rahtes f\u00fcr Wissenschaftlichen Studien, zu arbeiten<\/p>\n<p>In 1943 presentierte sie sich f\u00fcr den Posten des Leiters der Abteilung f\u00fcr Spache und Literatur. Celia erhielt den Posten mit den besten Kalificationen des Zulassungsgerichts. Ihr wurde die Stelle in Almeria zugesprochen, Stelle am 1 M\u00e4rz 1943 antratt.<\/p>\n<p>Einmal in Almeria\u00a0 macht sie das Lehramtsstudium (1946-47) das sie ebenfalls mit den besten Noten abschloss. W\u00e4hrend ihres Lehramtstudiums lernte sie ihren zuk\u00fcnftigen Ehemann kennen\u00a0 Arturo Medina Padilla; sie heirateten am \u00a08 \u00a0September 1953 in Palma de Mallorca und lebten in der Strasse General Duque ,25 in Almeria.<\/p>\n<p>Sie wollte immer Kinder haben und arbeitete als Vorschullehrerin. Als Lehrerin versuchte sie ihre Liebe und die Sch\u00f6nheit der Literatur an ihre Sch\u00fcler weiterzugeben. Celias liberale Lehrmetodik schaften ihr Probleme, sie wurde wegen Perversion der Jugend vor dem Bildungsministerium angezeigt.Ihre Sch\u00fcler verteigten Sie vor der Gesellschaft. Ihrer\u00a0 Kollegen und der Direktor Franciso Sainz, der\u00a0 sie zur Leiterin der Abteilung ernannt hatte, verteidigten sie. Sie wurde promoviert und hatte grossen Einfluss auf die Kultur und Bildung in einer Stadt mit wenigen intelektuellen Anspr\u00fcchen.<\/p>\n<p>Sie spielte ein wichtige Rolle in\u00a0 Almerias kulturellem Erwachen. Celia war auch teil der Indalobewegung zusammen mit Perceval, den sie in Madrid kennengelernt hatte.<\/p>\n<p>Celia Vi\u00f1as f\u00fchlte tiefe Kinderliebe und wollte selber immer Kinder haben. Trauriger Weise litt sie unter Geb\u00e4rmutterfibrose. In der Hoffnug Kinder haben zu k\u00f6nnen unterzog sie sich einer Operation die sie nicht \u00fcberlebte. Celia verstarb in 1954, sie war erst ein Jahr mit Arturo Medina verheiratet. Ihre Beerdigung war ein grosses Ereigniss in dem ihrer Sch\u00fcler den Sarg trugen.<\/p>\n<p>Celia Vi\u00f1as war eine innovative Lehrerin mit neuen pedagogischen Ideen, sie f\u00fcllte ihre Klassen mit Leidenschaft und motivirte ihre Sch\u00fcler sich jeden Tag selbst zu \u00fcbertreffen. Ihr Freund Jesus de Perceval errichtete ihr zu Ehren eine B\u00fcste auf einem der belibtesten Pl\u00e4tze der Stadt \u201cPlaza Bendicho\u201d<\/p>\n","protected":false},"excerpt":{"rendered":"<p>Celia Vi\u00f1as kam am 16 Juni 1915 in Lerida auf die Welt. Ihr Vater war Mathematiker und Pedagoge und ihre\u00a0 Mutter eine sehr inteligente und \u00e4usserst belesene Frau.Celia erbte beide Eigenschafften von ihrer Mutter.<\/p>\n","protected":false},"featured_media":25028,"template":"","meta":{"_acf_changed":false},"class_list":["post-10283","personaje","type-personaje","status-publish","has-post-thumbnail","hentry"],"acf":[],"ACF":{"fechas":"1915 - 1954"},"_links":{"self":[{"href":"https:\/\/www.turismodealmeria.org\/de\/wp-json\/wp\/v2\/personaje\/10283","targetHints":{"allow":["GET"]}}],"collection":[{"href":"https:\/\/www.turismodealmeria.org\/de\/wp-json\/wp\/v2\/personaje"}],"about":[{"href":"https:\/\/www.turismodealmeria.org\/de\/wp-json\/wp\/v2\/types\/personaje"}],"wp:featuredmedia":[{"embeddable":true,"href":"https:\/\/www.turismodealmeria.org\/de\/wp-json\/wp\/v2\/media\/25028"}],"wp:attachment":[{"href":"https:\/\/www.turismodealmeria.org\/de\/wp-json\/wp\/v2\/media?parent=10283"}],"curies":[{"name":"wp","href":"https:\/\/api.w.org\/{rel}","templated":true}]}}

Celia Viñas Olivella

<p>Ihre Kindheit und Jugend verbachte Celia in Palma de Mallorca wo sie die Grundschule und das Gymnasium besuchte</p>
<p>Zwischen 1932 -1933 enendete sie das Gymnasium und ging nach Barcelona um Filosofie und Literatur zu studieren, sie spezialisierte sich in moderna Filologogie und romanischen Sprachen. Celia schoss ihr Studium  mit den höchsten Noten des Prüfungskomitees der Universität Barcelonas ab.</p>
<p>Nach dem spanischen Bürgerkrieg und mit beendetem Studium began sie als Bibliotekarin  im “Circulo Malloquin” mit einem Stipendium des Hohen Rahtes für Wissenschaftlichen Studien, zu arbeiten</p>
<p>In 1943 presentierte sie sich für den Posten des Leiters der Abteilung für Spache und Literatur. Celia erhielt den Posten mit den besten Kalificationen des Zulassungsgerichts. Ihr wurde die Stelle in Almeria zugesprochen, Stelle am 1 März 1943 antratt.</p>
<p>Einmal in Almeria  macht sie das Lehramtsstudium (1946-47) das sie ebenfalls mit den besten Noten abschloss. Während ihres Lehramtstudiums lernte sie ihren zukünftigen Ehemann kennen  Arturo Medina Padilla; sie heirateten am  8  September 1953 in Palma de Mallorca und lebten in der Strasse General Duque ,25 in Almeria.</p>
<p>Sie wollte immer Kinder haben und arbeitete als Vorschullehrerin. Als Lehrerin versuchte sie ihre Liebe und die Schönheit der Literatur an ihre Schüler weiterzugeben. Celias liberale Lehrmetodik schaften ihr Probleme, sie wurde wegen Perversion der Jugend vor dem Bildungsministerium angezeigt.Ihre Schüler verteigten Sie vor der Gesellschaft. Ihrer  Kollegen und der Direktor Franciso Sainz, der  sie zur Leiterin der Abteilung ernannt hatte, verteidigten sie. Sie wurde promoviert und hatte grossen Einfluss auf die Kultur und Bildung in einer Stadt mit wenigen intelektuellen Ansprüchen.</p>
<p>Sie spielte ein wichtige Rolle in  Almerias kulturellem Erwachen. Celia war auch teil der Indalobewegung zusammen mit Perceval, den sie in Madrid kennengelernt hatte.</p>
<p>Celia Viñas fühlte tiefe Kinderliebe und wollte selber immer Kinder haben. Trauriger Weise litt sie unter Gebärmutterfibrose. In der Hoffnug Kinder haben zu können unterzog sie sich einer Operation die sie nicht überlebte. Celia verstarb in 1954, sie war erst ein Jahr mit Arturo Medina verheiratet. Ihre Beerdigung war ein grosses Ereigniss in dem ihrer Schüler den Sarg trugen.</p>
<p>Celia Viñas war eine innovative Lehrerin mit neuen pedagogischen Ideen, sie füllte ihre Klassen mit Leidenschaft und motivirte ihre Schüler sich jeden Tag selbst zu übertreffen. Ihr Freund Jesus de Perceval errichtete ihr zu Ehren eine Büste auf einem der belibtesten Plätze der Stadt “Plaza Bendicho”</p>

<p>Celia Viñas kam am 16 Juni 1915 in Lerida auf die Welt. Ihr Vater war Mathematiker und Pedagoge und ihre  Mutter eine sehr inteligente und äusserst belesene Frau.Celia erbte beide Eigenschafften von ihrer Mutter.</p>
