{"id":10285,"date":"2016-03-17T15:47:25","date_gmt":"2016-03-17T15:47:25","guid":{"rendered":"https:\/\/www.turismodealmeria.org\/personaje\/francisca-diaz-torres-dona-pakyta\/?lang=de"},"modified":"2023-04-11T11:07:26","modified_gmt":"2023-04-11T09:07:26","slug":"francisca-diaz-torres-dona-pakyta","status":"publish","type":"personaje","link":"https:\/\/www.turismodealmeria.org\/de\/personaje\/francisca-diaz-torres-dona-pakyta\/","title":{"rendered":"Do\u00f1a Pakyta"},"content":{"rendered":"<div class=\"wpb-content-wrapper\"><p>[vc_row][vc_column][vc_column_text uncode_shortcode_id=&#8220;446203&#8243;]Do\u00f1a Pakyta bek\u00e4mpfte durch ihre Arbeit die Bebaung <strong>Cabo de Gatas<\/strong>\u00a0und versuchte den Landschaftsschutz mit der Rekonversion eines Bauernhofes des 17 Jh. in ein Hotel zu revalorisieren. Gleichzeitig f\u00f6rderte sie\u00a0 ekologische Anbau.- und Viehzucht mit der Hilfe von 1000 celtiberischen weissen Ziegen auf 600 Hektar Land.<\/p>\n<p>Geboren in 1911 studierte sie im <a href=\"https:\/\/www.turismodealmeria.org\/de\/punto-interes\/compania-de-maria-kloster\/\"><strong>\u00a0Colegio de la Compa\u00f1\u00eda de Mar\u00eda<\/strong><\/a>\u00a0von \u00a0Almer\u00eda, und heiratete mit 21 Jahre Jos\u00e9 Gonz\u00e1lez Montoya. Sie wurde als gut gelaunte ,immer mutige, kunstliebende, reiselustige und der Singularit\u00e4t und Sch\u00f6nheit der\u201d Sierra de Cabo de Gata\u201d bewusste Frau beschrieben die sich fr\u00fch der Notwendigkeit bewusst wurde diese zu erhalten.<\/p>\n<p>Die Gesch\u00e4ftsfrau leitete zusammen mit ihrem Mann bis 1976, als er verstarb, die Erhaltung des \u201c bekanntesten und meisst besuchten Landst\u00fccks\u201d den Naturpark\u00a0 um die Bucht von San Jose.[\/vc_column_text][\/vc_column][\/vc_row][vc_row][vc_column width=&#8220;1\/1&#8243;][vc_empty_space][\/vc_column][\/vc_row][vc_row][vc_column width=&#8220;1\/2&#8243;][vc_column_text uncode_shortcode_id=&#8220;107545&#8243;]Dem Versuch in den \u00b460 Jahren die mediterane Autobahn durch ihr Landst\u00fcck zu legen, setzte das Ehepaar eine geordnete Erschliessung des zerst\u00f6rtesten Teiles\u00a0 des Landes rund um San Jos\u00e9 entgegen. Dabei zwangen sie gleichzeitig zum Einhalt von \u00a0Beschr\u00e4kung der Baufl\u00e4chen, Bau.- und Umweltschutzauflagen.<\/p>\n<p>Seit dem, mit Hilfen ihrer Firma\u00a0 hat\u00a0<strong>Francisca D\u00edaz, diese Enklave des sosteniblen Stadtbau \u00a0der\u00a0 respektvollen und beispielsetzendenArt seiner Konstrukzionen die der Tipologie des Umlandes anpasst sind, gef\u00f6rdert<\/strong>[\/vc_column_text][\/vc_column][vc_column width=&#8220;1\/2&#8243;][vc_single_image media=&#8220;65488&#8243; media_width_percent=&#8220;100&#8243; uncode_shortcode_id=&#8220;965090&#8243;][\/vc_column][\/vc_row][vc_row][vc_column width=&#8220;1\/1&#8243;][vc_empty_space][\/vc_column][\/vc_row][vc_row][vc_column width=&#8220;1\/1&#8243;][vc_column_text uncode_shortcode_id=&#8220;180319&#8243;]<strong>Der Hof\u00a0 \u201cEl Romeral\u201d traditionsm\u00e4sig dem Kornanbau und der Viehzucht <\/strong>\u00a0gewidmet hat im Laufe der Zeit neue inovative Projekte eingeleitet. Beispiele sind die Er\u00f6ffnung einer Seegrasssail Fabrik und dieSchaffung einer Landwirtschaftswasserreseve zum Erhalt des Viehs.<\/p>\n<p>In den letzten 10 Jahren wurden mehr als 9 Millonen Euros in die Rehabilitazion und revalorisierung alter\u00a0 Strukturen mit historischen und v\u00f6lkerkundlichem Interesse invertier.t\u00a0 Mit Hilfe der Firma, unter Familienleitung,f\u00fchrte Francisca D\u00edaz Iniziativen an, dieses Landgut\u00a0 zu einem touristischen Angebot umgestalten das in die traditionelle Lebensform und Kultur des Umfeld eingebettet ist.<\/p>\n<p><strong>Sie verstarb in ihrem Haus in Almeria im Alter von 103 Jahren und wurde auf dem Friedhof von Pozo de los Frailes, in N\u00edjar, neben ihrer Familie beigesetz.<\/strong><\/p>\n<p>Ihr emblematisches Haus, ihm nordischen Stil 1928 gebaut, stiftete sie dem Rathaus von Almeria damit es zu einem <a href=\"https:\/\/www.turismodealmeria.org\/museos\/de\/museo\/kunstmuseum-dona-pakyta\/\" target=\"_blank\" rel=\"noopener\">Kunstmuseum<\/a> der Stadt werde.[\/vc_column_text][\/vc_column][\/vc_row]<\/p>\n<\/div>","protected":false},"excerpt":{"rendered":"<p>Francisca D\u00edaz Torres,bekannt als \u00a0Do\u00f1a Pakyta und \u201cHerausragende Tochter Andalusiens 2010\u201c war eine almerienser Gesch\u00e4ftsfrau bekannt f\u00fcr ihre Arbeit im Umweltschutz,. Als Honorarpresidentin der Gruppe Playa y Cortijos\u201d hatte sie ein besonderes Interesse f\u00fcr die ecologischen Erhaltung des mehr als 3000 Hektar grossen Naturparks Cabo de Gata-N\u00edjar.<\/p>\n","protected":false},"featured_media":25016,"template":"","meta":{"_acf_changed":false},"class_list":["post-10285","personaje","type-personaje","status-publish","has-post-thumbnail","hentry"],"acf":[],"ACF":{"fechas":"1911 - 2014"},"_links":{"self":[{"href":"https:\/\/www.turismodealmeria.org\/de\/wp-json\/wp\/v2\/personaje\/10285","targetHints":{"allow":["GET"]}}],"collection":[{"href":"https:\/\/www.turismodealmeria.org\/de\/wp-json\/wp\/v2\/personaje"}],"about":[{"href":"https:\/\/www.turismodealmeria.org\/de\/wp-json\/wp\/v2\/types\/personaje"}],"wp:featuredmedia":[{"embeddable":true,"href":"https:\/\/www.turismodealmeria.org\/de\/wp-json\/wp\/v2\/media\/25016"}],"wp:attachment":[{"href":"https:\/\/www.turismodealmeria.org\/de\/wp-json\/wp\/v2\/media?parent=10285"}],"curies":[{"name":"wp","href":"https:\/\/api.w.org\/{rel}","templated":true}]}}

Doña Pakyta

<div class="wpb-content-wrapper"><p>[vc_row][vc_column][vc_column_text uncode_shortcode_id=&#8220;446203&#8243;]Doña Pakyta bekämpfte durch ihre Arbeit die Bebaung <strong>Cabo de Gatas</strong> und versuchte den Landschaftsschutz mit der Rekonversion eines Bauernhofes des 17 Jh. in ein Hotel zu revalorisieren. Gleichzeitig förderte sie  ekologische Anbau.- und Viehzucht mit der Hilfe von 1000 celtiberischen weissen Ziegen auf 600 Hektar Land.</p>
<p>Geboren in 1911 studierte sie im <a href="https://www.turismodealmeria.org/de/punto-interes/compania-de-maria-kloster/"><strong> Colegio de la Compañía de María</strong></a> von  Almería, und heiratete mit 21 Jahre José González Montoya. Sie wurde als gut gelaunte ,immer mutige, kunstliebende, reiselustige und der Singularität und Schönheit der” Sierra de Cabo de Gata” bewusste Frau beschrieben die sich früh der Notwendigkeit bewusst wurde diese zu erhalten.</p>
<p>Die Geschäftsfrau leitete zusammen mit ihrem Mann bis 1976, als er verstarb, die Erhaltung des “ bekanntesten und meisst besuchten Landstücks” den Naturpark  um die Bucht von San Jose.[/vc_column_text][/vc_column][/vc_row][vc_row][vc_column width=&#8220;1/1&#8243;][vc_empty_space][/vc_column][/vc_row][vc_row][vc_column width=&#8220;1/2&#8243;][vc_column_text uncode_shortcode_id=&#8220;107545&#8243;]Dem Versuch in den ´60 Jahren die mediterane Autobahn durch ihr Landstück zu legen, setzte das Ehepaar eine geordnete Erschliessung des zerstörtesten Teiles  des Landes rund um San José entgegen. Dabei zwangen sie gleichzeitig zum Einhalt von  Beschräkung der Bauflächen, Bau.- und Umweltschutzauflagen.</p>
<p>Seit dem, mit Hilfen ihrer Firma  hat <strong>Francisca Díaz, diese Enklave des sosteniblen Stadtbau  der  respektvollen und beispielsetzendenArt seiner Konstrukzionen die der Tipologie des Umlandes anpasst sind, gefördert</strong>[/vc_column_text][/vc_column][vc_column width=&#8220;1/2&#8243;][vc_single_image media=&#8220;65488&#8243; media_width_percent=&#8220;100&#8243; uncode_shortcode_id=&#8220;965090&#8243;][/vc_column][/vc_row][vc_row][vc_column width=&#8220;1/1&#8243;][vc_empty_space][/vc_column][/vc_row][vc_row][vc_column width=&#8220;1/1&#8243;][vc_column_text uncode_shortcode_id=&#8220;180319&#8243;]<strong>Der Hof  “El Romeral” traditionsmäsig dem Kornanbau und der Viehzucht </strong> gewidmet hat im Laufe der Zeit neue inovative Projekte eingeleitet. Beispiele sind die Eröffnung einer Seegrasssail Fabrik und dieSchaffung einer Landwirtschaftswasserreseve zum Erhalt des Viehs.</p>
<p>In den letzten 10 Jahren wurden mehr als 9 Millonen Euros in die Rehabilitazion und revalorisierung alter  Strukturen mit historischen und völkerkundlichem Interesse invertier.t  Mit Hilfe der Firma, unter Familienleitung,führte Francisca Díaz Iniziativen an, dieses Landgut  zu einem touristischen Angebot umgestalten das in die traditionelle Lebensform und Kultur des Umfeld eingebettet ist.</p>
<p><strong>Sie verstarb in ihrem Haus in Almeria im Alter von 103 Jahren und wurde auf dem Friedhof von Pozo de los Frailes, in Níjar, neben ihrer Familie beigesetz.</strong></p>
<p>Ihr emblematisches Haus, ihm nordischen Stil 1928 gebaut, stiftete sie dem Rathaus von Almeria damit es zu einem <a href="https://www.turismodealmeria.org/museos/de/museo/kunstmuseum-dona-pakyta/" target="_blank" rel="noopener">Kunstmuseum</a> der Stadt werde.[/vc_column_text][/vc_column][/vc_row]</p>
</div>

<p>Francisca Díaz Torres,bekannt als  Doña Pakyta und “Herausragende Tochter Andalusiens 2010“ war eine almerienser Geschäftsfrau bekannt für ihre Arbeit im Umweltschutz,. Als Honorarpresidentin der Gruppe Playa y Cortijos” hatte sie ein besonderes Interesse für die ecologischen Erhaltung des mehr als 3000 Hektar grossen Naturparks Cabo de Gata-Níjar.</p>
