{"id":10299,"date":"2016-03-12T15:49:34","date_gmt":"2016-03-12T15:49:34","guid":{"rendered":"https:\/\/www.turismodealmeria.org\/personaje\/francisco-villaespesa\/?lang=de"},"modified":"2022-05-23T16:35:59","modified_gmt":"2022-05-23T14:35:59","slug":"francisco-villaespesa","status":"publish","type":"personaje","link":"https:\/\/www.turismodealmeria.org\/de\/personaje\/francisco-villaespesa\/","title":{"rendered":"Francisco Villaespesa"},"content":{"rendered":"<p><strong>En 1888 comienza el bachiller y en 1894 se matricula en la Universidad de Granada como alumno de Derecho, Filosofia y Letras<\/strong>, estudios que nunca termin\u00f3. Sus estancias en Granada le dan la oportunidad de relacionarse con la juventud literaria y art\u00edstica de la ciudad. En 1897 cambia el rumbo de su vida y marcha a M\u00e1laga para despu\u00e9s irse a Madrid donde empieza a conocerse como poeta.<\/p>\n<p><strong>En 1898 vuelve a Almer\u00eda<\/strong> y en 1899 se casa con su prometida Elisa <strong>y ya empieza a despuntar su obra po\u00e9tica y literaria<\/strong>. En 1900 empieza a conocer personas con renombre cultural y literario como <strong>Juan Ram\u00f3n Jim\u00e9nez y Rub\u00e9n Dar\u00edo<\/strong>.\u00a0Su piso de Madrid que comparti\u00f3 con Elisa se convierte en centro de tertulias y reuniones. \u00a0All\u00ed se forjaron m\u00e1s de mil proyectos. Junto a las alegr\u00edas literarias est\u00e1 la enorme tristeza de ver morir a su esposa en 1903, v\u00edctima de tuberculosis. El poeta se queda s\u00f3lo con su peque\u00f1isima hija Elisa y con los recuerdos que ir\u00e1n dando forma a muchos poemas.\u00a0<strong>A ra\u00edz de la muerte de su mujer emprendi\u00f3 viaje por muchos pa\u00edses de Europa: Portugal , Italia y finalmente Paris, volviendo a Madrid en 1904<\/strong>.<\/p>\n<p>En 1905 conoce a M\u00aa Garc\u00eda Rub\u00edn, Gaditana y Noble , estaba casada y ten\u00eda dos hijos pero Villaespesa se va vivir con ella y tendr\u00e1n dos hijos. Dolores y Francisco. Ser\u00e1 su compa\u00f1era para siempre.\u00a0Son a\u00f1os de mucho trabajo po\u00e9tico dando su modernismo po\u00e9tico hasta el final de sus d\u00edas.<\/p>\n<p><strong>En 1915 el poeta est\u00e1 en su mejor momento y en 1916 funda la revista Cervantes<\/strong> y se inicia la publicaci\u00f3n de sus obras completas.\u00a0Su \u00e9xito popular se consolida y entre 1917 y 1929 aparecen en Espa\u00f1a la antolog\u00eda de sus versos.<\/p>\n<p><strong>En 1925 va a Brasil y el Gobierno del Pa\u00eds le ofrece todo tipo de comodidades para que se dedique a traducir al espa\u00f1ol a los poetas nacionales<\/strong>, de cuyo proyecto se llegaran a publicar varios vol\u00famenes en Espa\u00f1a y Brasil. Ser\u00e1 en Rio de Janeiro cuando sufra una hemiplegia que le provoca una par\u00e1lisis de medio cuerpo.<\/p>\n<p>En 1931, el poeta que vivi\u00f3 muchos problemas econ\u00f3micos por su decisi\u00f3n de dedicarse a la Literatura y que disfrutaba ahora de los beneficios de la Empresas Literarias, se ve sumido en problemas y ser\u00e1 el Gobierno Espa\u00f1ol quien se encargue de su repatriaci\u00f3n y le concede a\u00f1os despu\u00e9s una pensi\u00f3n vitalicia de 8000 pesetas a propuesta de Fernando de los R\u00edos Ministro de Instrucci\u00f3n P\u00fablica.<\/p>\n<p><strong>Cuando vuelve se le recibe con homenajes en teatros de Madrid y Provincia<\/strong>, pero su salud est\u00e1 ya muy quebrantada. En 1933 las nuevas leyes de la Rep\u00fablica le permiten casarse con su compa\u00f1era Mar\u00eda, ya divorciada. En 1935 publica su \u00faltimo libro \u201c Manos Vacias\u201d<\/p>\n<p>En 1936 despu\u00e9s de tener un fugaz restablecimiento, la enfermedad se le complica y muere en abril de 1936, en su casa de Madrid con 58 a\u00f1os. Su sepelio fue un acontecimiento en la capital, donde le rindieron honores oficiales y fue enterrado en el Pante\u00f3n de Hombres Ilustres de la Sacramental de San Justo. Con \u00e9l desapareci\u00f3 el \u00faltimo de los Modernistas Espa\u00f1oles.<\/p>\n","protected":false},"excerpt":{"rendered":"<p>El gran poeta Francisco Villaespesa Mart\u00edn naci\u00f3 en Laujar de Andarax en 1877 y muri\u00f3 en Madrid en 1936.\u00a0Con apenas 2 a\u00f1os se queda hu\u00e9rfano de madre y su padre se casa con la hermana de la fallecida.\u00a0En 1885 el padre es nombrado Juez en Almer\u00eda y la familia al completo se traslada a la capital.<\/p>\n","protected":false},"featured_media":25010,"template":"","meta":{"_acf_changed":false},"class_list":["post-10299","personaje","type-personaje","status-publish","has-post-thumbnail","hentry"],"acf":[],"ACF":{"fechas":"1877 - 1936"},"_links":{"self":[{"href":"https:\/\/www.turismodealmeria.org\/de\/wp-json\/wp\/v2\/personaje\/10299","targetHints":{"allow":["GET"]}}],"collection":[{"href":"https:\/\/www.turismodealmeria.org\/de\/wp-json\/wp\/v2\/personaje"}],"about":[{"href":"https:\/\/www.turismodealmeria.org\/de\/wp-json\/wp\/v2\/types\/personaje"}],"wp:featuredmedia":[{"embeddable":true,"href":"https:\/\/www.turismodealmeria.org\/de\/wp-json\/wp\/v2\/media\/25010"}],"wp:attachment":[{"href":"https:\/\/www.turismodealmeria.org\/de\/wp-json\/wp\/v2\/media?parent=10299"}],"curies":[{"name":"wp","href":"https:\/\/api.w.org\/{rel}","templated":true}]}}

<p><strong>En 1888 comienza el bachiller y en 1894 se matricula en la Universidad de Granada como alumno de Derecho, Filosofia y Letras</strong>, estudios que nunca terminó. Sus estancias en Granada le dan la oportunidad de relacionarse con la juventud literaria y artística de la ciudad. En 1897 cambia el rumbo de su vida y marcha a Málaga para después irse a Madrid donde empieza a conocerse como poeta.</p>
<p><strong>En 1898 vuelve a Almería</strong> y en 1899 se casa con su prometida Elisa <strong>y ya empieza a despuntar su obra poética y literaria</strong>. En 1900 empieza a conocer personas con renombre cultural y literario como <strong>Juan Ramón Jiménez y Rubén Darío</strong>. Su piso de Madrid que compartió con Elisa se convierte en centro de tertulias y reuniones.  Allí se forjaron más de mil proyectos. Junto a las alegrías literarias está la enorme tristeza de ver morir a su esposa en 1903, víctima de tuberculosis. El poeta se queda sólo con su pequeñisima hija Elisa y con los recuerdos que irán dando forma a muchos poemas. <strong>A raíz de la muerte de su mujer emprendió viaje por muchos países de Europa: Portugal , Italia y finalmente Paris, volviendo a Madrid en 1904</strong>.</p>
<p>En 1905 conoce a Mª García Rubín, Gaditana y Noble , estaba casada y tenía dos hijos pero Villaespesa se va vivir con ella y tendrán dos hijos. Dolores y Francisco. Será su compañera para siempre. Son años de mucho trabajo poético dando su modernismo poético hasta el final de sus días.</p>
<p><strong>En 1915 el poeta está en su mejor momento y en 1916 funda la revista Cervantes</strong> y se inicia la publicación de sus obras completas. Su éxito popular se consolida y entre 1917 y 1929 aparecen en España la antología de sus versos.</p>
<p><strong>En 1925 va a Brasil y el Gobierno del País le ofrece todo tipo de comodidades para que se dedique a traducir al español a los poetas nacionales</strong>, de cuyo proyecto se llegaran a publicar varios volúmenes en España y Brasil. Será en Rio de Janeiro cuando sufra una hemiplegia que le provoca una parálisis de medio cuerpo.</p>
<p>En 1931, el poeta que vivió muchos problemas económicos por su decisión de dedicarse a la Literatura y que disfrutaba ahora de los beneficios de la Empresas Literarias, se ve sumido en problemas y será el Gobierno Español quien se encargue de su repatriación y le concede años después una pensión vitalicia de 8000 pesetas a propuesta de Fernando de los Ríos Ministro de Instrucción Pública.</p>
<p><strong>Cuando vuelve se le recibe con homenajes en teatros de Madrid y Provincia</strong>, pero su salud está ya muy quebrantada. En 1933 las nuevas leyes de la República le permiten casarse con su compañera María, ya divorciada. En 1935 publica su último libro “ Manos Vacias”</p>
<p>En 1936 después de tener un fugaz restablecimiento, la enfermedad se le complica y muere en abril de 1936, en su casa de Madrid con 58 años. Su sepelio fue un acontecimiento en la capital, donde le rindieron honores oficiales y fue enterrado en el Panteón de Hombres Ilustres de la Sacramental de San Justo. Con él desapareció el último de los Modernistas Españoles.</p>

<p>El gran poeta Francisco Villaespesa Martín nació en Laujar de Andarax en 1877 y murió en Madrid en 1936. Con apenas 2 años se queda huérfano de madre y su padre se casa con la hermana de la fallecida. En 1885 el padre es nombrado Juez en Almería y la familia al completo se traslada a la capital.</p>
