{"id":47633,"date":"2014-08-11T00:11:29","date_gmt":"2014-08-11T00:11:29","guid":{"rendered":"https:\/\/www.turismodealmeria.org\/punto-interes\/la-iglesia-de-san-juan-antigua-mezquita-mayor\/"},"modified":"2022-05-23T12:47:34","modified_gmt":"2022-05-23T10:47:34","slug":"san-juan-kirche-fruehere-mezquita-mayor","status":"publish","type":"punto-interes","link":"https:\/\/www.turismodealmeria.org\/de\/punto-interes\/san-juan-kirche-fruehere-mezquita-mayor\/","title":{"rendered":"San Juan Kirche (fr\u00fchere Mezquita Mayor)"},"content":{"rendered":"<p>Die Kirche steht auf den \u00dcberresten der\u00a0<strong>ehemaligen Mezquita Mayor (Hauptmoschee) von Almer\u00eda<\/strong>. Die Mezquita, die im 10. Jahrhundert erbaut wurde, wurde nach der Eroberung\u00a0<strong>Almerias durch die Katholischen K\u00f6nige im Jahr 1489<\/strong>\u00a0zur wichtigsten Kathedrale der Stadt.<\/p>\n<p>Doch nach dem Erdbeben von\u00a0<strong>1522\u00a0<\/strong>blieben von dem urspr\u00fcnglichen Bau der Mezquita nur die Qibla-Wand und die Mihrab Gebetsnische \u00fcbrig, die zum Gebetsraum geh\u00f6ren.<br \/>\nDie Mihrab Gebetsnische wurde in den 30er Jahren (20. Jahrhundert) von Leopoldo Torres Balbas entdeckt, nachdem sie seit dem Bau der San Juan Kirche verborgen geblieben war. Im Inneren gibt es eine Dekoration im Stil der Almohaden des 12. Jahrhunderts.<\/p>\n<p>Nachdem die urspr\u00fcngliche Kathedrale durch das Erdbeben verschwunden war, begann man Anfang des 17. Jahrhunderts auf Gehei\u00df des Bischofs Portocarrero das heutige Gotteshaus zu bauen.<br \/>\nW\u00e4hrend des spanischen B\u00fcrgerkriegs erlitt sie die Auswirkungen der Bombardierungen und verlor das Mudejar-Dach, das sie fr\u00fcher hatte und wurde bis auf die Grundmauern zerst\u00f6rt. Man vernachl\u00e4ssigte sie, mitten in der Altstadt,\u00a0 bis sie im Jahr 1979 saniert wird, um darin wieder ein Gotteshaus etablieren.<\/p>\n<p>Im Jahr <strong>1991<\/strong>\u00a0wurde sie auf Initiative der Generaldirektion f\u00fcr Kulturg\u00fcter des Ministeriums f\u00fcr Kultur und Umwelt restauriert, wobei die Qibla und die Mihrab der ehemaligen Mezquita wiederhergestellt wurden und die Kirche ein neues Dach bekam. Das alte aus Uralit war nach dem ersten Wiederaufbau viele Jahre nach dem Ende des spanischen B\u00fcrgerkriegs gebaut worden.<\/p>\n<p>Die Hauptfassade der Kirche, die am\u00a0<strong>Plaza del Cristo de la Buena Muerte<\/strong>\u00a0liegt, stammt aus dem 17. Jahrhundert und besticht durch ihre architektonische Struktur aus Bossenquadern.<\/p>\n<p>Den Giebel ziert das Wappen des Bischofs Portocarrero, dem Urheber der Erbauung der Kirche.<\/p>\n","protected":false},"excerpt":{"rendered":"<p>Die Kirche steht auf den \u00dcberresten der\u00a0ehemaligen Mezquita Mayor (Hauptmoschee) von Almer\u00eda. Die Mezquita, die im 10. Jahrhundert erbaut wurde, [&hellip;]<\/p>\n","protected":false},"featured_media":25622,"template":"","class_list":["post-47633","punto-interes","type-punto-interes","status-publish","has-post-thumbnail","hentry","tcultura-conventos-iglesias-y-santuarios-de"],"acf":[],"ACF":{"horario":"","precio":"","enlace_documento_de_descarga":"","consejos_de_seguridad":"","ubicacion_mapa":{"address":"Parroquia de San Juan Evangelista almeria","lat":36.838576,"lng":-2.4714921,"zoom":22,"place_id":"ChIJI6Ir_wh2cA0Rt8XZmXBp8-o","street_number":"s\/n","street_name":"Calle General Luque","street_name_short":"C. Gral. Luque","city":"Almer\u00eda","state":"Andaluc\u00eda","state_short":"AN","post_code":"04002","country":"Espa\u00f1a","country_short":"ES"}},"_links":{"self":[{"href":"https:\/\/www.turismodealmeria.org\/de\/wp-json\/wp\/v2\/punto-interes\/47633","targetHints":{"allow":["GET"]}}],"collection":[{"href":"https:\/\/www.turismodealmeria.org\/de\/wp-json\/wp\/v2\/punto-interes"}],"about":[{"href":"https:\/\/www.turismodealmeria.org\/de\/wp-json\/wp\/v2\/types\/punto-interes"}],"wp:featuredmedia":[{"embeddable":true,"href":"https:\/\/www.turismodealmeria.org\/de\/wp-json\/wp\/v2\/media\/25622"}],"wp:attachment":[{"href":"https:\/\/www.turismodealmeria.org\/de\/wp-json\/wp\/v2\/media?parent=47633"}],"curies":[{"name":"wp","href":"https:\/\/api.w.org\/{rel}","templated":true}]}}

San Juan Kirche (frühere Mezquita Mayor)

<p>Die Kirche steht auf den Überresten der <strong>ehemaligen Mezquita Mayor (Hauptmoschee) von Almería</strong>. Die Mezquita, die im 10. Jahrhundert erbaut wurde, wurde nach der Eroberung <strong>Almerias durch die Katholischen Könige im Jahr 1489</strong> zur wichtigsten Kathedrale der Stadt.</p>
<p>Doch nach dem Erdbeben von <strong>1522 </strong>blieben von dem ursprünglichen Bau der Mezquita nur die Qibla-Wand und die Mihrab Gebetsnische übrig, die zum Gebetsraum gehören.<br />
Die Mihrab Gebetsnische wurde in den 30er Jahren (20. Jahrhundert) von Leopoldo Torres Balbas entdeckt, nachdem sie seit dem Bau der San Juan Kirche verborgen geblieben war. Im Inneren gibt es eine Dekoration im Stil der Almohaden des 12. Jahrhunderts.</p>
<p>Nachdem die ursprüngliche Kathedrale durch das Erdbeben verschwunden war, begann man Anfang des 17. Jahrhunderts auf Geheiß des Bischofs Portocarrero das heutige Gotteshaus zu bauen.<br />
Während des spanischen Bürgerkriegs erlitt sie die Auswirkungen der Bombardierungen und verlor das Mudejar-Dach, das sie früher hatte und wurde bis auf die Grundmauern zerstört. Man vernachlässigte sie, mitten in der Altstadt,  bis sie im Jahr 1979 saniert wird, um darin wieder ein Gotteshaus etablieren.</p>
<p>Im Jahr <strong>1991</strong> wurde sie auf Initiative der Generaldirektion für Kulturgüter des Ministeriums für Kultur und Umwelt restauriert, wobei die Qibla und die Mihrab der ehemaligen Mezquita wiederhergestellt wurden und die Kirche ein neues Dach bekam. Das alte aus Uralit war nach dem ersten Wiederaufbau viele Jahre nach dem Ende des spanischen Bürgerkriegs gebaut worden.</p>
<p>Die Hauptfassade der Kirche, die am <strong>Plaza del Cristo de la Buena Muerte</strong> liegt, stammt aus dem 17. Jahrhundert und besticht durch ihre architektonische Struktur aus Bossenquadern.</p>
<p>Den Giebel ziert das Wappen des Bischofs Portocarrero, dem Urheber der Erbauung der Kirche.</p>

<p>Die Kirche steht auf den Überresten der ehemaligen Mezquita Mayor (Hauptmoschee) von Almería. Die Mezquita, die im 10. Jahrhundert erbaut wurde, [&hellip;]</p>

Almería

Andalucía

España
