{"id":47659,"date":"2014-08-04T00:04:28","date_gmt":"2014-08-04T00:04:28","guid":{"rendered":"https:\/\/www.turismodealmeria.org\/punto-interes\/iglesia-convento-de-las-claras\/"},"modified":"2022-05-23T12:58:09","modified_gmt":"2022-05-23T10:58:09","slug":"klosterkirche-der-klarissen","status":"publish","type":"punto-interes","link":"https:\/\/www.turismodealmeria.org\/de\/punto-interes\/klosterkirche-der-klarissen\/","title":{"rendered":"Klosterkirche der Klarissen"},"content":{"rendered":"<p><strong>Das k\u00f6nigliche Kloster der Santa Clara erscheint im Testament von Jeronimo Brice\u00f1o de Mendoza aus dem Jahr 1590<\/strong>. Die Bauarbeiten begannen im Jahr 1719 und wurden wegen finanzieller Schwierigkeiten erst im Jahr 1756 endg\u00fcltig fertiggestellt, was mit dem Einzug der Ordensangeh\u00f6rigen zusammenfiel. Das urspr\u00fcngliche Grundst\u00fcck nimmt den Raum zwischen den heutigen Stra\u00dfen der\u00a0<strong>Plaza de la Constituci\u00f3n<\/strong>, Mariana und Mar\u00edn ein und geht bis dorthin, wo diese in die Lectoral Sirvent Stra\u00dfe einm\u00fcndet. Die Er\u00f6ffnung der Jovellanos Stra\u00dfe im Gebiet des Gem\u00fcse- und Obstgartens brachte die Erschaffung einer neuen Fassade des Geb\u00e4udes mit sich (die Hauptfassade) dadurch das Verschwinden des Klostergartens der Krankenstation mit sich. In \u00e4hnlicher Weise f\u00fchrte zwischen 1842 und 1846 der Wiederaufbau der Plaza de la Constitucion zum Wegfall der Hauptfassade des Komplexes und zur Anpassung an die restlichen Bauten auf dem Platz.<\/p>\n<p>Das Kloster erlebte seit seiner Erbauung viele Schicksalsschl\u00e4ge. Die erste Umgestaltung geht zur\u00fcck auf das Jahr\u00a0<strong>1811<\/strong>, als die Jovellanos Stra\u00dfe auf dem urspr\u00fcnglichen Garten er\u00f6ffnet wurde. 1837 wurde es s\u00e4kularisiert und man brachte dort das Regierungspr\u00e4sidium der Provinz und die Landesregierung unter. Aus diesem Grund mussten die Nonnen in das\u00a0<strong>Convento de las Puras (Kloster der Reinen)<\/strong>\u00a0umziehen. Den tragischsten Vorfall erlitt das Kloster aber w\u00e4hrend des Spanischen B\u00fcrgerkriegs, als es in Brand gesteckt wurde, und nur die Kirche stehenblieb, das einzige originale Element, da das heutige Kloster in der Nachkriegszeit rekonstruiert wurde.<\/p>\n<p>Seine Hauptfassade in der Jovellanos Stra\u00dfe zeigt das Hauptportal einen Rundbogen mit modellierter Bogenlinie zwischen zwei Halbs\u00e4ulen auf Plinthen, die ein Geb\u00e4lk, das von einem geschwungenem Giebel gekr\u00f6nt ist tragen, um die Nische der Figur der Santa Clara aufzunehmen. Der Seiteneingang ist schlichter gehalten und befindet sich in der Mariana Stra\u00dfe.<\/p>\n<p><strong>BEHINDERTENGERECHTER ZUGANG<\/strong><\/p>\n","protected":false},"excerpt":{"rendered":"<p>Das k\u00f6nigliche Kloster der Santa Clara erscheint im Testament von Jeronimo Brice\u00f1o de Mendoza aus dem Jahr 1590. Die Bauarbeiten [&hellip;]<\/p>\n","protected":false},"featured_media":25583,"template":"","class_list":["post-47659","punto-interes","type-punto-interes","status-publish","has-post-thumbnail","hentry","tcultura-conventos-iglesias-y-santuarios-de"],"acf":[],"ACF":{"horario":"","precio":"","ubicacion_mapa":{"address":"C. Jovellanos, 11, 04003 Almer\u00eda","lat":36.84050089999999,"lng":-2.4670406,"zoom":14,"place_id":"ChIJ_bkAGgd2cA0RU1wNNKV3ovU","street_number":"11","street_name":"Calle Jovellanos","street_name_short":"C. Jovellanos","city":"Almer\u00eda","state":"Andaluc\u00eda","state_short":"AN","post_code":"04003","country":"Espa\u00f1a","country_short":"ES"},"enlace_documento_de_descarga":"","consejos_de_seguridad":""},"_links":{"self":[{"href":"https:\/\/www.turismodealmeria.org\/de\/wp-json\/wp\/v2\/punto-interes\/47659","targetHints":{"allow":["GET"]}}],"collection":[{"href":"https:\/\/www.turismodealmeria.org\/de\/wp-json\/wp\/v2\/punto-interes"}],"about":[{"href":"https:\/\/www.turismodealmeria.org\/de\/wp-json\/wp\/v2\/types\/punto-interes"}],"wp:featuredmedia":[{"embeddable":true,"href":"https:\/\/www.turismodealmeria.org\/de\/wp-json\/wp\/v2\/media\/25583"}],"wp:attachment":[{"href":"https:\/\/www.turismodealmeria.org\/de\/wp-json\/wp\/v2\/media?parent=47659"}],"curies":[{"name":"wp","href":"https:\/\/api.w.org\/{rel}","templated":true}]}}

<p><strong>Das königliche Kloster der Santa Clara erscheint im Testament von Jeronimo Briceño de Mendoza aus dem Jahr 1590</strong>. Die Bauarbeiten begannen im Jahr 1719 und wurden wegen finanzieller Schwierigkeiten erst im Jahr 1756 endgültig fertiggestellt, was mit dem Einzug der Ordensangehörigen zusammenfiel. Das ursprüngliche Grundstück nimmt den Raum zwischen den heutigen Straßen der <strong>Plaza de la Constitución</strong>, Mariana und Marín ein und geht bis dorthin, wo diese in die Lectoral Sirvent Straße einmündet. Die Eröffnung der Jovellanos Straße im Gebiet des Gemüse- und Obstgartens brachte die Erschaffung einer neuen Fassade des Gebäudes mit sich (die Hauptfassade) dadurch das Verschwinden des Klostergartens der Krankenstation mit sich. In ähnlicher Weise führte zwischen 1842 und 1846 der Wiederaufbau der Plaza de la Constitucion zum Wegfall der Hauptfassade des Komplexes und zur Anpassung an die restlichen Bauten auf dem Platz.</p>
<p>Das Kloster erlebte seit seiner Erbauung viele Schicksalsschläge. Die erste Umgestaltung geht zurück auf das Jahr <strong>1811</strong>, als die Jovellanos Straße auf dem ursprünglichen Garten eröffnet wurde. 1837 wurde es säkularisiert und man brachte dort das Regierungspräsidium der Provinz und die Landesregierung unter. Aus diesem Grund mussten die Nonnen in das <strong>Convento de las Puras (Kloster der Reinen)</strong> umziehen. Den tragischsten Vorfall erlitt das Kloster aber während des Spanischen Bürgerkriegs, als es in Brand gesteckt wurde, und nur die Kirche stehenblieb, das einzige originale Element, da das heutige Kloster in der Nachkriegszeit rekonstruiert wurde.</p>
<p>Seine Hauptfassade in der Jovellanos Straße zeigt das Hauptportal einen Rundbogen mit modellierter Bogenlinie zwischen zwei Halbsäulen auf Plinthen, die ein Gebälk, das von einem geschwungenem Giebel gekrönt ist tragen, um die Nische der Figur der Santa Clara aufzunehmen. Der Seiteneingang ist schlichter gehalten und befindet sich in der Mariana Straße.</p>
<p><strong>BEHINDERTENGERECHTER ZUGANG</strong></p>

<p>Das königliche Kloster der Santa Clara erscheint im Testament von Jeronimo Briceño de Mendoza aus dem Jahr 1590. Die Bauarbeiten [&hellip;]</p>

C. Jovellanos, 11, 04003 Almería

Almería

Andalucía

España
