{"id":52376,"date":"2014-08-10T00:10:32","date_gmt":"2014-08-09T22:10:32","guid":{"rendered":"https:\/\/www.turismodealmeria.org\/punto-interes\/la-catedral\/"},"modified":"2022-05-23T12:49:46","modified_gmt":"2022-05-23T10:49:46","slug":"la-catedral","status":"publish","type":"punto-interes","link":"https:\/\/www.turismodealmeria.org\/de\/punto-interes\/la-catedral\/","title":{"rendered":"Die Kathedrale"},"content":{"rendered":"<p>Der Platz, der Mitte des 19. Jahrhunderts entworfen wurde, wurde einigen Umbauarbeiten unterzogen, die letzten im Jahr 2000.<\/p>\n<p>Mit dem Bau der Kathedrale wurde im Jahre 1524 begonnen, nachdem das Erdbeben 1522 die erste, die in der Medina gelegen war zerst\u00f6rt hatte. Sie wurde auf der alten Hauptmoschee errichtet. Ihr auff\u00e4lligstes Merkmal ist, dass es sich um eine Kirchenburg handelt, die sowohl f\u00fcr Gottesdienste, als auch als Schutz f\u00fcr die Bev\u00f6lkerung vor den Angriffen der berberischen Piraten. Dies kann man genau an der Hauptfassade sehen: Verwendung von gro\u00dfen Strebpfeilern und T\u00fcrmen an den Ecken, massive W\u00e4nde und die Dekoration konzentriert sich im Hauptportal, wo die Wappen von Karl I. von Spanien und V von Deutschland und das des Gr\u00fcndungsbischofs der Kathedrale, Fray Diego Fernandez de Villalan h\u00e4ngen. Das Seitenportal in der Velazquez Stra\u00dfe, auch das Portal \u201cder Vergebung\u201d genannt, ist aus dem gleichen Renaissance-Stil wie das Hauptportal, auch wenn die Dekoration einfacher gehalten ist.<\/p>\n<p>Im Inneren mit Hallenkirche und einer Baustruktur aus der Sp\u00e4tgotik sind besonders die Sakristei und das Chorgest\u00fchl, beides Werke im Renaissance-Stil von Juan de Orea, und die Chorr\u00fcckseite (trascoro) und der Kreuzgang in neoklassischem Stil aus dem sp\u00e4ten 18. Jahrhundert. Der Kreuzgang, mit dessen Bau J. Antonio Munar nach dem Tod von Ventura Rodriguez (Erbauer der Chorr\u00fcckseite und des Tabernakels) beauftragt wurde, ist der sch\u00f6nste neoklassizistische Kreuzgang aller spanischer Kathedralen. Der Hochaltar, der im 18. Jahrhundert neu gestaltet wurde, wird von dem Rundtempel und dem Tabernakel \u00fcberragt, und an seiner Front heben sich als Altaraufsatz die Bilder mit Szenen aus dem Leben der Jungfrau Maria und zwei alte Reliefs aus dem 16. Jahrhundert in der Mitte vom Gesamtbild ab: Die Verk\u00fcndigung Christi und Golgatha. Die herausragendsten Kapellen befinden sich im Chorumgang hinter dem Hauptaltar: die des San Indalecio, die des Christus des Zuh\u00f6rens und die der Jungfrau der Barmherzigkeit.<\/p>\n<p>Auf dem Platz gegen\u00fcber der Fassade der Kathedrale befindet sich der Bischofspalast aus dem 19. Jahrhundert. In der Stra\u00dfe Cubo befindet sich in einem der T\u00fcrme der Kathedrale, der zur Kapelle des Christus des Zuh\u00f6rens geh\u00f6rt die charakteristische Sonne von Portocarrero, das Wahrzeichen der Stadt.<br \/>\n<strong>BEHINDERTENGERECHTER ZUGANG<\/strong><\/p>\n","protected":false},"excerpt":{"rendered":"<p>Der Platz, der Mitte des 19. Jahrhunderts entworfen wurde, wurde einigen Umbauarbeiten unterzogen, die letzten im Jahr 2000. Mit dem [&hellip;]<\/p>\n","protected":false},"featured_media":25613,"template":"","class_list":["post-52376","punto-interes","type-punto-interes","status-publish","has-post-thumbnail","hentry","tcultura-conventos-iglesias-y-santuarios-de"],"acf":[],"ACF":{"ubicacion_mapa":{"address":"Catedral de Almer\u00eda","lat":36.8381735,"lng":-2.4673908,"zoom":14,"place_id":"ChIJ11qnkwZ2cA0R8cTxBWKCijE","street_number":"8","street_name":"Plaza de la Catedral","street_name_short":"Pl. de la Catedral","city":"Almer\u00eda","state":"Andaluc\u00eda","state_short":"AN","post_code":"04001","country":"Espa\u00f1a","country_short":"ES"},"consejos_de_seguridad":"","precio":"ENTRADA GENERAL* (de 18 a 64 a\u00f1os) \u2013 6.00\u20ac\r\nREDUCIDA MAYORES* (A partir de 65 a\u00f1os) \u2013 5.00\u20ac\r\nENTRADA JOVEN\/ESTUDIANTE* (De 13 a 17 a\u00f1os, Carnet Joven\/Universitario hasta 25 a\u00f1os) \u2013 4.00\u20ac\r\nGRUPOS (A partir de 20pax \/ acuerdos con empresas del sector ) \u2013 4.00\u20ac\r\nCAPACIDADES DIFERENTES Y DESEMPLEADOS* (> 33% discapacidad) \u2013 4.00\u20ac\r\nENTRADA COLEGIOS \u2013 3.00\u20ac","enlace_documento_de_descarga":"","horario":""},"_links":{"self":[{"href":"https:\/\/www.turismodealmeria.org\/de\/wp-json\/wp\/v2\/punto-interes\/52376","targetHints":{"allow":["GET"]}}],"collection":[{"href":"https:\/\/www.turismodealmeria.org\/de\/wp-json\/wp\/v2\/punto-interes"}],"about":[{"href":"https:\/\/www.turismodealmeria.org\/de\/wp-json\/wp\/v2\/types\/punto-interes"}],"wp:featuredmedia":[{"embeddable":true,"href":"https:\/\/www.turismodealmeria.org\/de\/wp-json\/wp\/v2\/media\/25613"}],"wp:attachment":[{"href":"https:\/\/www.turismodealmeria.org\/de\/wp-json\/wp\/v2\/media?parent=52376"}],"curies":[{"name":"wp","href":"https:\/\/api.w.org\/{rel}","templated":true}]}}

<p>Der Platz, der Mitte des 19. Jahrhunderts entworfen wurde, wurde einigen Umbauarbeiten unterzogen, die letzten im Jahr 2000.</p>
<p>Mit dem Bau der Kathedrale wurde im Jahre 1524 begonnen, nachdem das Erdbeben 1522 die erste, die in der Medina gelegen war zerstört hatte. Sie wurde auf der alten Hauptmoschee errichtet. Ihr auffälligstes Merkmal ist, dass es sich um eine Kirchenburg handelt, die sowohl für Gottesdienste, als auch als Schutz für die Bevölkerung vor den Angriffen der berberischen Piraten. Dies kann man genau an der Hauptfassade sehen: Verwendung von großen Strebpfeilern und Türmen an den Ecken, massive Wände und die Dekoration konzentriert sich im Hauptportal, wo die Wappen von Karl I. von Spanien und V von Deutschland und das des Gründungsbischofs der Kathedrale, Fray Diego Fernandez de Villalan hängen. Das Seitenportal in der Velazquez Straße, auch das Portal “der Vergebung” genannt, ist aus dem gleichen Renaissance-Stil wie das Hauptportal, auch wenn die Dekoration einfacher gehalten ist.</p>
<p>Im Inneren mit Hallenkirche und einer Baustruktur aus der Spätgotik sind besonders die Sakristei und das Chorgestühl, beides Werke im Renaissance-Stil von Juan de Orea, und die Chorrückseite (trascoro) und der Kreuzgang in neoklassischem Stil aus dem späten 18. Jahrhundert. Der Kreuzgang, mit dessen Bau J. Antonio Munar nach dem Tod von Ventura Rodriguez (Erbauer der Chorrückseite und des Tabernakels) beauftragt wurde, ist der schönste neoklassizistische Kreuzgang aller spanischer Kathedralen. Der Hochaltar, der im 18. Jahrhundert neu gestaltet wurde, wird von dem Rundtempel und dem Tabernakel überragt, und an seiner Front heben sich als Altaraufsatz die Bilder mit Szenen aus dem Leben der Jungfrau Maria und zwei alte Reliefs aus dem 16. Jahrhundert in der Mitte vom Gesamtbild ab: Die Verkündigung Christi und Golgatha. Die herausragendsten Kapellen befinden sich im Chorumgang hinter dem Hauptaltar: die des San Indalecio, die des Christus des Zuhörens und die der Jungfrau der Barmherzigkeit.</p>
<p>Auf dem Platz gegenüber der Fassade der Kathedrale befindet sich der Bischofspalast aus dem 19. Jahrhundert. In der Straße Cubo befindet sich in einem der Türme der Kathedrale, der zur Kapelle des Christus des Zuhörens gehört die charakteristische Sonne von Portocarrero, das Wahrzeichen der Stadt.<br />
<strong>BEHINDERTENGERECHTER ZUGANG</strong></p>

Catedral de Almería

Almería

Andalucía

España

ENTRADA GENERAL* (de 18 a 64 años) – 6.00€
REDUCIDA MAYORES* (A partir de 65 años) – 5.00€
ENTRADA JOVEN/ESTUDIANTE* (De 13 a 17 años, Carnet Joven/Universitario hasta 25 años) – 4.00€
GRUPOS (A partir de 20pax / acuerdos con empresas del sector ) – 4.00€
CAPACIDADES DIFERENTES Y DESEMPLEADOS* (> 33% discapacidad) – 4.00€
ENTRADA COLEGIOS – 3.00€
