{"id":49844,"date":"2015-12-09T00:09:46","date_gmt":"2015-12-09T00:09:46","guid":{"rendered":"https:\/\/www.turismodealmeria.org\/lugar\/estatua-de-alfredo-kraus\/"},"modified":"2022-05-23T09:24:31","modified_gmt":"2022-05-23T07:24:31","slug":"estatua-de-alfredo-kraus","status":"publish","type":"lugar","link":"https:\/\/www.turismodealmeria.org\/en\/lugar\/estatua-de-alfredo-kraus\/","title":{"rendered":"Statue of Alfredo Kraus"},"content":{"rendered":"<div class=\"entry\">\n<p>Almeria city stands the statue of \u201cAlfredo Kraus in his sublime creation of Werther\u201d in honor of the master of bel canto pure. \u201cIn honor and recognition of universal art. Almer\u00eda, April 2007 \u201cprays at the base of the sculpture of the canary tenor.<\/p>\n<p>The statue is installed in the square of the capital that bears his name in front of the Municipal Auditorium Maestro Padilla.<\/p>\n<p>It was the first statue erected on the peninsula in memory of Alfredo Kraus, although they have sculpted busts in other cities.<\/p>\n<\/div>\n","protected":false},"excerpt":{"rendered":"<p>Almeria city stands the statue of \u201cAlfredo Kraus in his sublime creation of Werther\u201d in honor of the master of [&hellip;]<\/p>\n","protected":false},"featured_media":56334,"template":"","format":"standard","meta":{"_acf_changed":false,"footnotes":""},"class_list":["post-49844","lugar","type-lugar","status-publish","format-standard","has-post-thumbnail","hentry","tlugar-estatuas-y-esculturas-en"],"acf":[],"ACF":{"ubicacion_mapa":{"address":"Auditorio Municipal Maestro Padilla","lat":36.8236625,"lng":-2.4440067,"zoom":14,"place_id":"ChIJs01EcUOdeg0RTlxBP6wyEaE","street_name":"Plaza Alfredo Kraus","street_name_short":"Pl. Alfredo Kraus","city":"Almer\u00eda","state":"Andaluc\u00eda","state_short":"AN","post_code":"04007","country":"Espa\u00f1a","country_short":"ES"}},"_links":{"self":[{"href":"https:\/\/www.turismodealmeria.org\/en\/wp-json\/wp\/v2\/lugar\/49844","targetHints":{"allow":["GET"]}}],"collection":[{"href":"https:\/\/www.turismodealmeria.org\/en\/wp-json\/wp\/v2\/lugar"}],"about":[{"href":"https:\/\/www.turismodealmeria.org\/en\/wp-json\/wp\/v2\/types\/lugar"}],"version-history":[{"count":0,"href":"https:\/\/www.turismodealmeria.org\/en\/wp-json\/wp\/v2\/lugar\/49844\/revisions"}],"wp:featuredmedia":[{"embeddable":true,"href":"https:\/\/www.turismodealmeria.org\/en\/wp-json\/wp\/v2\/media\/56334"}],"wp:attachment":[{"href":"https:\/\/www.turismodealmeria.org\/en\/wp-json\/wp\/v2\/media?parent=49844"}],"curies":[{"name":"wp","href":"https:\/\/api.w.org\/{rel}","templated":true}]}}

<div class="entry">
<p>Almeria city stands the statue of “Alfredo Kraus in his sublime creation of Werther” in honor of the master of bel canto pure. “In honor and recognition of universal art. Almería, April 2007 “prays at the base of the sculpture of the canary tenor.</p>
<p>The statue is installed in the square of the capital that bears his name in front of the Municipal Auditorium Maestro Padilla.</p>
<p>It was the first statue erected on the peninsula in memory of Alfredo Kraus, although they have sculpted busts in other cities.</p>
</div>

Almería

Andalucía

España
