{"id":49864,"date":"2015-12-06T00:06:51","date_gmt":"2015-12-06T00:06:51","guid":{"rendered":"https:\/\/www.turismodealmeria.org\/lugar\/busto-del-padre-ballarin\/"},"modified":"2022-05-23T09:29:51","modified_gmt":"2022-05-23T07:29:51","slug":"busto-del-padre-ballarin","status":"publish","type":"lugar","link":"https:\/\/www.turismodealmeria.org\/en\/lugar\/busto-del-padre-ballarin\/","title":{"rendered":"Bust of Father Ballar\u00edn"},"content":{"rendered":"<div class=\"entry\">\n<p>This bust is dedicated to the Father Ballar\u00edn, Prior of the Dominicans. Ballar\u00edn was seeing the progressive deterioration of the city and thought about how to safeguard all that was in charge. He had a special interest in maintaining the image of our patron saint, the Virgen del Mar, even to replace it to prevent spoilage, what was done with the strictest privacy. This helped keep the image, especially with the events of 1936 in which the temple of the patron suffered several attempts of fire, with the July 23 of that year, when it was burned, leaving converted the ship into a pile of rubble.<\/p>\n<p>To 39 and remained the temple, when a group of 50 almerienses attended by volunteers to the call of the Father Ballar\u00edn the debris removal began, but still, the image remained hidden since the shelling intensified in the city and risked It is destroyed.<\/p>\n<p>After the end of the civil war, the voice that nevertheless the image of the Virgin had been saved came, and in April, the image came to light, thanks to the efforts of Father Ballar\u00edn among others. In addition, Father promoted the reconstruction and fundraising for the sanctuary.<\/p>\n<\/div>\n","protected":false},"excerpt":{"rendered":"<p>This bust is dedicated to the Father Ballar\u00edn, Prior of the Dominicans. Ballar\u00edn was seeing the progressive deterioration of the [&hellip;]<\/p>\n","protected":false},"featured_media":57173,"template":"","format":"standard","meta":{"_acf_changed":false,"footnotes":""},"class_list":["post-49864","lugar","type-lugar","status-publish","format-standard","has-post-thumbnail","hentry","tlugar-estatuas-y-esculturas-en"],"acf":[],"ACF":{"ubicacion_mapa":{"address":"Pl. de la Virgen del Mar, 13, 04001 Almer\u00eda, Espa\u00f1a","lat":36.837462,"lng":-2.464944,"zoom":14,"place_id":"ChIJl-5eVAF2cA0ROkaflwww1Uk","street_number":"13","street_name":"Plaza de la Virgen del Mar","street_name_short":"Pl. de la Virgen del Mar","city":"Almer\u00eda","state":"Andaluc\u00eda","state_short":"AN","post_code":"04001","country":"Espa\u00f1a","country_short":"ES"}},"_links":{"self":[{"href":"https:\/\/www.turismodealmeria.org\/en\/wp-json\/wp\/v2\/lugar\/49864","targetHints":{"allow":["GET"]}}],"collection":[{"href":"https:\/\/www.turismodealmeria.org\/en\/wp-json\/wp\/v2\/lugar"}],"about":[{"href":"https:\/\/www.turismodealmeria.org\/en\/wp-json\/wp\/v2\/types\/lugar"}],"version-history":[{"count":0,"href":"https:\/\/www.turismodealmeria.org\/en\/wp-json\/wp\/v2\/lugar\/49864\/revisions"}],"wp:featuredmedia":[{"embeddable":true,"href":"https:\/\/www.turismodealmeria.org\/en\/wp-json\/wp\/v2\/media\/57173"}],"wp:attachment":[{"href":"https:\/\/www.turismodealmeria.org\/en\/wp-json\/wp\/v2\/media?parent=49864"}],"curies":[{"name":"wp","href":"https:\/\/api.w.org\/{rel}","templated":true}]}}

Bust of Father Ballarín

<div class="entry">
<p>This bust is dedicated to the Father Ballarín, Prior of the Dominicans. Ballarín was seeing the progressive deterioration of the city and thought about how to safeguard all that was in charge. He had a special interest in maintaining the image of our patron saint, the Virgen del Mar, even to replace it to prevent spoilage, what was done with the strictest privacy. This helped keep the image, especially with the events of 1936 in which the temple of the patron suffered several attempts of fire, with the July 23 of that year, when it was burned, leaving converted the ship into a pile of rubble.</p>
<p>To 39 and remained the temple, when a group of 50 almerienses attended by volunteers to the call of the Father Ballarín the debris removal began, but still, the image remained hidden since the shelling intensified in the city and risked It is destroyed.</p>
<p>After the end of the civil war, the voice that nevertheless the image of the Virgin had been saved came, and in April, the image came to light, thanks to the efforts of Father Ballarín among others. In addition, Father promoted the reconstruction and fundraising for the sanctuary.</p>
</div>

<p>This bust is dedicated to the Father Ballarín, Prior of the Dominicans. Ballarín was seeing the progressive deterioration of the [&hellip;]</p>

Pl. de la Virgen del Mar, 13, 04001 Almería, España

Almería

Andalucía

España
