{"id":49893,"date":"2015-12-03T00:03:32","date_gmt":"2015-12-03T00:03:32","guid":{"rendered":"https:\/\/www.turismodealmeria.org\/lugar\/busto-a-celia-vinas\/"},"modified":"2022-05-23T09:38:39","modified_gmt":"2022-05-23T07:38:39","slug":"busto-a-celia-vinas","status":"publish","type":"lugar","link":"https:\/\/www.turismodealmeria.org\/en\/lugar\/busto-a-celia-vinas\/","title":{"rendered":"Celia Vi\u00f1as bust"},"content":{"rendered":"<p>Since 1984, this sculpture pays homage at the Plaza Bendicho the author <strong>Celia Vi\u00f1as Olivella<\/strong> (Lleida, June 16, 1915 \u2013 Almeria, June 21, 1954) who wrote children\u2019s poetry in Castilian and Catalan, <strong>with a brief but considered renewing work and key in the panorama of the postwar period<\/strong>. Vi\u00f1as studied Philology at the University of Barcelona and worked several years as a teacher in Almeria, where he arrived in 1943. Here he married Professor Arturo Medina Almeria and lived very close to its people until his death in 1954.<\/p>\n","protected":false},"excerpt":{"rendered":"<p>Since 1984, this sculpture pays homage at the Plaza Bendicho the author Celia Vi\u00f1as Olivella (Lleida, June 16, 1915 \u2013 [&hellip;]<\/p>\n","protected":false},"featured_media":25500,"template":"","format":"standard","meta":{"_acf_changed":false,"footnotes":""},"class_list":["post-49893","lugar","type-lugar","status-publish","format-standard","has-post-thumbnail","hentry","tlugar-estatuas-y-esculturas-en"],"acf":[],"ACF":{"ubicacion_mapa":{"address":"Plaza Bendicho","lat":36.8377158,"lng":-2.4665931,"zoom":18,"place_id":"ChIJoxRTmAZ2cA0Rk4uxe0tvwz0","street_name":"Plaza Bendicho","street_name_short":"Pl. Bendicho","city":"Almer\u00eda","state":"Andaluc\u00eda","state_short":"AN","post_code":"04001","country":"Espa\u00f1a","country_short":"ES"}},"_links":{"self":[{"href":"https:\/\/www.turismodealmeria.org\/en\/wp-json\/wp\/v2\/lugar\/49893","targetHints":{"allow":["GET"]}}],"collection":[{"href":"https:\/\/www.turismodealmeria.org\/en\/wp-json\/wp\/v2\/lugar"}],"about":[{"href":"https:\/\/www.turismodealmeria.org\/en\/wp-json\/wp\/v2\/types\/lugar"}],"version-history":[{"count":0,"href":"https:\/\/www.turismodealmeria.org\/en\/wp-json\/wp\/v2\/lugar\/49893\/revisions"}],"wp:featuredmedia":[{"embeddable":true,"href":"https:\/\/www.turismodealmeria.org\/en\/wp-json\/wp\/v2\/media\/25500"}],"wp:attachment":[{"href":"https:\/\/www.turismodealmeria.org\/en\/wp-json\/wp\/v2\/media?parent=49893"}],"curies":[{"name":"wp","href":"https:\/\/api.w.org\/{rel}","templated":true}]}}

Celia Viñas bust

<p>Since 1984, this sculpture pays homage at the Plaza Bendicho the author <strong>Celia Viñas Olivella</strong> (Lleida, June 16, 1915 – Almeria, June 21, 1954) who wrote children’s poetry in Castilian and Catalan, <strong>with a brief but considered renewing work and key in the panorama of the postwar period</strong>. Viñas studied Philology at the University of Barcelona and worked several years as a teacher in Almeria, where he arrived in 1943. Here he married Professor Arturo Medina Almeria and lived very close to its people until his death in 1954.</p>

<p>Since 1984, this sculpture pays homage at the Plaza Bendicho the author Celia Viñas Olivella (Lleida, June 16, 1915 – [&hellip;]</p>

Almería

Andalucía

España
