{"id":9771,"date":"2016-03-16T15:39:54","date_gmt":"2016-03-16T15:39:54","guid":{"rendered":"https:\/\/www.turismodealmeria.org\/personaje\/federico-garcia-lorca\/?lang=en"},"modified":"2022-05-23T14:49:09","modified_gmt":"2022-05-23T12:49:09","slug":"federico-garcia-lorca","status":"publish","type":"personaje","link":"https:\/\/www.turismodealmeria.org\/en\/personaje\/federico-garcia-lorca\/","title":{"rendered":"Federico Garc\u00eda Lorca"},"content":{"rendered":"<p>Federico Garc\u00eda Lorca nace en Fuentevaqueros (Granada en 1898) y desde peque\u00f1o aprendi\u00f3 a leer con su madre (maestra de escuela), asistiendo despu\u00e9s en Fuentevaqueros a la escuela de su profesor y tambi\u00e9n tutor Antonio Rodriguez Espinosa. <strong>Antonio Rodr\u00edguez Espinosa marcha a Almer\u00eda y se ir\u00e1 a vivir con \u00e9l Federico Garc\u00eda Lorca<\/strong>, \u00a0en el a\u00f1o 1906 y pasa el curso de 1907\/1908 y los meses de julio y agosto de ese mismo a\u00f1o. En dicho a\u00f1o (1908) solicita hacer el examen de ingreso en el Instituto de Ense\u00f1anza Secundaria de Almer\u00eda y estuvo estudiando en dicho Instituto durante el curso 1908\/1909, aunque este curso no lo termino. Solo estuvo seis meses porque cay\u00f3 enfermo de una enfermedad bucal. Esta enfermedad, hace que se traslade a Granada y estudie a partir de 1909 en el Sagrado Coraz\u00f3n de Jes\u00fas. En Almer\u00eda entre 1906 y 1909, <strong>Federico Garc\u00eda Lorca ten\u00eda la edad de 10 a 13 a\u00f1os.<\/strong> De su viaje y recuerdos de Almer\u00eda y tras\u00a0 los sucesos acaecidos en el Cortijo del Fraile se inspir\u00f3 para sus <strong>&#8220;Bodas de Sangre&#8221;<\/strong>.<\/p>\n<p>En la <strong>Plaza Maestro Rodr\u00edguez Espinosa<\/strong>, y frente al edificio donde vivi\u00f3 con su tutor, la ciudad de Almer\u00eda rinde homenaje a este poeta con un <strong><a href=\"\/personaje\/federico-garcia-lorca\/\">busto<\/a><\/strong> que preside la plaza, adem\u00e1s de la Avenida Federico Garc\u00eda Lorca, una de las principales arterias de la ciudad, m\u00e1s conocida como la rambla.<\/p>\n<p>Este insigne poeta y dramaturgo de la generaci\u00f3n del 27 <strong>muri\u00f3 en 1936\u00a0 fusilado en la Guerra Civil Espa\u00f1ola<\/strong>.<\/p>\n","protected":false},"excerpt":{"rendered":"<p>Federico Garc\u00eda Lorca nace en Fuentevaqueros (Granada en 1898) y desde peque\u00f1o aprendi\u00f3 a leer con su madre (maestra de [&hellip;]<\/p>\n","protected":false},"featured_media":25017,"template":"","meta":{"_acf_changed":false},"class_list":["post-9771","personaje","type-personaje","status-publish","has-post-thumbnail","hentry"],"acf":[],"ACF":{"fechas":"1898 - 1936"},"_links":{"self":[{"href":"https:\/\/www.turismodealmeria.org\/en\/wp-json\/wp\/v2\/personaje\/9771","targetHints":{"allow":["GET"]}}],"collection":[{"href":"https:\/\/www.turismodealmeria.org\/en\/wp-json\/wp\/v2\/personaje"}],"about":[{"href":"https:\/\/www.turismodealmeria.org\/en\/wp-json\/wp\/v2\/types\/personaje"}],"wp:featuredmedia":[{"embeddable":true,"href":"https:\/\/www.turismodealmeria.org\/en\/wp-json\/wp\/v2\/media\/25017"}],"wp:attachment":[{"href":"https:\/\/www.turismodealmeria.org\/en\/wp-json\/wp\/v2\/media?parent=9771"}],"curies":[{"name":"wp","href":"https:\/\/api.w.org\/{rel}","templated":true}]}}

Federico García Lorca

<p>Federico García Lorca nace en Fuentevaqueros (Granada en 1898) y desde pequeño aprendió a leer con su madre (maestra de escuela), asistiendo después en Fuentevaqueros a la escuela de su profesor y también tutor Antonio Rodriguez Espinosa. <strong>Antonio Rodríguez Espinosa marcha a Almería y se irá a vivir con él Federico García Lorca</strong>,  en el año 1906 y pasa el curso de 1907/1908 y los meses de julio y agosto de ese mismo año. En dicho año (1908) solicita hacer el examen de ingreso en el Instituto de Enseñanza Secundaria de Almería y estuvo estudiando en dicho Instituto durante el curso 1908/1909, aunque este curso no lo termino. Solo estuvo seis meses porque cayó enfermo de una enfermedad bucal. Esta enfermedad, hace que se traslade a Granada y estudie a partir de 1909 en el Sagrado Corazón de Jesús. En Almería entre 1906 y 1909, <strong>Federico García Lorca tenía la edad de 10 a 13 años.</strong> De su viaje y recuerdos de Almería y tras  los sucesos acaecidos en el Cortijo del Fraile se inspiró para sus <strong>&#8220;Bodas de Sangre&#8221;</strong>.</p>
<p>En la <strong>Plaza Maestro Rodríguez Espinosa</strong>, y frente al edificio donde vivió con su tutor, la ciudad de Almería rinde homenaje a este poeta con un <strong><a href="/personaje/federico-garcia-lorca/">busto</a></strong> que preside la plaza, además de la Avenida Federico García Lorca, una de las principales arterias de la ciudad, más conocida como la rambla.</p>
<p>Este insigne poeta y dramaturgo de la generación del 27 <strong>murió en 1936  fusilado en la Guerra Civil Española</strong>.</p>

<p>Federico García Lorca nace en Fuentevaqueros (Granada en 1898) y desde pequeño aprendió a leer con su madre (maestra de [&hellip;]</p>
