{"id":9772,"date":"2016-03-17T15:47:25","date_gmt":"2016-03-17T15:47:25","guid":{"rendered":"https:\/\/www.turismodealmeria.org\/personaje\/francisca-diaz-torres-dona-pakyta\/?lang=en"},"modified":"2023-04-11T11:07:52","modified_gmt":"2023-04-11T09:07:52","slug":"francisca-diaz-torres-dona-pakyta","status":"publish","type":"personaje","link":"https:\/\/www.turismodealmeria.org\/en\/personaje\/francisca-diaz-torres-dona-pakyta\/","title":{"rendered":"Do\u00f1a Pakyta"},"content":{"rendered":"<div class=\"wpb-content-wrapper\"><p>[vc_row][vc_column][vc_column_text uncode_shortcode_id=&#8221;140249&#8243;]Do\u00f1a Pakyta <strong>luch\u00f3 a trav\u00e9s de su labor contra la la explotaci\u00f3n urban\u00edstica en el Cabo de Gata<\/strong> tratando de revalorizar los espacios naturales con construcciones rehabilitadas, como un cortijo del siglo XVII reconvertido en hotel o potenciando la agricultura y ganader\u00eda ecol\u00f3gica con 600 hect\u00e1reas de finca y cerca de 1.000 cabras celtib\u00e9ricas blancas.<\/p>\n<p>Nacida en 1911, <strong>curs\u00f3 sus estudios en el<a href=\"https:\/\/www.turismodealmeria.org\/punto-interes\/iglesia-convento-compania-de-maria\/\"> Colegio de la Compa\u00f1\u00eda de Mar\u00eda<\/a><\/strong> de Almer\u00eda, y contrajo matrimonio a los 21 a\u00f1os con Jos\u00e9 Gonz\u00e1lez Montoya. Definida como una mujer de car\u00e1cter animoso, inasequible al desaliento, amante del arte, viajera incansable, y consciente de la singularidad y belleza de la Sierra de Cabo de Gata, pronto toma conciencia de la necesidad de preservarla.<\/p>\n<p>La empresaria dirigi\u00f3 y <strong>preserv\u00f3 junto con su marido hasta 1976, fecha en la que \u00e9l fallece, la conservaci\u00f3n del que hoy es el paraje &#8220;m\u00e1s emblem\u00e1tico y visitado&#8221; del Parque Natural<\/strong>, en torno a la Bah\u00eda de San Jos\u00e9. Cuando en los a\u00f1os 60 se intent\u00f3 hacer atravesar por su finca la Autov\u00eda del Mediterr\u00e1neo, el matrimonio Gonz\u00e1lez D\u00edaz inici\u00f3 la urbanizaci\u00f3n ordenada del paraje m\u00e1s desolado de la zona, San Jos\u00e9, imponiendo a las ventas limitaciones de edificabilidad y condiciones de protecci\u00f3n ambiental.[\/vc_column_text][\/vc_column][\/vc_row][vc_row][vc_column width=&#8221;1\/1&#8243;][vc_empty_space][\/vc_column][\/vc_row][vc_row][vc_column width=&#8221;1\/2&#8243;][vc_column_text uncode_shortcode_id=&#8221;145495&#8243;]Desde entonces, a trav\u00e9s de sus empresas, <strong>Francisca D\u00edaz impuls\u00f3 este enclave un urbanismo sostenible, respetuoso con el espacio y ejemplar en cuanto al uso de tipolog\u00edas constructivas acordes con el entorno.<\/strong> Dedicada tradicionalmente a la producci\u00f3n cerealista y ganadera, la finca El Romeral ha acogido a lo largo de su historia proyectos innovadores como la apertura de una f\u00e1brica de cuerda de crin vegetal y la creaci\u00f3n de una reserva de riego para alimentaci\u00f3n del ganado.[\/vc_column_text][\/vc_column][vc_column width=&#8221;1\/2&#8243;][vc_single_image media=&#8221;65489&#8243; media_width_percent=&#8221;100&#8243; uncode_shortcode_id=&#8221;187703&#8243;][\/vc_column][\/vc_row][vc_row][vc_column width=&#8221;1\/1&#8243;][vc_empty_space empty_h=&#8221;2&#8243;][\/vc_column][\/vc_row][vc_row][vc_column width=&#8221;1\/1&#8243;][vc_column_text uncode_shortcode_id=&#8221;272319&#8243;]En los \u00faltimos diez a\u00f1os se han invertido m\u00e1s de nueve millones de euros en la rehabilitaci\u00f3n y puesta en valor de antiguas edificaciones de valor hist\u00f3rico y etnogr\u00e1fico. A trav\u00e9s de una empresa creada por ella y gestionada por sus familiares, Francisca D\u00edaz impulsaba iniciativas para orientar la reconversi\u00f3n de la finca hacia una oferta tur\u00edstica integrada con las formas de vida tradicionales y la cultura del entorno.<\/p>\n<p><strong>Falleci\u00f3 en su casa de Almer\u00eda a los 103 a\u00f1os de edad y sus restos mortales descansan en el cementerio del Pozo de los Frailes, en N\u00edjar, junto a varios familiares. <\/strong><\/p>\n<p>Es emblem\u00e1tica la vivienda que don\u00f3 al Ayuntamiento de Almer\u00eda, un chalet de singular est\u00e9tica norte\u00f1a construido en 1928, para ser convertido en <strong><a href=\"https:\/\/www.turismodealmeria.org\/museos\/en\/museo\/dona-pakyta-art-museum\/\" target=\"_blank\" rel=\"noopener\">Museo de Arte<\/a><\/strong> para la ciudad.[\/vc_column_text][\/vc_column][\/vc_row]<\/p>\n<\/div>","protected":false},"excerpt":{"rendered":"<p>[vc_row][vc_column][vc_column_text uncode_shortcode_id=&#8221;140249&#8243;]Do\u00f1a Pakyta luch\u00f3 a trav\u00e9s de su labor contra la la explotaci\u00f3n urban\u00edstica en el Cabo de Gata tratando [&hellip;]<\/p>\n","protected":false},"featured_media":25014,"template":"","meta":{"_acf_changed":false},"class_list":["post-9772","personaje","type-personaje","status-publish","has-post-thumbnail","hentry"],"acf":[],"ACF":{"fechas":"1911 - 2014"},"_links":{"self":[{"href":"https:\/\/www.turismodealmeria.org\/en\/wp-json\/wp\/v2\/personaje\/9772","targetHints":{"allow":["GET"]}}],"collection":[{"href":"https:\/\/www.turismodealmeria.org\/en\/wp-json\/wp\/v2\/personaje"}],"about":[{"href":"https:\/\/www.turismodealmeria.org\/en\/wp-json\/wp\/v2\/types\/personaje"}],"wp:featuredmedia":[{"embeddable":true,"href":"https:\/\/www.turismodealmeria.org\/en\/wp-json\/wp\/v2\/media\/25014"}],"wp:attachment":[{"href":"https:\/\/www.turismodealmeria.org\/en\/wp-json\/wp\/v2\/media?parent=9772"}],"curies":[{"name":"wp","href":"https:\/\/api.w.org\/{rel}","templated":true}]}}

Doña Pakyta

<div class="wpb-content-wrapper"><p>[vc_row][vc_column][vc_column_text uncode_shortcode_id=&#8221;140249&#8243;]Doña Pakyta <strong>luchó a través de su labor contra la la explotación urbanística en el Cabo de Gata</strong> tratando de revalorizar los espacios naturales con construcciones rehabilitadas, como un cortijo del siglo XVII reconvertido en hotel o potenciando la agricultura y ganadería ecológica con 600 hectáreas de finca y cerca de 1.000 cabras celtibéricas blancas.</p>
<p>Nacida en 1911, <strong>cursó sus estudios en el<a href="https://www.turismodealmeria.org/punto-interes/iglesia-convento-compania-de-maria/"> Colegio de la Compañía de María</a></strong> de Almería, y contrajo matrimonio a los 21 años con José González Montoya. Definida como una mujer de carácter animoso, inasequible al desaliento, amante del arte, viajera incansable, y consciente de la singularidad y belleza de la Sierra de Cabo de Gata, pronto toma conciencia de la necesidad de preservarla.</p>
<p>La empresaria dirigió y <strong>preservó junto con su marido hasta 1976, fecha en la que él fallece, la conservación del que hoy es el paraje &#8220;más emblemático y visitado&#8221; del Parque Natural</strong>, en torno a la Bahía de San José. Cuando en los años 60 se intentó hacer atravesar por su finca la Autovía del Mediterráneo, el matrimonio González Díaz inició la urbanización ordenada del paraje más desolado de la zona, San José, imponiendo a las ventas limitaciones de edificabilidad y condiciones de protección ambiental.[/vc_column_text][/vc_column][/vc_row][vc_row][vc_column width=&#8221;1/1&#8243;][vc_empty_space][/vc_column][/vc_row][vc_row][vc_column width=&#8221;1/2&#8243;][vc_column_text uncode_shortcode_id=&#8221;145495&#8243;]Desde entonces, a través de sus empresas, <strong>Francisca Díaz impulsó este enclave un urbanismo sostenible, respetuoso con el espacio y ejemplar en cuanto al uso de tipologías constructivas acordes con el entorno.</strong> Dedicada tradicionalmente a la producción cerealista y ganadera, la finca El Romeral ha acogido a lo largo de su historia proyectos innovadores como la apertura de una fábrica de cuerda de crin vegetal y la creación de una reserva de riego para alimentación del ganado.[/vc_column_text][/vc_column][vc_column width=&#8221;1/2&#8243;][vc_single_image media=&#8221;65489&#8243; media_width_percent=&#8221;100&#8243; uncode_shortcode_id=&#8221;187703&#8243;][/vc_column][/vc_row][vc_row][vc_column width=&#8221;1/1&#8243;][vc_empty_space empty_h=&#8221;2&#8243;][/vc_column][/vc_row][vc_row][vc_column width=&#8221;1/1&#8243;][vc_column_text uncode_shortcode_id=&#8221;272319&#8243;]En los últimos diez años se han invertido más de nueve millones de euros en la rehabilitación y puesta en valor de antiguas edificaciones de valor histórico y etnográfico. A través de una empresa creada por ella y gestionada por sus familiares, Francisca Díaz impulsaba iniciativas para orientar la reconversión de la finca hacia una oferta turística integrada con las formas de vida tradicionales y la cultura del entorno.</p>
<p><strong>Falleció en su casa de Almería a los 103 años de edad y sus restos mortales descansan en el cementerio del Pozo de los Frailes, en Níjar, junto a varios familiares. </strong></p>
<p>Es emblemática la vivienda que donó al Ayuntamiento de Almería, un chalet de singular estética norteña construido en 1928, para ser convertido en <strong><a href="https://www.turismodealmeria.org/museos/en/museo/dona-pakyta-art-museum/" target="_blank" rel="noopener">Museo de Arte</a></strong> para la ciudad.[/vc_column_text][/vc_column][/vc_row]</p>
</div>

<p>[vc_row][vc_column][vc_column_text uncode_shortcode_id=&#8221;140249&#8243;]Doña Pakyta luchó a través de su labor contra la la explotación urbanística en el Cabo de Gata tratando [&hellip;]</p>
