{"id":55628,"date":"2016-02-03T00:07:34","date_gmt":"2016-02-03T00:07:34","guid":{"rendered":"https:\/\/www.turismodealmeria.org\/restauracion\/restaurante-meson-don-quijote\/"},"modified":"2022-05-10T12:53:05","modified_gmt":"2022-05-10T10:53:05","slug":"restaurante-meson-don-quijote","status":"publish","type":"restauracion","link":"https:\/\/www.turismodealmeria.org\/en\/restauracion\/restaurante-meson-don-quijote\/","title":{"rendered":"Restaurante Mes\u00f3n Don Quijote"},"featured_media":47008,"template":"","class_list":["post-55628","restauracion","type-restauracion","status-publish","has-post-thumbnail","hentry","trestauracion-restaurants","zrestauracion-avda-del-mediterraneo"],"acf":[],"ACF":{"telefono":"950 14 54 33","zona":[],"direccion":"Avda. del Mediterr\u00e1neo \u2013 Centro Comercial ","ubicacion_mapa":{"address":"Avda. del Mediterr\u00e1neo \u2013 Centro Comercial mediterraneo","lat":36.8542872,"lng":-2.4471993,"zoom":14,"place_id":"ChIJuxECGA6eeg0RWArn7yvdEm4","street_number":"S\/N","street_name":"Avenida del Mediterr\u00e1neo","street_name_short":"Av. del Mediterr\u00e1neo","city":"Almer\u00eda","state":"Andaluc\u00eda","state_short":"AN","post_code":"04009","country":"Espa\u00f1a","country_short":"ES"},"tipo":[{"term_id":11,"name":"Uncategorized","slug":"uncategorized","term_group":0,"term_taxonomy_id":11,"taxonomy":"category","description":"","parent":0,"count":0,"filter":"raw"}],"carta":false},"_links":{"self":[{"href":"https:\/\/www.turismodealmeria.org\/en\/wp-json\/wp\/v2\/restauracion\/55628","targetHints":{"allow":["GET"]}}],"collection":[{"href":"https:\/\/www.turismodealmeria.org\/en\/wp-json\/wp\/v2\/restauracion"}],"about":[{"href":"https:\/\/www.turismodealmeria.org\/en\/wp-json\/wp\/v2\/types\/restauracion"}],"wp:featuredmedia":[{"embeddable":true,"href":"https:\/\/www.turismodealmeria.org\/en\/wp-json\/wp\/v2\/media\/47008"}],"wp:attachment":[{"href":"https:\/\/www.turismodealmeria.org\/en\/wp-json\/wp\/v2\/media?parent=55628"}],"curies":[{"name":"wp","href":"https:\/\/api.w.org\/{rel}","templated":true}]}}

Restaurante Mesón Don Quijote

Avda. del Mediterráneo – Centro Comercial

Avda. del Mediterráneo – Centro Comercial mediterraneo

Avenida del Mediterráneo

Av. del Mediterráneo

Almería

Andalucía

España
