{"id":47620,"date":"2014-01-04T00:04:46","date_gmt":"2014-01-04T00:04:46","guid":{"rendered":"https:\/\/www.turismodealmeria.org\/lugar\/la-medina\/"},"modified":"2022-05-23T11:13:34","modified_gmt":"2022-05-23T09:13:34","slug":"la-medina","status":"publish","type":"lugar","link":"https:\/\/www.turismodealmeria.org\/fr\/lugar\/la-medina\/","title":{"rendered":"La Medina"},"content":{"rendered":"<p>Es el n\u00facleo primitivo de la ciudad. <strong>Abderram\u00e1n III, fund\u00f3 Almer\u00eda en el a\u00f1o 955 (siglo X)<\/strong>, amurallando el n\u00facleo de la Medina y mandando construir en dicho siglo una fortaleza para defender la ciudad, y una mezquita mayor para la oraci\u00f3n.<\/p>\n<p>Se extend\u00eda desde la <strong>Avenida del Mar hasta la calle de La Reina.<\/strong> La cruzaba en diagonal desde la Puerta de la imagen (al inicio de la calle Reina) hasta la Sortida o del Socorro (en la calle Socorro), el camino de Pechina o calle Real de la Almedina, perteneciente a la medina califal, cuyo trazado se conserva.<\/p>\n<p>Otra calle principal era la que iba desde la calle Cruces Bajas, Santa Mar\u00eda, San Ant\u00f3n y San Juan. En estas v\u00edas principales, de anchura m\u00ednima (no excediendo de 3 m), se injertaban calles secundarias, m\u00e1s estrechas y sinuosas, que a su vez se divid\u00edan en una ramificaci\u00f3n de callejones en recodo y sin salida (como el que se abr\u00eda en la calle de Santa Mar\u00eda).<\/p>\n<p>En estas calles descritas y callejones, no quedaban espacios libres para plazas y placetas. Encontr\u00e1ndose en torno a la <strong>Mezquita Mayor, el barrio comercial, formado por alh\u00f3ndigas, zocos y bazares.<\/strong> All\u00ed, se situaba la Alcaicer\u00eda (barrio comercial de lujo). Las atarazanas, situadas por la zona de la actual calle Atarazanas, ocupaban un buen espacio en el extremo suroriental de la medina. Multitud de barrios la rodeaban, cada uno con su peque\u00f1a mezquita, como es el caso de la que exist\u00eda en la actual ermita de San Ant\u00f3n.<\/p>\n","protected":false},"excerpt":{"rendered":"<p>Es el n\u00facleo primitivo de la ciudad. Abderram\u00e1n III, fund\u00f3 Almer\u00eda en el a\u00f1o 955 (siglo X), amurallando el n\u00facleo [&hellip;]<\/p>\n","protected":false},"featured_media":25630,"template":"","format":"gallery","meta":{"_acf_changed":false,"footnotes":""},"class_list":["post-47620","lugar","type-lugar","status-publish","format-gallery","has-post-thumbnail","hentry","post_format-post-format-gallery","tlugar-lugares-emblematicos-fr"],"acf":[],"ACF":{"telefono":"","destacado_home":"","gallery":false,"tipo":[],"tipo_de_motivo":false,"ubicacion_mapa":{"address":"C. de la Almedina, 04002 Almer\u00eda","lat":36.8387949,"lng":-2.4700166,"zoom":14,"place_id":"ChIJeXfAJgZ2cA0RmACtUVtkbnE","street_name":"Calle de la Almedina","street_name_short":"C. de la Almedina","city":"Almer\u00eda","state":"Andaluc\u00eda","state_short":"AN","post_code":"04002","country":"Espa\u00f1a","country_short":"ES"},"horario":"","consejos_de_seguridad":""},"_links":{"self":[{"href":"https:\/\/www.turismodealmeria.org\/fr\/wp-json\/wp\/v2\/lugar\/47620","targetHints":{"allow":["GET"]}}],"collection":[{"href":"https:\/\/www.turismodealmeria.org\/fr\/wp-json\/wp\/v2\/lugar"}],"about":[{"href":"https:\/\/www.turismodealmeria.org\/fr\/wp-json\/wp\/v2\/types\/lugar"}],"version-history":[{"count":0,"href":"https:\/\/www.turismodealmeria.org\/fr\/wp-json\/wp\/v2\/lugar\/47620\/revisions"}],"wp:featuredmedia":[{"embeddable":true,"href":"https:\/\/www.turismodealmeria.org\/fr\/wp-json\/wp\/v2\/media\/25630"}],"wp:attachment":[{"href":"https:\/\/www.turismodealmeria.org\/fr\/wp-json\/wp\/v2\/media?parent=47620"}],"curies":[{"name":"wp","href":"https:\/\/api.w.org\/{rel}","templated":true}]}}

<p>Es el núcleo primitivo de la ciudad. <strong>Abderramán III, fundó Almería en el año 955 (siglo X)</strong>, amurallando el núcleo de la Medina y mandando construir en dicho siglo una fortaleza para defender la ciudad, y una mezquita mayor para la oración.</p>
<p>Se extendía desde la <strong>Avenida del Mar hasta la calle de La Reina.</strong> La cruzaba en diagonal desde la Puerta de la imagen (al inicio de la calle Reina) hasta la Sortida o del Socorro (en la calle Socorro), el camino de Pechina o calle Real de la Almedina, perteneciente a la medina califal, cuyo trazado se conserva.</p>
<p>Otra calle principal era la que iba desde la calle Cruces Bajas, Santa María, San Antón y San Juan. En estas vías principales, de anchura mínima (no excediendo de 3 m), se injertaban calles secundarias, más estrechas y sinuosas, que a su vez se dividían en una ramificación de callejones en recodo y sin salida (como el que se abría en la calle de Santa María).</p>
<p>En estas calles descritas y callejones, no quedaban espacios libres para plazas y placetas. Encontrándose en torno a la <strong>Mezquita Mayor, el barrio comercial, formado por alhóndigas, zocos y bazares.</strong> Allí, se situaba la Alcaicería (barrio comercial de lujo). Las atarazanas, situadas por la zona de la actual calle Atarazanas, ocupaban un buen espacio en el extremo suroriental de la medina. Multitud de barrios la rodeaban, cada uno con su pequeña mezquita, como es el caso de la que existía en la actual ermita de San Antón.</p>

<p>Es el núcleo primitivo de la ciudad. Abderramán III, fundó Almería en el año 955 (siglo X), amurallando el núcleo [&hellip;]</p>

C. de la Almedina, 04002 Almería

Almería

Andalucía

España
