{"id":47626,"date":"2014-01-01T00:01:10","date_gmt":"2014-01-01T00:01:10","guid":{"rendered":"https:\/\/www.turismodealmeria.org\/lugar\/calle-de-las-tiendas\/"},"modified":"2022-05-23T11:18:42","modified_gmt":"2022-05-23T09:18:42","slug":"calle-de-las-tiendas","status":"publish","type":"lugar","link":"https:\/\/www.turismodealmeria.org\/fr\/lugar\/calle-de-las-tiendas\/","title":{"rendered":"Calle de las Tiendas"},"content":{"rendered":"<p>Esta calle, de origen \u00e1rabe, tiene su origen en una <strong>segunda juder\u00eda<\/strong> que surge en torno al s. XI extramuros de la Medina Musulmana. La calle de las tiendas conecta la <strong><a href=\"https:\/\/www.turismodealmeria.org\/fr\/lugar\/porte-de-purchena\/\">Puerta Purchena<\/a><\/strong> con el <strong><a href=\"https:\/\/www.turismodealmeria.org\/fr\/punto-interes\/iglesia-convento-de-las-claras\/\">Convento de las Claras<\/a><\/strong> y la <strong><a href=\"https:\/\/www.turismodealmeria.org\/fr\/lugar\/plaza-de-la-constitucion-plaza-vieja\/\">Plaza de la Constituci\u00f3n<\/a>. <\/strong>Estrecha y peatonal, recibe su nombre por el n\u00famero de comercios que alberga.<\/p>\n<p>&nbsp;<\/p>\n","protected":false},"excerpt":{"rendered":"<p>Esta calle, de origen \u00e1rabe, tiene su origen en una segunda juder\u00eda que surge en torno al s. XI extramuros [&hellip;]<\/p>\n","protected":false},"featured_media":25618,"template":"","format":"standard","meta":{"_acf_changed":false,"footnotes":""},"class_list":["post-47626","lugar","type-lugar","status-publish","format-standard","has-post-thumbnail","hentry","tlugar-lugares-emblematicos-fr"],"acf":[],"ACF":{"destacado_home":"","gallery":false,"tipo":[],"tipo_de_motivo":false,"telefono":"","ubicacion_mapa":{"address":"Calle de las Tiendas","lat":36.8409536,"lng":-2.4656508,"zoom":14,"place_id":"ChIJU6ogNAd2cA0RxCUaGfOnZmA","street_name":"Calle de las Tiendas","street_name_short":"C. de las Tiendas","city":"Almer\u00eda","state":"Andaluc\u00eda","state_short":"AN","post_code":"04003","country":"Espa\u00f1a","country_short":"ES"},"horario":"","consejos_de_seguridad":""},"_links":{"self":[{"href":"https:\/\/www.turismodealmeria.org\/fr\/wp-json\/wp\/v2\/lugar\/47626","targetHints":{"allow":["GET"]}}],"collection":[{"href":"https:\/\/www.turismodealmeria.org\/fr\/wp-json\/wp\/v2\/lugar"}],"about":[{"href":"https:\/\/www.turismodealmeria.org\/fr\/wp-json\/wp\/v2\/types\/lugar"}],"version-history":[{"count":0,"href":"https:\/\/www.turismodealmeria.org\/fr\/wp-json\/wp\/v2\/lugar\/47626\/revisions"}],"wp:featuredmedia":[{"embeddable":true,"href":"https:\/\/www.turismodealmeria.org\/fr\/wp-json\/wp\/v2\/media\/25618"}],"wp:attachment":[{"href":"https:\/\/www.turismodealmeria.org\/fr\/wp-json\/wp\/v2\/media?parent=47626"}],"curies":[{"name":"wp","href":"https:\/\/api.w.org\/{rel}","templated":true}]}}

<p>Esta calle, de origen árabe, tiene su origen en una <strong>segunda judería</strong> que surge en torno al s. XI extramuros de la Medina Musulmana. La calle de las tiendas conecta la <strong><a href="https://www.turismodealmeria.org/fr/lugar/porte-de-purchena/">Puerta Purchena</a></strong> con el <strong><a href="https://www.turismodealmeria.org/fr/punto-interes/iglesia-convento-de-las-claras/">Convento de las Claras</a></strong> y la <strong><a href="https://www.turismodealmeria.org/fr/lugar/plaza-de-la-constitucion-plaza-vieja/">Plaza de la Constitución</a>. </strong>Estrecha y peatonal, recibe su nombre por el número de comercios que alberga.</p>
<p>&nbsp;</p>

<p>Esta calle, de origen árabe, tiene su origen en una segunda judería que surge en torno al s. XI extramuros [&hellip;]</p>

Almería

Andalucía

España
