{"id":48527,"date":"2014-01-06T00:06:41","date_gmt":"2014-01-06T00:06:41","guid":{"rendered":"https:\/\/www.turismodealmeria.org\/lugar\/puerta-de-purchena\/"},"modified":"2022-05-23T11:09:46","modified_gmt":"2022-05-23T09:09:46","slug":"porte-de-purchena","status":"publish","type":"lugar","link":"https:\/\/www.turismodealmeria.org\/fr\/lugar\/porte-de-purchena\/","title":{"rendered":"Porte de Purchena"},"content":{"rendered":"<p>De nos jours, c\u2019est une place situ\u00e9e au centre de la ville d\u2019Almeria, et c\u2019est\u00a0<strong>o\u00f9 se trouvait la porte la plus importante de la ville : la porte de Pechina<\/strong>. Mais son nom fut chang\u00e9 apr\u00e8s la conqu\u00eate par les Rois Catholiques, qui confondirent Pechina avec Purchena. La porte disparut apr\u00e8s la d\u00e9molition de la muraille en 1855, ce qui permit la cr\u00e9ation d\u2019une place. Depuis la deuxi\u00e8me moiti\u00e9 du XIX\u00e8me si\u00e8cle et le d\u00e9but du XX\u00e8me si\u00e8cle, avec le \u201cboom\u201d de l\u2019activit\u00e9 mini\u00e8re dans la province, tous types de maisons bourgeoises et de palais furent construits tant autour de la place que dans des environs.<\/p>\n<p>La place fut d\u00e9clar\u00e9e Ensemble Historique et Artistique en 1991.<\/p>\n<p>Elle se trouvait sur l\u2019emplacement de l\u2019actuelle Place Manuel P\u00e9rez Garc\u00eda et de l\u00e0, de nombreux points d\u2019int\u00e9r\u00eat sont accessibles : les\u00a0<strong><a href=\"https:\/\/www.turismodealmeria.org\/motivo-tematico\/aljibes-arabes\/\">Cister Arabes<\/a><\/strong>, la\u00a0<strong>Maison de las Mariposas (papillons)<\/strong>, la\u00a0<strong><a href=\"https:\/\/www.turismodealmeria.org\/fr\/motivo-tematico\/rue-las-tiendas-rue-des-magasins\/\">Rue de las Tiendas<\/a><\/strong>\u00a0et les\u00a0<strong><a href=\"https:\/\/www.turismodealmeria.org\/motivo-tematico\/los-refugios-de-la-guerra-civil-espanola\/\">Refuges de la Guerre Civile<\/a><\/strong>\u00a0ou la\u00a0<strong><a href=\"https:\/\/www.turismodealmeria.org\/fr\/motivo-tematico\/statue-nicolas-salmeron\/\">statue de Nicol\u00e1s Salmer\u00f3n<\/a><\/strong>, ne sont que quelques-uns des points d\u2019int\u00e9r\u00eat les plus proches \u00e0 ce centre n\u00e9vralgique de la ville.<\/p>\n","protected":false},"excerpt":{"rendered":"<p>De nos jours, c\u2019est une place situ\u00e9e au centre de la ville d\u2019Almeria, et c\u2019est\u00a0o\u00f9 se trouvait la porte la [&hellip;]<\/p>\n","protected":false},"featured_media":25615,"template":"","format":"gallery","meta":{"_acf_changed":false,"footnotes":""},"class_list":["post-48527","lugar","type-lugar","status-publish","format-gallery","has-post-thumbnail","hentry","post_format-post-format-gallery","tlugar-lugares-emblematicos-fr"],"acf":[],"ACF":{"ubicacion_mapa":{"address":"puerta purchena","lat":36.8416869,"lng":-2.4640826,"zoom":14,"place_id":"ChIJr-vCK1x3cA0RSJnMyC0rfSQ","street_number":"33","street_name":"Puerta de Purchena","street_name_short":"Prta de Purchena","city":"Almer\u00eda","state":"Andaluc\u00eda","state_short":"AN","post_code":"04003","country":"Espa\u00f1a","country_short":"ES"},"telefono":"","destacado_home":"","horario":"","gallery":false,"tipo":[],"tipo_de_motivo":false,"consejos_de_seguridad":""},"_links":{"self":[{"href":"https:\/\/www.turismodealmeria.org\/fr\/wp-json\/wp\/v2\/lugar\/48527","targetHints":{"allow":["GET"]}}],"collection":[{"href":"https:\/\/www.turismodealmeria.org\/fr\/wp-json\/wp\/v2\/lugar"}],"about":[{"href":"https:\/\/www.turismodealmeria.org\/fr\/wp-json\/wp\/v2\/types\/lugar"}],"version-history":[{"count":0,"href":"https:\/\/www.turismodealmeria.org\/fr\/wp-json\/wp\/v2\/lugar\/48527\/revisions"}],"wp:featuredmedia":[{"embeddable":true,"href":"https:\/\/www.turismodealmeria.org\/fr\/wp-json\/wp\/v2\/media\/25615"}],"wp:attachment":[{"href":"https:\/\/www.turismodealmeria.org\/fr\/wp-json\/wp\/v2\/media?parent=48527"}],"curies":[{"name":"wp","href":"https:\/\/api.w.org\/{rel}","templated":true}]}}

<p>De nos jours, c’est une place située au centre de la ville d’Almeria, et c’est <strong>où se trouvait la porte la plus importante de la ville : la porte de Pechina</strong>. Mais son nom fut changé après la conquête par les Rois Catholiques, qui confondirent Pechina avec Purchena. La porte disparut après la démolition de la muraille en 1855, ce qui permit la création d’une place. Depuis la deuxième moitié du XIXème siècle et le début du XXème siècle, avec le “boom” de l’activité minière dans la province, tous types de maisons bourgeoises et de palais furent construits tant autour de la place que dans des environs.</p>
<p>La place fut déclarée Ensemble Historique et Artistique en 1991.</p>
<p>Elle se trouvait sur l’emplacement de l’actuelle Place Manuel Pérez García et de là, de nombreux points d’intérêt sont accessibles : les <strong><a href="https://www.turismodealmeria.org/motivo-tematico/aljibes-arabes/">Cister Arabes</a></strong>, la <strong>Maison de las Mariposas (papillons)</strong>, la <strong><a href="https://www.turismodealmeria.org/fr/motivo-tematico/rue-las-tiendas-rue-des-magasins/">Rue de las Tiendas</a></strong> et les <strong><a href="https://www.turismodealmeria.org/motivo-tematico/los-refugios-de-la-guerra-civil-espanola/">Refuges de la Guerre Civile</a></strong> ou la <strong><a href="https://www.turismodealmeria.org/fr/motivo-tematico/statue-nicolas-salmeron/">statue de Nicolás Salmerón</a></strong>, ne sont que quelques-uns des points d’intérêt les plus proches à ce centre névralgique de la ville.</p>

<p>De nos jours, c’est une place située au centre de la ville d’Almeria, et c’est où se trouvait la porte la [&hellip;]</p>

Almería

Andalucía

España
