{"id":49805,"date":"2015-12-13T00:13:54","date_gmt":"2015-12-13T00:13:54","guid":{"rendered":"https:\/\/www.turismodealmeria.org\/lugar\/estatua-del-beato-diego-ventaja\/"},"modified":"2022-05-23T09:18:37","modified_gmt":"2022-05-23T07:18:37","slug":"estatua-del-beato-diego-ventaja","status":"publish","type":"lugar","link":"https:\/\/www.turismodealmeria.org\/fr\/lugar\/estatua-del-beato-diego-ventaja\/","title":{"rendered":"Statue du bienheureux Diego Ventaja"},"content":{"rendered":"<p>Diego Ventaja Mil\u00e1n, <strong>a \u00e9t\u00e9 pr\u00eatre \u00e0 Almeria<\/strong>; il est n\u00e9 \u00e0 Ohanes et a \u00e9t\u00e9 \u00c9v\u00eaque de la ville. Il fut <strong>assassin\u00e9 au d\u00e9but de la Guerre Civile Espagnole, avec l\u2019\u00c9v\u00eaque de Guadix<\/strong>, Manuel Medina Olmos. Il r\u00e9alisa sa formation eccl\u00e9siastique au Sacromonte de Grenade, mais termina ses \u00e9tudes \u00e0 l\u2019Universit\u00e9 Gr\u00e9gorienne de Rome, o\u00f9 il obtint le doctorat en Philosophie et Th\u00e9ologie.<br \/>\nIl fut b\u00e9atifi\u00e9 par le Pape Juan Pablo II, et la ville fit r\u00e9aliser cette statue \u00e0 sa m\u00e9moire ; elle se trouve Place de la Cath\u00e9drale, aupr\u00e8s de la tour du clocher.<\/p>\n","protected":false},"excerpt":{"rendered":"<p>Diego Ventaja Mil\u00e1n, a \u00e9t\u00e9 pr\u00eatre \u00e0 Almeria; il est n\u00e9 \u00e0 Ohanes et a \u00e9t\u00e9 \u00c9v\u00eaque de la ville. [&hellip;]<\/p>\n","protected":false},"featured_media":57164,"template":"","format":"standard","meta":{"_acf_changed":false,"footnotes":""},"class_list":["post-49805","lugar","type-lugar","status-publish","format-standard","has-post-thumbnail","hentry","tlugar-estatuas-y-esculturas-fr"],"acf":[],"ACF":{"telefono":"","consejos_de_seguridad":"","ubicacion_mapa":{"address":"Plaza de la catedral almeria","lat":36.8384896,"lng":-2.4672251,"zoom":14,"place_id":"ChIJw34y7QZ2cA0RGF-xy9xrIbg","street_name":"Plaza de la Catedral","street_name_short":"Pl. de la Catedral","city":"Almer\u00eda","state":"Andaluc\u00eda","state_short":"AN","post_code":"04001","country":"Espa\u00f1a","country_short":"ES"},"destacado_home":"","horario":"","gallery":["https:\/\/www.turismodealmeria.org\/wp-content\/uploads\/2015\/12\/turismo-almeria-ciudad-diego-ventaja-01.jpg","https:\/\/www.turismodealmeria.org\/wp-content\/uploads\/2015\/12\/turismo-almeria-ciudad-diego-ventaja-02.jpg"],"tipo":[],"tipo_de_motivo":false},"_links":{"self":[{"href":"https:\/\/www.turismodealmeria.org\/fr\/wp-json\/wp\/v2\/lugar\/49805","targetHints":{"allow":["GET"]}}],"collection":[{"href":"https:\/\/www.turismodealmeria.org\/fr\/wp-json\/wp\/v2\/lugar"}],"about":[{"href":"https:\/\/www.turismodealmeria.org\/fr\/wp-json\/wp\/v2\/types\/lugar"}],"version-history":[{"count":0,"href":"https:\/\/www.turismodealmeria.org\/fr\/wp-json\/wp\/v2\/lugar\/49805\/revisions"}],"wp:featuredmedia":[{"embeddable":true,"href":"https:\/\/www.turismodealmeria.org\/fr\/wp-json\/wp\/v2\/media\/57164"}],"wp:attachment":[{"href":"https:\/\/www.turismodealmeria.org\/fr\/wp-json\/wp\/v2\/media?parent=49805"}],"curies":[{"name":"wp","href":"https:\/\/api.w.org\/{rel}","templated":true}]}}

<p>Diego Ventaja Milán, <strong>a été prêtre à Almeria</strong>; il est né à Ohanes et a été Évêque de la ville. Il fut <strong>assassiné au début de la Guerre Civile Espagnole, avec l’Évêque de Guadix</strong>, Manuel Medina Olmos. Il réalisa sa formation ecclésiastique au Sacromonte de Grenade, mais termina ses études à l’Université Grégorienne de Rome, où il obtint le doctorat en Philosophie et Théologie.<br />
Il fut béatifié par le Pape Juan Pablo II, et la ville fit réaliser cette statue à sa mémoire ; elle se trouve Place de la Cathédrale, auprès de la tour du clocher.</p>

<p>Diego Ventaja Milán, a été prêtre à Almeria; il est né à Ohanes et a été Évêque de la ville. [&hellip;]</p>

Almería

Andalucía

España
