{"id":49845,"date":"2015-12-09T00:09:46","date_gmt":"2015-12-09T00:09:46","guid":{"rendered":"https:\/\/www.turismodealmeria.org\/lugar\/estatua-de-alfredo-kraus\/"},"modified":"2022-05-23T09:24:51","modified_gmt":"2022-05-23T07:24:51","slug":"estatua-de-alfredo-kraus","status":"publish","type":"lugar","link":"https:\/\/www.turismodealmeria.org\/fr\/lugar\/estatua-de-alfredo-kraus\/","title":{"rendered":"Statue d\u2019Alfredo Kraus"},"content":{"rendered":"<p>La ville d\u2019Almeria d\u00e9die cette statue d\u2019\u201c<strong>Alfredo Kraus dans sa sublime cr\u00e9ation de Werther<\/strong>\u201d en honneur du ma\u00eetre du bel canto pur. \u201cEn hommage et reconnaissance de son art universel. Almeria, avril 2007\u201d peut \u00eatre lu sur le socle de la sculpture du t\u00e9nor canarien.<br \/>\n<strong>La statue est plac\u00e9e dans la place de la capitale qui porte son nom, sur le devant de l\u2019Auditorium Municipal Maestro Padilla.<\/strong><br \/>\nC\u2019est la premi\u00e8re statue d\u00e9di\u00e9e \u00e0 la m\u00e9moire d\u2019Alfredo Kraus dans la p\u00e9ninsule, quoiqu\u2019il en existe des bustes dans d\u2019autres villes.<\/p>\n","protected":false},"excerpt":{"rendered":"<p>La ville d\u2019Almeria d\u00e9die cette statue d\u2019\u201cAlfredo Kraus dans sa sublime cr\u00e9ation de Werther\u201d en honneur du ma\u00eetre du bel [&hellip;]<\/p>\n","protected":false},"featured_media":56335,"template":"","format":"standard","meta":{"_acf_changed":false,"footnotes":""},"class_list":["post-49845","lugar","type-lugar","status-publish","format-standard","has-post-thumbnail","hentry","tlugar-estatuas-y-esculturas-fr"],"acf":[],"ACF":{"ubicacion_mapa":{"address":"Auditorio Municipal Maestro Padilla","lat":36.8236625,"lng":-2.4440067,"zoom":14,"place_id":"ChIJs01EcUOdeg0RTlxBP6wyEaE","street_name":"Plaza Alfredo Kraus","street_name_short":"Pl. Alfredo Kraus","city":"Almer\u00eda","state":"Andaluc\u00eda","state_short":"AN","post_code":"04007","country":"Espa\u00f1a","country_short":"ES"},"telefono":"","consejos_de_seguridad":"","destacado_home":"","horario":"","gallery":["https:\/\/www.turismodealmeria.org\/wp-content\/uploads\/2015\/12\/turismo-almeria-ciudad-estatua-alfredo-kraus-01.jpg","https:\/\/www.turismodealmeria.org\/wp-content\/uploads\/2015\/12\/turismo-almeria-ciudad-estatua-alfredo-kraus-02.jpg"],"tipo":[],"tipo_de_motivo":false},"_links":{"self":[{"href":"https:\/\/www.turismodealmeria.org\/fr\/wp-json\/wp\/v2\/lugar\/49845","targetHints":{"allow":["GET"]}}],"collection":[{"href":"https:\/\/www.turismodealmeria.org\/fr\/wp-json\/wp\/v2\/lugar"}],"about":[{"href":"https:\/\/www.turismodealmeria.org\/fr\/wp-json\/wp\/v2\/types\/lugar"}],"version-history":[{"count":0,"href":"https:\/\/www.turismodealmeria.org\/fr\/wp-json\/wp\/v2\/lugar\/49845\/revisions"}],"wp:featuredmedia":[{"embeddable":true,"href":"https:\/\/www.turismodealmeria.org\/fr\/wp-json\/wp\/v2\/media\/56335"}],"wp:attachment":[{"href":"https:\/\/www.turismodealmeria.org\/fr\/wp-json\/wp\/v2\/media?parent=49845"}],"curies":[{"name":"wp","href":"https:\/\/api.w.org\/{rel}","templated":true}]}}

<p>La ville d’Almeria dédie cette statue d’“<strong>Alfredo Kraus dans sa sublime création de Werther</strong>” en honneur du maître du bel canto pur. “En hommage et reconnaissance de son art universel. Almeria, avril 2007” peut être lu sur le socle de la sculpture du ténor canarien.<br />
<strong>La statue est placée dans la place de la capitale qui porte son nom, sur le devant de l’Auditorium Municipal Maestro Padilla.</strong><br />
C’est la première statue dédiée à la mémoire d’Alfredo Kraus dans la péninsule, quoiqu’il en existe des bustes dans d’autres villes.</p>

<p>La ville d’Almeria dédie cette statue d’“Alfredo Kraus dans sa sublime création de Werther” en honneur du maître du bel [&hellip;]</p>

Almería

Andalucía

España
