{"id":49865,"date":"2015-12-06T00:06:51","date_gmt":"2015-12-06T00:06:51","guid":{"rendered":"https:\/\/www.turismodealmeria.org\/lugar\/busto-del-padre-ballarin\/"},"modified":"2022-05-23T09:30:11","modified_gmt":"2022-05-23T07:30:11","slug":"busto-del-padre-ballarin","status":"publish","type":"lugar","link":"https:\/\/www.turismodealmeria.org\/fr\/lugar\/busto-del-padre-ballarin\/","title":{"rendered":"Buste du P\u00e8re Ballar\u00edn"},"content":{"rendered":"<p>Ce buste est <strong>d\u00e9di\u00e9 au P\u00e8re Ballar\u00edn, Prieur des Dominicains<\/strong>. Ballar\u00edn voyait la d\u00e9t\u00e9rioration progressive de la ville et il m\u00e9dita sur la fa\u00e7on dont il pourrait sauver ce qui lui \u00e9tait possible. Il <strong>voulait tr\u00e8s sp\u00e9cialement maintenir l\u2019image de notre Patronne, la Virgen del Mar<\/strong>, et il en arriva m\u00eame \u00e0 la remplacer pour \u00e9viter sa d\u00e9t\u00e9rioration, ce qui fut fait en secret. Ceci permit de conserver l\u2019image, surtout face aux \u00e9v\u00e8nements de 1936, quand le temple de la patronne subit plusieurs tentatives d\u2019incendie, et fut finalement calcin\u00e9 le 23 Juillet de cette m\u00eame ann\u00e9e et r\u00e9duit \u00e0 un tas de d\u00e9combres.<br \/>\nJusqu\u2019en 39, le temple resta dans cet \u00e9tat, et ce n\u2019est qu\u2019alors qu\u2019un groupe de 50 citadins se pr\u00e9sent\u00e8rent volontairement suite \u00e0 l\u2019appel du P\u00e8re Ballar\u00edn, pour le d\u00e9blayage. Cependant, l\u2019image resta encore cach\u00e9e du fait que les bombardements sur la ville s\u2019intensifi\u00e8rent et elle encourait le risque d\u2019\u00eatre d\u00e9truite.<br \/>\n<strong>Apr\u00e8s la fin de la guerre civile, la nouvelle de la sauvegarde de la vierge passa de bouche \u00e0 oreille<\/strong>, et en avril, l\u2019image ressortit, gr\u00e2ce aux efforts du P\u00e8re Ballar\u00edn, entre autres. En outre, le P\u00e8re encouragea les travaux de reconstruction et la collecte de fonds pour le sanctuaire.<\/p>\n","protected":false},"excerpt":{"rendered":"<p>Ce buste est d\u00e9di\u00e9 au P\u00e8re Ballar\u00edn, Prieur des Dominicains. Ballar\u00edn voyait la d\u00e9t\u00e9rioration progressive de la ville et il [&hellip;]<\/p>\n","protected":false},"featured_media":57174,"template":"","format":"standard","meta":{"_acf_changed":false,"footnotes":""},"class_list":["post-49865","lugar","type-lugar","status-publish","format-standard","has-post-thumbnail","hentry","tlugar-estatuas-y-esculturas-fr"],"acf":[],"ACF":{"ubicacion_mapa":{"address":"Pl. de la Virgen del Mar, 13, 04001 Almer\u00eda, Espa\u00f1a","lat":36.837462,"lng":-2.464944,"zoom":14,"place_id":"ChIJl-5eVAF2cA0ROkaflwww1Uk","street_number":"13","street_name":"Plaza de la Virgen del Mar","street_name_short":"Pl. de la Virgen del Mar","city":"Almer\u00eda","state":"Andaluc\u00eda","state_short":"AN","post_code":"04001","country":"Espa\u00f1a","country_short":"ES"},"telefono":"","consejos_de_seguridad":"","destacado_home":"","horario":"","gallery":["https:\/\/www.turismodealmeria.org\/wp-content\/uploads\/2015\/12\/turismo-almeria-ciudad-escultura-padre-ballarin-01.jpg","https:\/\/www.turismodealmeria.org\/wp-content\/uploads\/2015\/12\/turismo-almeria-ciudad-escultura-padre-ballarin-02.jpg"],"tipo":[],"tipo_de_motivo":false},"_links":{"self":[{"href":"https:\/\/www.turismodealmeria.org\/fr\/wp-json\/wp\/v2\/lugar\/49865","targetHints":{"allow":["GET"]}}],"collection":[{"href":"https:\/\/www.turismodealmeria.org\/fr\/wp-json\/wp\/v2\/lugar"}],"about":[{"href":"https:\/\/www.turismodealmeria.org\/fr\/wp-json\/wp\/v2\/types\/lugar"}],"version-history":[{"count":0,"href":"https:\/\/www.turismodealmeria.org\/fr\/wp-json\/wp\/v2\/lugar\/49865\/revisions"}],"wp:featuredmedia":[{"embeddable":true,"href":"https:\/\/www.turismodealmeria.org\/fr\/wp-json\/wp\/v2\/media\/57174"}],"wp:attachment":[{"href":"https:\/\/www.turismodealmeria.org\/fr\/wp-json\/wp\/v2\/media?parent=49865"}],"curies":[{"name":"wp","href":"https:\/\/api.w.org\/{rel}","templated":true}]}}

Buste du Père Ballarín

<p>Ce buste est <strong>dédié au Père Ballarín, Prieur des Dominicains</strong>. Ballarín voyait la détérioration progressive de la ville et il médita sur la façon dont il pourrait sauver ce qui lui était possible. Il <strong>voulait très spécialement maintenir l’image de notre Patronne, la Virgen del Mar</strong>, et il en arriva même à la remplacer pour éviter sa détérioration, ce qui fut fait en secret. Ceci permit de conserver l’image, surtout face aux évènements de 1936, quand le temple de la patronne subit plusieurs tentatives d’incendie, et fut finalement calciné le 23 Juillet de cette même année et réduit à un tas de décombres.<br />
Jusqu’en 39, le temple resta dans cet état, et ce n’est qu’alors qu’un groupe de 50 citadins se présentèrent volontairement suite à l’appel du Père Ballarín, pour le déblayage. Cependant, l’image resta encore cachée du fait que les bombardements sur la ville s’intensifièrent et elle encourait le risque d’être détruite.<br />
<strong>Après la fin de la guerre civile, la nouvelle de la sauvegarde de la vierge passa de bouche à oreille</strong>, et en avril, l’image ressortit, grâce aux efforts du Père Ballarín, entre autres. En outre, le Père encouragea les travaux de reconstruction et la collecte de fonds pour le sanctuaire.</p>

<p>Ce buste est dédié au Père Ballarín, Prieur des Dominicains. Ballarín voyait la détérioration progressive de la ville et il [&hellip;]</p>

Pl. de la Virgen del Mar, 13, 04001 Almería, España

Almería

Andalucía

España
