{"id":49901,"date":"2015-12-02T00:02:45","date_gmt":"2015-12-02T00:02:45","guid":{"rendered":"https:\/\/www.turismodealmeria.org\/lugar\/bajorrelieve-de-san-valentin\/"},"modified":"2022-05-23T09:40:21","modified_gmt":"2022-05-23T07:40:21","slug":"bajorrelieve-de-san-valentin","status":"publish","type":"lugar","link":"https:\/\/www.turismodealmeria.org\/fr\/lugar\/bajorrelieve-de-san-valentin\/","title":{"rendered":"Bas-relief de San Valentin"},"content":{"rendered":"<p>Chef-d\u2019\u0153uvre r\u00e9alis\u00e9 par J\u00e9sus de Perceval situ\u00e9 <strong>Place Campoamor<\/strong>, en face du <strong>Palais des Marquis de Cabra<\/strong>. Il s\u2019agit d\u2019un monolithe en m\u00e9thacrylate et aluminium qui souligne le polychrom\u00e9 de la pierre. Sur le socle sont \u00e9crits des vers de Ramon de Campoamor, auteur qui a donn\u00e9 son nom \u00e0 la place : \u201cEs propio del amor, si es verdadero, compendiar en un ser el mundo entero\u201d (Il est normal pour l\u2019amour, s\u2019il est v\u00e9ritable, de r\u00e9duire le monde entier \u00e0 un seul \u00eatre). Une des particularit\u00e9s de cette \u0153uvre d\u2019art est qu\u2019elle est entour\u00e9e d\u2019une grille basse sur laquelle les amoureux peuvent suspendre un cadenas comme symbole de leur relation.<\/p>\n<p>&nbsp;<\/p>\n<p>&nbsp;<\/p>\n","protected":false},"excerpt":{"rendered":"<p>Chef-d\u2019\u0153uvre r\u00e9alis\u00e9 par J\u00e9sus de Perceval situ\u00e9 Place Campoamor, en face du Palais des Marquis de Cabra. Il s\u2019agit d\u2019un [&hellip;]<\/p>\n","protected":false},"featured_media":25456,"template":"","format":"standard","meta":{"_acf_changed":false,"footnotes":""},"class_list":["post-49901","lugar","type-lugar","status-publish","format-standard","has-post-thumbnail","hentry","tlugar-estatuas-y-esculturas-fr"],"acf":[],"ACF":{"ubicacion_mapa":{"address":"Plaza Campoamor","lat":36.8393461,"lng":-2.4684137,"zoom":14,"place_id":"ChIJw4UtUAZ2cA0RGk2zWwwTTaU","street_number":"3","street_name":"Calle Campoamor","city":"Almer\u00eda","state":"Andaluc\u00eda","state_short":"AN","post_code":"04002","country":"Espa\u00f1a","country_short":"ES"},"telefono":"","consejos_de_seguridad":"","destacado_home":"","horario":"","gallery":["https:\/\/www.turismodealmeria.org\/wp-content\/uploads\/2015\/12\/turismo-almeria-ciudad-bajo-relieve-san-valentin.jpg","https:\/\/www.turismodealmeria.org\/wp-content\/uploads\/2015\/12\/turismo-almeria-ciudad-bajo-relieve-san-valentin-02.jpg"],"tipo":[],"tipo_de_motivo":false},"_links":{"self":[{"href":"https:\/\/www.turismodealmeria.org\/fr\/wp-json\/wp\/v2\/lugar\/49901","targetHints":{"allow":["GET"]}}],"collection":[{"href":"https:\/\/www.turismodealmeria.org\/fr\/wp-json\/wp\/v2\/lugar"}],"about":[{"href":"https:\/\/www.turismodealmeria.org\/fr\/wp-json\/wp\/v2\/types\/lugar"}],"version-history":[{"count":0,"href":"https:\/\/www.turismodealmeria.org\/fr\/wp-json\/wp\/v2\/lugar\/49901\/revisions"}],"wp:featuredmedia":[{"embeddable":true,"href":"https:\/\/www.turismodealmeria.org\/fr\/wp-json\/wp\/v2\/media\/25456"}],"wp:attachment":[{"href":"https:\/\/www.turismodealmeria.org\/fr\/wp-json\/wp\/v2\/media?parent=49901"}],"curies":[{"name":"wp","href":"https:\/\/api.w.org\/{rel}","templated":true}]}}

<p>Chef-d’œuvre réalisé par Jésus de Perceval situé <strong>Place Campoamor</strong>, en face du <strong>Palais des Marquis de Cabra</strong>. Il s’agit d’un monolithe en méthacrylate et aluminium qui souligne le polychromé de la pierre. Sur le socle sont écrits des vers de Ramon de Campoamor, auteur qui a donné son nom à la place : “Es propio del amor, si es verdadero, compendiar en un ser el mundo entero” (Il est normal pour l’amour, s’il est véritable, de réduire le monde entier à un seul être). Une des particularités de cette œuvre d’art est qu’elle est entourée d’une grille basse sur laquelle les amoureux peuvent suspendre un cadenas comme symbole de leur relation.</p>
<p>&nbsp;</p>
<p>&nbsp;</p>

<p>Chef-d’œuvre réalisé par Jésus de Perceval situé Place Campoamor, en face du Palais des Marquis de Cabra. Il s’agit d’un [&hellip;]</p>

Almería

Andalucía

España
