{"id":49977,"date":"2014-12-13T00:13:21","date_gmt":"2014-12-13T00:13:21","guid":{"rendered":"https:\/\/www.turismodealmeria.org\/lugar\/puerta-de-purchena-y-paseo-de-almeria\/"},"modified":"2022-05-23T10:35:45","modified_gmt":"2022-05-23T08:35:45","slug":"puerta-de-purchena-y-paseo-de-almeria","status":"publish","type":"lugar","link":"https:\/\/www.turismodealmeria.org\/fr\/lugar\/puerta-de-purchena-y-paseo-de-almeria\/","title":{"rendered":"Porte de Purchena et Promenade d\u2019Almeria"},"content":{"rendered":"<div class=\"entry\">\n<p><strong>Tout l\u2019urbanisme du nouveau quartier de la Porte de Purchena et de la Promenade d\u2019Almeria a \u00e9t\u00e9 r\u00e9alis\u00e9 vers la moiti\u00e9 du XIX\u00e8me si\u00e8cle.<\/strong> La Porte de Purchena, centre n\u00e9vralgique de la ville, est plac\u00e9e tr\u00e8s concr\u00e8tement \u00e0 la confluence de l\u2019actuelle Place del Carmen et de la Place de Manuel P\u00e9rez Garc\u00eda. Auparavant, la \u201cPorte de Pechina\u201d, \u00e9tait la principale entr\u00e9e de la ville et la reliait au chemin de Pechina. Par erreur, les chr\u00e9tiens la nomm\u00e8rent Porte de Purchena. Elle fut d\u00e9molie avec la plus grande partie des murailles, en 1855. La porte, d\u2019acc\u00e8s direct, \u00e9tait flanqu\u00e9e par deux donjons sur la base d\u2019un talus.<\/p>\n<p><strong>La Promenade d\u2019Almeria, et la Porte de Purchena<\/strong>, sont actuellement un point de rencontre des habitants d\u2019Almeria qui vont faire leurs achats, parler affaires dans les caf\u00e9s des alentours, ou simplement un espace de promenade matutinale. Initialement, la Porte \u00e9tait situ\u00e9e extramuros mais, en raison du d\u00e9veloppement post\u00e9rieur de la deuxi\u00e8me moiti\u00e9 du XIX\u00e8me si\u00e8cle, elle en arriva \u00e0 se situer au centre de la ville.<\/p>\n<p>Dans son nouveau quartier bourgeois de l\u2019est, au cours de la deuxi\u00e8me moiti\u00e9 du XIX\u00e8me si\u00e8cle, et <strong>apr\u00e8s la d\u00e9molition des murailles, la Promenade et la Porte de Purchena devinrent la zone privil\u00e9gi\u00e9e de la ville<\/strong>, et les deux sont \u00e9troitement unies au d\u00e9veloppement urbain de cette p\u00e9riode, favoris\u00e9 par l\u2019argent de mines et des raisins qui enrichissait la bourgeoisie.<\/p>\n<p>Au long de la Promenade et autour de la Porte de Purchena, on peut admirer de nombreux exemples de <strong>demeures de la bourgeoisie d\u2019Almeria de la fin du XIX\u00e8me si\u00e8cle ou d\u00e9but du XX\u00e8me<\/strong>. Ce sont des maisons individuelles ou d\u2019appartements, entre lesquelles se trouvent la \u201c<strong>Casa de Las Mariposas<\/strong>\u201d (la maison des papillons) en plein centre de la Porte Purchena. Cette maison est connue sous le nom de \u201cCasa de los Rapallo\u201d qui est le nom d\u2019un de ses propri\u00e9taires ou \u201cLas mariposas\u201d en raison du motif de sa d\u00e9coration la plus frappante. Elle a \u00e9t\u00e9 dessin\u00e9e par l\u2019architecte municipal Trinidad Cuartara Casinello.<\/p>\n<\/div>\n","protected":false},"excerpt":{"rendered":"<p>Tout l\u2019urbanisme du nouveau quartier de la Porte de Purchena et de la Promenade d\u2019Almeria a \u00e9t\u00e9 r\u00e9alis\u00e9 vers la [&hellip;]<\/p>\n","protected":false},"featured_media":25546,"template":"","format":"gallery","meta":{"_acf_changed":false,"footnotes":""},"class_list":["post-49977","lugar","type-lugar","status-publish","format-gallery","has-post-thumbnail","hentry","post_format-post-format-gallery","tlugar-lugares-emblematicos-fr"],"acf":[],"ACF":{"ubicacion_mapa":{"address":"Puerta purchena","lat":36.8416869,"lng":-2.4640826,"zoom":14,"place_id":"ChIJr-vCK1x3cA0RSJnMyC0rfSQ","street_number":"33","street_name":"Puerta de Purchena","street_name_short":"Prta de Purchena","city":"Almer\u00eda","state":"Andaluc\u00eda","state_short":"AN","post_code":"04003","country":"Espa\u00f1a","country_short":"ES"},"telefono":"","consejos_de_seguridad":"","destacado_home":"","horario":"","gallery":["https:\/\/www.turismodealmeria.org\/wp-content\/uploads\/2014\/12\/turismo-almeria-paseo-almeria-01.jpg","https:\/\/www.turismodealmeria.org\/wp-content\/uploads\/2014\/12\/turismo-almeria-paseo-almeria-02.jpg","https:\/\/www.turismodealmeria.org\/wp-content\/uploads\/2014\/12\/turismo-almeria-paseo-almeria-03.jpg","https:\/\/www.turismodealmeria.org\/wp-content\/uploads\/2014\/12\/turismo-almeria-paseo-almeria-04.jpg"],"tipo":[],"tipo_de_motivo":false},"_links":{"self":[{"href":"https:\/\/www.turismodealmeria.org\/fr\/wp-json\/wp\/v2\/lugar\/49977","targetHints":{"allow":["GET"]}}],"collection":[{"href":"https:\/\/www.turismodealmeria.org\/fr\/wp-json\/wp\/v2\/lugar"}],"about":[{"href":"https:\/\/www.turismodealmeria.org\/fr\/wp-json\/wp\/v2\/types\/lugar"}],"version-history":[{"count":0,"href":"https:\/\/www.turismodealmeria.org\/fr\/wp-json\/wp\/v2\/lugar\/49977\/revisions"}],"wp:featuredmedia":[{"embeddable":true,"href":"https:\/\/www.turismodealmeria.org\/fr\/wp-json\/wp\/v2\/media\/25546"}],"wp:attachment":[{"href":"https:\/\/www.turismodealmeria.org\/fr\/wp-json\/wp\/v2\/media?parent=49977"}],"curies":[{"name":"wp","href":"https:\/\/api.w.org\/{rel}","templated":true}]}}

<div class="entry">
<p><strong>Tout l’urbanisme du nouveau quartier de la Porte de Purchena et de la Promenade d’Almeria a été réalisé vers la moitié du XIXème siècle.</strong> La Porte de Purchena, centre névralgique de la ville, est placée très concrètement à la confluence de l’actuelle Place del Carmen et de la Place de Manuel Pérez García. Auparavant, la “Porte de Pechina”, était la principale entrée de la ville et la reliait au chemin de Pechina. Par erreur, les chrétiens la nommèrent Porte de Purchena. Elle fut démolie avec la plus grande partie des murailles, en 1855. La porte, d’accès direct, était flanquée par deux donjons sur la base d’un talus.</p>
<p><strong>La Promenade d’Almeria, et la Porte de Purchena</strong>, sont actuellement un point de rencontre des habitants d’Almeria qui vont faire leurs achats, parler affaires dans les cafés des alentours, ou simplement un espace de promenade matutinale. Initialement, la Porte était située extramuros mais, en raison du développement postérieur de la deuxième moitié du XIXème siècle, elle en arriva à se situer au centre de la ville.</p>
<p>Dans son nouveau quartier bourgeois de l’est, au cours de la deuxième moitié du XIXème siècle, et <strong>après la démolition des murailles, la Promenade et la Porte de Purchena devinrent la zone privilégiée de la ville</strong>, et les deux sont étroitement unies au développement urbain de cette période, favorisé par l’argent de mines et des raisins qui enrichissait la bourgeoisie.</p>
<p>Au long de la Promenade et autour de la Porte de Purchena, on peut admirer de nombreux exemples de <strong>demeures de la bourgeoisie d’Almeria de la fin du XIXème siècle ou début du XXème</strong>. Ce sont des maisons individuelles ou d’appartements, entre lesquelles se trouvent la “<strong>Casa de Las Mariposas</strong>” (la maison des papillons) en plein centre de la Porte Purchena. Cette maison est connue sous le nom de “Casa de los Rapallo” qui est le nom d’un de ses propriétaires ou “Las mariposas” en raison du motif de sa décoration la plus frappante. Elle a été dessinée par l’architecte municipal Trinidad Cuartara Casinello.</p>
</div>

<p>Tout l’urbanisme du nouveau quartier de la Porte de Purchena et de la Promenade d’Almeria a été réalisé vers la [&hellip;]</p>

Almería

Andalucía

España
