{"id":50001,"date":"2014-12-10T00:10:54","date_gmt":"2014-12-10T00:10:54","guid":{"rendered":"https:\/\/www.turismodealmeria.org\/lugar\/plaza-careaga\/"},"modified":"2022-05-23T10:47:02","modified_gmt":"2022-05-23T08:47:02","slug":"plaza-careaga","status":"publish","type":"lugar","link":"https:\/\/www.turismodealmeria.org\/fr\/lugar\/plaza-careaga\/","title":{"rendered":"Place Careaga"},"content":{"rendered":"<div class=\"entry\">\n<p>Les espaces irr\u00e9guliers ouverts \u00e0 l\u2019int\u00e9rieur du trac\u00e9 urbain du quartier ancien \u00e9taient nombreux et, durant les XVIII\u00e8me et XIX\u00e8me si\u00e8cles, ils permirent la construction de places, o\u00f9 se concentraient les personnes de classe haute, comme dans le cas de <strong>\u201cLa Place Careaga\u201d. Sa structure de cour int\u00e9rieure invite au repos.<br \/>\n<\/strong><br \/>\n<strong>Elle doit son nom \u00e0 la Famille Careaga<\/strong>, qui avait sa maison dans cette zone. Juan Ochoa Ortiz de Careaga arriva de Biscaye avec quatre navires pour participer \u00e0 la guerre de Grenade et, plus tard, il y resta pour peupler Almeria. \u00c0 partir de M. Miguel Avis-Venegas et Careaga Mar\u00edn Benavides, quatre noms de famille illustres de 1489 de l\u2019aristocratie historique d\u2019Almeria, de sang de conqu\u00e9reurs chr\u00e9tiens et de princes musulmans, Carlos II fut cr\u00e9\u00e9 le titre de marquis de Torre Alta et Vicomte de Careaga. La fameuse rue de l\u2019Arco doit son nom \u00e0 l\u2019arc de Careaga, qui reliait la maison des marquis \u00e0 ses greniers.<\/p>\n<p>C\u2019est sur cette place que se trouve \u201c<strong>La Maison des Marquis de Torre Alta<\/strong>\u201d, con\u00e7ue en 1847, remarquable par sa composition sur deux \u00e9tages. Sa structure est adapt\u00e9e au type g\u00e9n\u00e9ral de demeure n\u00e9oclassique bourgeoise, avec tous ses \u00e9l\u00e9ments particuliers, comme les arcs bris\u00e9s de tradition classiciste, innovateurs \u00e0 Almeria.<\/p>\n<\/div>\n","protected":false},"excerpt":{"rendered":"<p>Les espaces irr\u00e9guliers ouverts \u00e0 l\u2019int\u00e9rieur du trac\u00e9 urbain du quartier ancien \u00e9taient nombreux et, durant les XVIII\u00e8me et XIX\u00e8me [&hellip;]<\/p>\n","protected":false},"featured_media":25549,"template":"","format":"gallery","meta":{"_acf_changed":false,"footnotes":""},"class_list":["post-50001","lugar","type-lugar","status-publish","format-gallery","has-post-thumbnail","hentry","post_format-post-format-gallery","tlugar-plazas-y-parques-fr"],"acf":[],"ACF":{"consejos_de_seguridad":"","ubicacion_mapa":{"address":"Plaza Careaga","lat":36.8393564,"lng":-2.4664031,"zoom":14,"place_id":"ChIJiXMI3QZ2cA0RaVXPTh0RgUg","street_name":"Plaza Careaga","city":"Almer\u00eda","state":"Andaluc\u00eda","state_short":"AN","post_code":"04003","country":"Espa\u00f1a","country_short":"ES"},"telefono":"","destacado_home":"","horario":"","gallery":false,"tipo":[],"tipo_de_motivo":false},"_links":{"self":[{"href":"https:\/\/www.turismodealmeria.org\/fr\/wp-json\/wp\/v2\/lugar\/50001","targetHints":{"allow":["GET"]}}],"collection":[{"href":"https:\/\/www.turismodealmeria.org\/fr\/wp-json\/wp\/v2\/lugar"}],"about":[{"href":"https:\/\/www.turismodealmeria.org\/fr\/wp-json\/wp\/v2\/types\/lugar"}],"version-history":[{"count":0,"href":"https:\/\/www.turismodealmeria.org\/fr\/wp-json\/wp\/v2\/lugar\/50001\/revisions"}],"wp:featuredmedia":[{"embeddable":true,"href":"https:\/\/www.turismodealmeria.org\/fr\/wp-json\/wp\/v2\/media\/25549"}],"wp:attachment":[{"href":"https:\/\/www.turismodealmeria.org\/fr\/wp-json\/wp\/v2\/media?parent=50001"}],"curies":[{"name":"wp","href":"https:\/\/api.w.org\/{rel}","templated":true}]}}

<div class="entry">
<p>Les espaces irréguliers ouverts à l’intérieur du tracé urbain du quartier ancien étaient nombreux et, durant les XVIIIème et XIXème siècles, ils permirent la construction de places, où se concentraient les personnes de classe haute, comme dans le cas de <strong>“La Place Careaga”. Sa structure de cour intérieure invite au repos.<br />
</strong><br />
<strong>Elle doit son nom à la Famille Careaga</strong>, qui avait sa maison dans cette zone. Juan Ochoa Ortiz de Careaga arriva de Biscaye avec quatre navires pour participer à la guerre de Grenade et, plus tard, il y resta pour peupler Almeria. À partir de M. Miguel Avis-Venegas et Careaga Marín Benavides, quatre noms de famille illustres de 1489 de l’aristocratie historique d’Almeria, de sang de conquéreurs chrétiens et de princes musulmans, Carlos II fut créé le titre de marquis de Torre Alta et Vicomte de Careaga. La fameuse rue de l’Arco doit son nom à l’arc de Careaga, qui reliait la maison des marquis à ses greniers.</p>
<p>C’est sur cette place que se trouve “<strong>La Maison des Marquis de Torre Alta</strong>”, conçue en 1847, remarquable par sa composition sur deux étages. Sa structure est adaptée au type général de demeure néoclassique bourgeoise, avec tous ses éléments particuliers, comme les arcs brisés de tradition classiciste, innovateurs à Almeria.</p>
</div>

<p>Les espaces irréguliers ouverts à l’intérieur du tracé urbain du quartier ancien étaient nombreux et, durant les XVIIIème et XIXème [&hellip;]</p>

Almería

Andalucía

España
