{"id":49876,"date":"2022-03-27T11:30:24","date_gmt":"2022-03-27T09:30:24","guid":{"rendered":"https:\/\/www.turismodealmeria.org\/historia\/"},"modified":"2022-05-25T09:36:31","modified_gmt":"2022-05-25T07:36:31","slug":"histoire","status":"publish","type":"page","link":"https:\/\/www.turismodealmeria.org\/fr\/histoire\/","title":{"rendered":"Histoire"},"content":{"rendered":"<div class=\"wpb-content-wrapper\"><p>[vc_row][vc_column column_width_percent=\u00a0\u00bb100&Prime; gutter_size=\u00a0\u00bb2&Prime; overlay_alpha=\u00a0\u00bb50&Prime; shift_x=\u00a0\u00bb0&Prime; shift_y=\u00a0\u00bb0&Prime; shift_y_down=\u00a0\u00bb0&Prime; z_index=\u00a0\u00bb0&Prime; medium_width=\u00a0\u00bb0&Prime; mobile_width=\u00a0\u00bb0&Prime; width=\u00a0\u00bb1\/1&Prime; uncode_shortcode_id=\u00a0\u00bb675924&Prime;][vc_custom_heading text_color=\u00a0\u00bbcolor-sea-blue\u00a0\u00bb text_size=\u00a0\u00bbfontsize-35&Prime; text_weight=\u00a0\u00bb600&Prime; uncode_shortcode_id=\u00a0\u00bb134866&Prime; text_color_type=\u00a0\u00bbuncode-palette\u00a0\u00bb]HISTOIRE[\/vc_custom_heading][vc_separator sep_color=\u00a0\u00bbcolor-amber\u00a0\u00bb uncode_shortcode_id=\u00a0\u00bb914759&Prime; el_class=\u00a0\u00bbplayas-forma-segura\u00a0\u00bb sep_color_type=\u00a0\u00bbuncode-palette\u00a0\u00bb el_width=\u00a0\u00bb200px\u00a0\u00bb el_height=\u00a0\u00bb8px\u00a0\u00bb][vc_custom_heading heading_semantic=\u00a0\u00bbp\u00a0\u00bb text_size=\u00a0\u00bbfontsize-17&Prime; text_weight=\u00a0\u00bb400&Prime; uncode_shortcode_id=\u00a0\u00bb154596&Prime;]La ville d\u2019Almeria a \u00e9t\u00e9 fond\u00e9e en l\u2019an 955 par les arabes, mais il existe des sites arch\u00e9ologiques qui font remonter son origine aux temps pr\u00e9historiques. La colline o\u00f9 se trouve actuellement l\u2019Alcazaba a \u00e9t\u00e9 occup\u00e9e tr\u00e8s t\u00f4t \u00e0 l\u2019\u00e9poque pr\u00e9historique, \u00e0 une p\u00e9riode qui pourrait co\u00efncider avec l\u2019\u00c2ge du Bronze. Post\u00e9rieurement, \u00e0 l\u2019\u00e9poque pr\u00e9romaine, nous trouvons des vestiges ph\u00e9niciens. De l\u2019\u00e9poque romaine, nous avons r\u00e9cup\u00e9r\u00e9 des excavations de nombreux restes c\u00e9ramiques, allant du premier si\u00e8cle de notre \u00e8re aux derni\u00e8res productions de c\u00e9ramique fine, sp\u00e9cialement importants dans la p\u00e9riode finale ou romaine tardive (V\u00e8me au VII\u00e8me si\u00e8cle). Cette occupation permet de conclure qu\u2019il y a eu pr\u00e9sence d\u2019habitat avant la \u201cfondation\u201d de la ville en l\u2019an 955, sur la base d\u2019un petit village maritime d\u00e9pendant de l\u2019int\u00e9rieur (URCI), auquel il sert de port naturel et dont les vestiges se retrouvent dans de nombreux endroits de la ville actuelle.<br \/>\nDe l\u2019\u00e9poque romaine, nous conservons encore des restes de l\u2019ancienne voie romaine de Bayyana, en-dehors de la ville.[\/vc_custom_heading][\/vc_column][\/vc_row][vc_row][vc_column width=\u00a0\u00bb1\/1&Prime;][uncode_index el_id=\u00a0\u00bblistado-historia\u00a0\u00bb isotope_mode=\u00a0\u00bbpackery\u00a0\u00bb loop=\u00a0\u00bbsize:6|order_by:date|post_type:historia-almeria|taxonomy_count:10&Prime; style_preset=\u00a0\u00bbmetro\u00a0\u00bb pagination=\u00a0\u00bbyes\u00a0\u00bb gutter_size=\u00a0\u00bb3&Prime; playas_items=\u00a0\u00bbmedia|featured|onpost|original,title,sep-one|full,text|full|280&Prime; lugar_items=\u00a0\u00bbmedia|featured|onpost|original,title,sep-one|full,spacer|one,text|full|180,spacer_two|one,link|default|default_size|ver\u00a0\u00bb historia-almeria_items=\u00a0\u00bbmedia|featured|onpost|original,title,sep-one|full,spacer|one,text|full|200,spacer_two|one,link|default|default_size|plus\u00a0\u00bb screen_lg=\u00a0\u00bb1000&Prime; screen_md=\u00a0\u00bb600&Prime; screen_sm=\u00a0\u00bb480&Prime; single_text=\u00a0\u00bblateral\u00a0\u00bb single_width=\u00a0\u00bb12&Prime; single_image_size=\u00a0\u00bb7&Prime; single_overlay_opacity=\u00a0\u00bb50&Prime; single_vertical_text=\u00a0\u00bbbottom\u00a0\u00bb single_padding=\u00a0\u00bb2&Prime; single_title_dimension=\u00a0\u00bbfont-size-23px\u00a0\u00bb uncode_shortcode_id=\u00a0\u00bb457978&Prime; el_class=\u00a0\u00bbtext-color-deep-teal-color\u00a0\u00bb][\/vc_column][\/vc_row][vc_row][vc_column column_width_percent=\u00a0\u00bb100&Prime; gutter_size=\u00a0\u00bb2&Prime; overlay_alpha=\u00a0\u00bb50&Prime; shift_x=\u00a0\u00bb0&Prime; shift_y=\u00a0\u00bb0&Prime; shift_y_down=\u00a0\u00bb0&Prime; z_index=\u00a0\u00bb0&Prime; medium_width=\u00a0\u00bb0&Prime; mobile_width=\u00a0\u00bb0&Prime; width=\u00a0\u00bb1\/1&Prime; uncode_shortcode_id=\u00a0\u00bb675924&Prime;][vc_custom_heading text_color=\u00a0\u00bbcolor-sea-blue\u00a0\u00bb text_size=\u00a0\u00bbfontsize-35&Prime; text_weight=\u00a0\u00bb600&Prime; uncode_shortcode_id=\u00a0\u00bb166487&Prime; text_color_type=\u00a0\u00bbuncode-palette\u00a0\u00bb]PERSONNAGES FAMEUX[\/vc_custom_heading][vc_separator sep_color=\u00a0\u00bbcolor-amber\u00a0\u00bb uncode_shortcode_id=\u00a0\u00bb914759&Prime; el_class=\u00a0\u00bbplayas-forma-segura\u00a0\u00bb sep_color_type=\u00a0\u00bbuncode-palette\u00a0\u00bb el_width=\u00a0\u00bb200px\u00a0\u00bb el_height=\u00a0\u00bb8px\u00a0\u00bb][vc_column_text uncode_shortcode_id=\u00a0\u00bb808324&Prime;]\u00c0 Almer\u00eda, il y a des personnages tr\u00e8s importants. Certains pour leur d\u00e9vouement \u00e0 la ville, d&rsquo;autres avec une projection nationale et certains m\u00eame connus dans le monde entier. D\u00e9couvrez quelques-uns des natifs les plus illustres d&rsquo;Almer\u00eda, de naissance ou d&rsquo;adoption.[\/vc_column_text][\/vc_column][\/vc_row][vc_row][vc_column width=\u00a0\u00bb1\/1&Prime;][uncode_index el_id=\u00a0\u00bblistado-personajes\u00a0\u00bb isotope_mode=\u00a0\u00bbpackery\u00a0\u00bb loop=\u00a0\u00bbsize:8|order_by:date|post_type:personaje|taxonomy_count:10&Prime; pagination=\u00a0\u00bbyes\u00a0\u00bb gutter_size=\u00a0\u00bb2&Prime; personaje_items=\u00a0\u00bbmedia|featured|onpost|original,title,fechas,spacer|half\u00a0\u00bb playas_items=\u00a0\u00bbmedia|featured|onpost|original,title,sep-one|full,text|full|280&Prime; lugar_items=\u00a0\u00bbmedia|featured|onpost|original,title,text|full|120&Prime; screen_lg=\u00a0\u00bb1000&Prime; screen_md=\u00a0\u00bb600&Prime; screen_sm=\u00a0\u00bb480&Prime; single_width=\u00a0\u00bb3&Prime; single_overlay_opacity=\u00a0\u00bb50&Prime; single_padding=\u00a0\u00bb1&Prime; single_title_semantic=\u00a0\u00bbp\u00a0\u00bb single_title_dimension=\u00a0\u00bbh3&Prime; uncode_shortcode_id=\u00a0\u00bb108200&Prime; el_class=\u00a0\u00bblistado-historia text-color-deep-teal-color border-radius-5px\u00a0\u00bb][\/vc_column][\/vc_row][vc_row unlock_row_content=\u00a0\u00bbyes\u00a0\u00bb row_height_percent=\u00a0\u00bb0&Prime; override_padding=\u00a0\u00bbyes\u00a0\u00bb h_padding=\u00a0\u00bb0&Prime; top_padding=\u00a0\u00bb2&Prime; bottom_padding=\u00a0\u00bb0&Prime; overlay_alpha=\u00a0\u00bb50&Prime; gutter_size=\u00a0\u00bb3&Prime; column_width_percent=\u00a0\u00bb100&Prime; shift_y=\u00a0\u00bb0&Prime; z_index=\u00a0\u00bb0&Prime; mobile_visibility=\u00a0\u00bbyes\u00a0\u00bb uncode_shortcode_id=\u00a0\u00bb381793&Prime;][vc_column width=\u00a0\u00bb1\/1&Prime;][vc_single_image media=\u00a0\u00bb21904&Prime; media_width_percent=\u00a0\u00bb100&Prime; uncode_shortcode_id=\u00a0\u00bb302521&Prime; media_link=\u00a0\u00bburl:https%3A%2F%2Fwww.turismodealmeria.org%2Fpaseo-almeria%2F|target:_blank\u00a0\u00bb][\/vc_column][\/vc_row][vc_row unlock_row_content=\u00a0\u00bbyes\u00a0\u00bb row_height_percent=\u00a0\u00bb0&Prime; override_padding=\u00a0\u00bbyes\u00a0\u00bb h_padding=\u00a0\u00bb0&Prime; top_padding=\u00a0\u00bb2&Prime; bottom_padding=\u00a0\u00bb0&Prime; overlay_alpha=\u00a0\u00bb50&Prime; gutter_size=\u00a0\u00bb3&Prime; column_width_percent=\u00a0\u00bb100&Prime; shift_y=\u00a0\u00bb0&Prime; z_index=\u00a0\u00bb0&Prime; desktop_visibility=\u00a0\u00bbyes\u00a0\u00bb medium_visibility=\u00a0\u00bbyes\u00a0\u00bb uncode_shortcode_id=\u00a0\u00bb220689&Prime;][vc_column width=\u00a0\u00bb1\/1&Prime;][vc_single_image media=\u00a0\u00bb56685&Prime; media_width_percent=\u00a0\u00bb100&Prime; uncode_shortcode_id=\u00a0\u00bb749500&Prime; media_link=\u00a0\u00bburl:https%3A%2F%2Fwww.turismodealmeria.org%2Fpaseo-almeria%2F|target:_blank\u00a0\u00bb][\/vc_column][\/vc_row]<\/p>\n<\/div>","protected":false},"excerpt":{"rendered":"<p>[vc_row][vc_column column_width_percent=\u00a0\u00bb100&Prime; gutter_size=\u00a0\u00bb2&Prime; overlay_alpha=\u00a0\u00bb50&Prime; shift_x=\u00a0\u00bb0&Prime; shift_y=\u00a0\u00bb0&Prime; shift_y_down=\u00a0\u00bb0&Prime; z_index=\u00a0\u00bb0&Prime; medium_width=\u00a0\u00bb0&Prime; mobile_width=\u00a0\u00bb0&Prime; width=\u00a0\u00bb1\/1&Prime; uncode_shortcode_id=\u00a0\u00bb675924&Prime;][vc_custom_heading text_color=\u00a0\u00bbcolor-sea-blue\u00a0\u00bb text_size=\u00a0\u00bbfontsize-35&Prime; text_weight=\u00a0\u00bb600&Prime; uncode_shortcode_id=\u00a0\u00bb134866&Prime; text_color_type=\u00a0\u00bbuncode-palette\u00a0\u00bb]HISTOIRE[\/vc_custom_heading][vc_separator sep_color=\u00a0\u00bbcolor-amber\u00a0\u00bb uncode_shortcode_id=\u00a0\u00bb914759&Prime; el_class=\u00a0\u00bbplayas-forma-segura\u00a0\u00bb [&hellip;]<\/p>\n","protected":false},"author":1,"featured_media":0,"parent":0,"menu_order":0,"comment_status":"closed","ping_status":"closed","template":"","meta":{"_acf_changed":false,"footnotes":""},"class_list":["post-49876","page","type-page","status-publish","hentry"],"acf":[],"ACF":{"imagen_cabecera":false},"_links":{"self":[{"href":"https:\/\/www.turismodealmeria.org\/fr\/wp-json\/wp\/v2\/pages\/49876","targetHints":{"allow":["GET"]}}],"collection":[{"href":"https:\/\/www.turismodealmeria.org\/fr\/wp-json\/wp\/v2\/pages"}],"about":[{"href":"https:\/\/www.turismodealmeria.org\/fr\/wp-json\/wp\/v2\/types\/page"}],"author":[{"embeddable":true,"href":"https:\/\/www.turismodealmeria.org\/fr\/wp-json\/wp\/v2\/users\/1"}],"replies":[{"embeddable":true,"href":"https:\/\/www.turismodealmeria.org\/fr\/wp-json\/wp\/v2\/comments?post=49876"}],"version-history":[{"count":0,"href":"https:\/\/www.turismodealmeria.org\/fr\/wp-json\/wp\/v2\/pages\/49876\/revisions"}],"wp:attachment":[{"href":"https:\/\/www.turismodealmeria.org\/fr\/wp-json\/wp\/v2\/media?parent=49876"}],"curies":[{"name":"wp","href":"https:\/\/api.w.org\/{rel}","templated":true}]}}

<div class="wpb-content-wrapper"><p>[vc_row][vc_column column_width_percent= »100&Prime; gutter_size= »2&Prime; overlay_alpha= »50&Prime; shift_x= »0&Prime; shift_y= »0&Prime; shift_y_down= »0&Prime; z_index= »0&Prime; medium_width= »0&Prime; mobile_width= »0&Prime; width= »1/1&Prime; uncode_shortcode_id= »675924&Prime;][vc_custom_heading text_color= »color-sea-blue » text_size= »fontsize-35&Prime; text_weight= »600&Prime; uncode_shortcode_id= »134866&Prime; text_color_type= »uncode-palette »]HISTOIRE[/vc_custom_heading][vc_separator sep_color= »color-amber » uncode_shortcode_id= »914759&Prime; el_class= »playas-forma-segura » sep_color_type= »uncode-palette » el_width= »200px » el_height= »8px »][vc_custom_heading heading_semantic= »p » text_size= »fontsize-17&Prime; text_weight= »400&Prime; uncode_shortcode_id= »154596&Prime;]La ville d’Almeria a été fondée en l’an 955 par les arabes, mais il existe des sites archéologiques qui font remonter son origine aux temps préhistoriques. La colline où se trouve actuellement l’Alcazaba a été occupée très tôt à l’époque préhistorique, à une période qui pourrait coïncider avec l’Âge du Bronze. Postérieurement, à l’époque préromaine, nous trouvons des vestiges phéniciens. De l’époque romaine, nous avons récupéré des excavations de nombreux restes céramiques, allant du premier siècle de notre ère aux dernières productions de céramique fine, spécialement importants dans la période finale ou romaine tardive (Vème au VIIème siècle). Cette occupation permet de conclure qu’il y a eu présence d’habitat avant la “fondation” de la ville en l’an 955, sur la base d’un petit village maritime dépendant de l’intérieur (URCI), auquel il sert de port naturel et dont les vestiges se retrouvent dans de nombreux endroits de la ville actuelle.<br />
De l’époque romaine, nous conservons encore des restes de l’ancienne voie romaine de Bayyana, en-dehors de la ville.[/vc_custom_heading][/vc_column][/vc_row][vc_row][vc_column width= »1/1&Prime;][uncode_index el_id= »listado-historia » isotope_mode= »packery » loop= »size:6|order_by:date|post_type:historia-almeria|taxonomy_count:10&Prime; style_preset= »metro » pagination= »yes » gutter_size= »3&Prime; playas_items= »media|featured|onpost|original,title,sep-one|full,text|full|280&Prime; lugar_items= »media|featured|onpost|original,title,sep-one|full,spacer|one,text|full|180,spacer_two|one,link|default|default_size|ver » historia-almeria_items= »media|featured|onpost|original,title,sep-one|full,spacer|one,text|full|200,spacer_two|one,link|default|default_size|plus » screen_lg= »1000&Prime; screen_md= »600&Prime; screen_sm= »480&Prime; single_text= »lateral » single_width= »12&Prime; single_image_size= »7&Prime; single_overlay_opacity= »50&Prime; single_vertical_text= »bottom » single_padding= »2&Prime; single_title_dimension= »font-size-23px » uncode_shortcode_id= »457978&Prime; el_class= »text-color-deep-teal-color »][/vc_column][/vc_row][vc_row][vc_column column_width_percent= »100&Prime; gutter_size= »2&Prime; overlay_alpha= »50&Prime; shift_x= »0&Prime; shift_y= »0&Prime; shift_y_down= »0&Prime; z_index= »0&Prime; medium_width= »0&Prime; mobile_width= »0&Prime; width= »1/1&Prime; uncode_shortcode_id= »675924&Prime;][vc_custom_heading text_color= »color-sea-blue » text_size= »fontsize-35&Prime; text_weight= »600&Prime; uncode_shortcode_id= »166487&Prime; text_color_type= »uncode-palette »]PERSONNAGES FAMEUX[/vc_custom_heading][vc_separator sep_color= »color-amber » uncode_shortcode_id= »914759&Prime; el_class= »playas-forma-segura » sep_color_type= »uncode-palette » el_width= »200px » el_height= »8px »][vc_column_text uncode_shortcode_id= »808324&Prime;]À Almería, il y a des personnages très importants. Certains pour leur dévouement à la ville, d&rsquo;autres avec une projection nationale et certains même connus dans le monde entier. Découvrez quelques-uns des natifs les plus illustres d&rsquo;Almería, de naissance ou d&rsquo;adoption.[/vc_column_text][/vc_column][/vc_row][vc_row][vc_column width= »1/1&Prime;][uncode_index el_id= »listado-personajes » isotope_mode= »packery » loop= »size:8|order_by:date|post_type:personaje|taxonomy_count:10&Prime; pagination= »yes » gutter_size= »2&Prime; personaje_items= »media|featured|onpost|original,title,fechas,spacer|half » playas_items= »media|featured|onpost|original,title,sep-one|full,text|full|280&Prime; lugar_items= »media|featured|onpost|original,title,text|full|120&Prime; screen_lg= »1000&Prime; screen_md= »600&Prime; screen_sm= »480&Prime; single_width= »3&Prime; single_overlay_opacity= »50&Prime; single_padding= »1&Prime; single_title_semantic= »p » single_title_dimension= »h3&Prime; uncode_shortcode_id= »108200&Prime; el_class= »listado-historia text-color-deep-teal-color border-radius-5px »][/vc_column][/vc_row][vc_row unlock_row_content= »yes » row_height_percent= »0&Prime; override_padding= »yes » h_padding= »0&Prime; top_padding= »2&Prime; bottom_padding= »0&Prime; overlay_alpha= »50&Prime; gutter_size= »3&Prime; column_width_percent= »100&Prime; shift_y= »0&Prime; z_index= »0&Prime; mobile_visibility= »yes » uncode_shortcode_id= »381793&Prime;][vc_column width= »1/1&Prime;][vc_single_image media= »21904&Prime; media_width_percent= »100&Prime; uncode_shortcode_id= »302521&Prime; media_link= »url:https%3A%2F%2Fwww.turismodealmeria.org%2Fpaseo-almeria%2F|target:_blank »][/vc_column][/vc_row][vc_row unlock_row_content= »yes » row_height_percent= »0&Prime; override_padding= »yes » h_padding= »0&Prime; top_padding= »2&Prime; bottom_padding= »0&Prime; overlay_alpha= »50&Prime; gutter_size= »3&Prime; column_width_percent= »100&Prime; shift_y= »0&Prime; z_index= »0&Prime; desktop_visibility= »yes » medium_visibility= »yes » uncode_shortcode_id= »220689&Prime;][vc_column width= »1/1&Prime;][vc_single_image media= »56685&Prime; media_width_percent= »100&Prime; uncode_shortcode_id= »749500&Prime; media_link= »url:https%3A%2F%2Fwww.turismodealmeria.org%2Fpaseo-almeria%2F|target:_blank »][/vc_column][/vc_row]</p>
</div>
