{"id":10276,"date":"2016-03-20T16:05:19","date_gmt":"2016-03-20T16:05:19","guid":{"rendered":"https:\/\/www.turismodealmeria.org\/personaje\/jose-fernandez-campos-richoly\/?lang=fr"},"modified":"2022-05-23T17:22:47","modified_gmt":"2022-05-23T15:22:47","slug":"jose-fernandez-campos-richoly","status":"publish","type":"personaje","link":"https:\/\/www.turismodealmeria.org\/fr\/personaje\/jose-fernandez-campos-richoly\/","title":{"rendered":"Richoly"},"content":{"rendered":"<p><strong>Richoly a fait ses d\u00e9buts en 1945 en tant que guitariste de concert \u00e0 l&rsquo;Universit\u00e9 Men\u00e9ndez y Pelayo.<\/strong> Depuis son arriv\u00e9e dans la capitale d&rsquo;Almeria dans la p\u00e9riode post-guerre civile espagnole, il s&rsquo;est consacr\u00e9 au monde de la musique, \u00e0 la fois dans le divertissement et dans l&rsquo;enseignement de cet art. Il s&rsquo;installe au Teatro Apolo et \u00e0 partir de l\u00e0,<strong> il dirige les Ch\u0153urs et Danses d&rsquo;\u00c9ducation et de Repos et la Section F\u00e9minine, avec laquelle il effectue des tourn\u00e9es dans le monde entier, agissant en tant que directeur et instrumentiste<\/strong>, contribuant \u00e0 la fondation de la musique folklorique d&rsquo;Almeria. Ce serait au Teatro Apolo et pendant plus de 30 ans, Richoly enseignerait aux habitants d&rsquo;Almeria comment jouer de la guitare.<\/p>\n<p>Dans les ann\u00e9es 1950, d\u00e9j\u00e0 install\u00e9 dans des environnements culturels, il commence \u00e0 travailler \u00e0 la mairie d&rsquo;Almer\u00eda, \u00e9tant au service des recettes, des bureaux d&rsquo;enregistrement, des statistiques et de l&rsquo;urbanisme, une profession qu&rsquo;il combine parfaitement avec la musique.<\/p>\n<p>De sa connaissance avis\u00e9e, bon nombre d&rsquo;amateurs de cante, de baile et de guitare ont bu, mais son travail ne s&rsquo;est pas limit\u00e9 au folklore local, \u00e9largissant progressivement son champ d&rsquo;activit\u00e9 \u00e0 un autre type de genre musical, parmi lesquels <strong>se distingue<\/strong> son interpr\u00e9tation particuli\u00e8re des port\u00e9es musicales. <strong>Alb\u00e9niz, Turina ou Falla, ou sa version \u00e0 succ\u00e8s de \u00ab\u00a0Farruca\u00a0\u00bb<\/strong>. Les conseils des po\u00e8tes Celia Vi\u00f1as et Manuel del \u00c1guila l&rsquo;ont amen\u00e9 \u00e0 le pr\u00e9senter \u00e0 la soci\u00e9t\u00e9 lors d&rsquo;un impressionnant concert \u00e0 l&rsquo;originale Biblioth\u00e8que Municipale \u00ab\u00a0Francisco Villaespesa\u00a0\u00bb. Apr\u00e8s cette pr\u00e9sentation au public d&rsquo;Almeria, viendrait plus tard la fondation <strong>du quatuor \u00ab\u00a0Manuel de Falla\u00a0\u00bb<\/strong>, et quelque temps plus tard <strong>le \u00ab\u00a0Trio Richoly\u00a0\u00bb<\/strong>, form\u00e9 par le maestro et les fr\u00e8res Jes\u00fas et Francisco Miranda. Un groupe qui lui a apport\u00e9 un grand succ\u00e8s dans ses apparitions publiques continues, avec des enregistrements inclus.<\/p>\n<p><strong>Le professeur d\u00e9c\u00e9d\u00e9 dans la capitale d&rsquo;Almer\u00eda en 1995<\/strong>, a un buste (en hommage \u00e0 sa contribution \u00e0 la culture musicale et pour \u00eatre l&rsquo;un des meilleurs guitaristes d&rsquo;Almeria \u00e0 travers l&rsquo;histoire) sur la Plaza de la Administraci\u00f3n Vieja, devant le b\u00e2timent de l&rsquo;UNED .<\/p>\n","protected":false},"excerpt":{"rendered":"<p>Jos\u00e9 Fern\u00e1ndez Campos, Richoly est n\u00e9 \u00e0 Adra en 1920. Sa famille \u00e9tait originaire de Berja, la ville o\u00f9 ils se sont rendus, y passant une partie de leur enfance. Sa m\u00e8re s&rsquo;appelait G\u00e1dor Campos Padilla et son p\u00e8re, Salvador Fern\u00e1ndez \u00ab\u00a0Richoli\u00a0\u00bb. Il a pass\u00e9 une grande partie de sa vie dans la capitale o\u00f9 il a dynamis\u00e9 la culture musicale d&rsquo;Almeria. Il a co\u00efncid\u00e9 avec Celia Vi\u00f1as dans les rassemblements indiens dont le fondateur \u00e9tait Jes\u00fas de Perceval.<\/p>\n","protected":false},"featured_media":25039,"template":"","meta":{"_acf_changed":false},"class_list":["post-10276","personaje","type-personaje","status-publish","has-post-thumbnail","hentry"],"acf":[],"ACF":{"fechas":"1920 - 1995"},"_links":{"self":[{"href":"https:\/\/www.turismodealmeria.org\/fr\/wp-json\/wp\/v2\/personaje\/10276","targetHints":{"allow":["GET"]}}],"collection":[{"href":"https:\/\/www.turismodealmeria.org\/fr\/wp-json\/wp\/v2\/personaje"}],"about":[{"href":"https:\/\/www.turismodealmeria.org\/fr\/wp-json\/wp\/v2\/types\/personaje"}],"wp:featuredmedia":[{"embeddable":true,"href":"https:\/\/www.turismodealmeria.org\/fr\/wp-json\/wp\/v2\/media\/25039"}],"wp:attachment":[{"href":"https:\/\/www.turismodealmeria.org\/fr\/wp-json\/wp\/v2\/media?parent=10276"}],"curies":[{"name":"wp","href":"https:\/\/api.w.org\/{rel}","templated":true}]}}

<p><strong>Richoly a fait ses débuts en 1945 en tant que guitariste de concert à l&rsquo;Université Menéndez y Pelayo.</strong> Depuis son arrivée dans la capitale d&rsquo;Almeria dans la période post-guerre civile espagnole, il s&rsquo;est consacré au monde de la musique, à la fois dans le divertissement et dans l&rsquo;enseignement de cet art. Il s&rsquo;installe au Teatro Apolo et à partir de là,<strong> il dirige les Chœurs et Danses d&rsquo;Éducation et de Repos et la Section Féminine, avec laquelle il effectue des tournées dans le monde entier, agissant en tant que directeur et instrumentiste</strong>, contribuant à la fondation de la musique folklorique d&rsquo;Almeria. Ce serait au Teatro Apolo et pendant plus de 30 ans, Richoly enseignerait aux habitants d&rsquo;Almeria comment jouer de la guitare.</p>
<p>Dans les années 1950, déjà installé dans des environnements culturels, il commence à travailler à la mairie d&rsquo;Almería, étant au service des recettes, des bureaux d&rsquo;enregistrement, des statistiques et de l&rsquo;urbanisme, une profession qu&rsquo;il combine parfaitement avec la musique.</p>
<p>De sa connaissance avisée, bon nombre d&rsquo;amateurs de cante, de baile et de guitare ont bu, mais son travail ne s&rsquo;est pas limité au folklore local, élargissant progressivement son champ d&rsquo;activité à un autre type de genre musical, parmi lesquels <strong>se distingue</strong> son interprétation particulière des portées musicales. <strong>Albéniz, Turina ou Falla, ou sa version à succès de « Farruca »</strong>. Les conseils des poètes Celia Viñas et Manuel del Águila l&rsquo;ont amené à le présenter à la société lors d&rsquo;un impressionnant concert à l&rsquo;originale Bibliothèque Municipale « Francisco Villaespesa ». Après cette présentation au public d&rsquo;Almeria, viendrait plus tard la fondation <strong>du quatuor « Manuel de Falla »</strong>, et quelque temps plus tard <strong>le « Trio Richoly »</strong>, formé par le maestro et les frères Jesús et Francisco Miranda. Un groupe qui lui a apporté un grand succès dans ses apparitions publiques continues, avec des enregistrements inclus.</p>
<p><strong>Le professeur décédé dans la capitale d&rsquo;Almería en 1995</strong>, a un buste (en hommage à sa contribution à la culture musicale et pour être l&rsquo;un des meilleurs guitaristes d&rsquo;Almeria à travers l&rsquo;histoire) sur la Plaza de la Administración Vieja, devant le bâtiment de l&rsquo;UNED .</p>

<p>José Fernández Campos, Richoly est né à Adra en 1920. Sa famille était originaire de Berja, la ville où ils se sont rendus, y passant une partie de leur enfance. Sa mère s&rsquo;appelait Gádor Campos Padilla et son père, Salvador Fernández « Richoli ». Il a passé une grande partie de sa vie dans la capitale où il a dynamisé la culture musicale d&rsquo;Almeria. Il a coïncidé avec Celia Viñas dans les rassemblements indiens dont le fondateur était Jesús de Perceval.</p>
