{"id":10288,"date":"2016-03-16T15:39:54","date_gmt":"2016-03-16T15:39:54","guid":{"rendered":"https:\/\/www.turismodealmeria.org\/personaje\/federico-garcia-lorca\/?lang=fr"},"modified":"2022-05-23T14:51:28","modified_gmt":"2022-05-23T12:51:28","slug":"federico-garcia-lorca","status":"publish","type":"personaje","link":"https:\/\/www.turismodealmeria.org\/fr\/personaje\/federico-garcia-lorca\/","title":{"rendered":"Federico Garc\u00eda Lorca"},"content":{"rendered":"<p><strong>Antonio Rodr\u00edguez Espinosa est all\u00e9 \u00e0 Almer\u00eda et Federico Garc\u00eda Lorca est all\u00e9 vivre avec lui en 1906 et a pass\u00e9 le cours de 1907\/1908 et les mois de juillet et ao\u00fbt de la m\u00eame ann\u00e9e<\/strong>. Cette ann\u00e9e-l\u00e0 (1908), il postula pour passer l&rsquo;examen d&rsquo;entr\u00e9e \u00e0 l&rsquo;Institut d&rsquo;enseignement secondaire d&rsquo;Almer\u00eda et \u00e9tudia dans cet institut pendant l&rsquo;ann\u00e9e acad\u00e9mique 1908\/1909, bien qu&rsquo;il ne termin\u00e2t pas cette ann\u00e9e acad\u00e9mique. Il n&rsquo;est rest\u00e9 que six mois car il est tomb\u00e9 malade d&rsquo;une maladie bucco-dentaire. Cette maladie le poussa \u00e0 s&rsquo;installer \u00e0 Grenade et \u00e0 \u00e9tudier \u00e0 partir de 1909 au Sacr\u00e9-C\u0153ur de J\u00e9sus.<\/p>\n<p>\u00c0 Almer\u00eda entre 1906 et 1909, Federico Garc\u00eda Lorca<strong> avait entre 10 et 13 ans<\/strong>. De son voyage et de ses souvenirs d&rsquo;Almer\u00eda et apr\u00e8s les \u00e9v\u00e9nements survenus dans le Cortijo del Fraile, il s&rsquo;est inspir\u00e9 pour ses \u00ab\u00a0Bodas de Sangre\u00a0\u00bb.<\/p>\n<p>Sur la Plaza Maestro Rodr\u00edguez Espinosa, et devant le b\u00e2timent o\u00f9 il vivait avec son tuteur, la ville d&rsquo;Almer\u00eda rend hommage \u00e0 ce po\u00e8te avec un buste qui pr\u00e9side la place, en plus de l&rsquo;Avenida Federico Garc\u00eda Lorca, l&rsquo;une des principales art\u00e8res de la ville, mieux connues sous le nom de rambla.<\/p>\n<p>Ce po\u00e8te et dramaturge distingu\u00e9 de la g\u00e9n\u00e9ration des 27 <strong>est mort en 1936, fusill\u00e9 pendant la guerre civile espagnole<\/strong>.<\/p>\n","protected":false},"excerpt":{"rendered":"<p>Federico Garc\u00eda Lorca est n\u00e9 \u00e0 Fuentevaqueros (Grenade en 1898) et d\u00e8s son plus jeune \u00e2ge, il a appris \u00e0 lire avec sa m\u00e8re (institutrice), puis a fr\u00e9quent\u00e9 l&rsquo;\u00e9cole de son professeur et tuteur Antonio Rodriguez Espinosa \u00e0 Fuentevaqueros.<\/p>\n","protected":false},"featured_media":25018,"template":"","meta":{"_acf_changed":false},"class_list":["post-10288","personaje","type-personaje","status-publish","has-post-thumbnail","hentry"],"acf":[],"ACF":{"fechas":"1898 - 1936"},"_links":{"self":[{"href":"https:\/\/www.turismodealmeria.org\/fr\/wp-json\/wp\/v2\/personaje\/10288","targetHints":{"allow":["GET"]}}],"collection":[{"href":"https:\/\/www.turismodealmeria.org\/fr\/wp-json\/wp\/v2\/personaje"}],"about":[{"href":"https:\/\/www.turismodealmeria.org\/fr\/wp-json\/wp\/v2\/types\/personaje"}],"wp:featuredmedia":[{"embeddable":true,"href":"https:\/\/www.turismodealmeria.org\/fr\/wp-json\/wp\/v2\/media\/25018"}],"wp:attachment":[{"href":"https:\/\/www.turismodealmeria.org\/fr\/wp-json\/wp\/v2\/media?parent=10288"}],"curies":[{"name":"wp","href":"https:\/\/api.w.org\/{rel}","templated":true}]}}

Federico García Lorca

<p><strong>Antonio Rodríguez Espinosa est allé à Almería et Federico García Lorca est allé vivre avec lui en 1906 et a passé le cours de 1907/1908 et les mois de juillet et août de la même année</strong>. Cette année-là (1908), il postula pour passer l&rsquo;examen d&rsquo;entrée à l&rsquo;Institut d&rsquo;enseignement secondaire d&rsquo;Almería et étudia dans cet institut pendant l&rsquo;année académique 1908/1909, bien qu&rsquo;il ne terminât pas cette année académique. Il n&rsquo;est resté que six mois car il est tombé malade d&rsquo;une maladie bucco-dentaire. Cette maladie le poussa à s&rsquo;installer à Grenade et à étudier à partir de 1909 au Sacré-Cœur de Jésus.</p>
<p>À Almería entre 1906 et 1909, Federico García Lorca<strong> avait entre 10 et 13 ans</strong>. De son voyage et de ses souvenirs d&rsquo;Almería et après les événements survenus dans le Cortijo del Fraile, il s&rsquo;est inspiré pour ses « Bodas de Sangre ».</p>
<p>Sur la Plaza Maestro Rodríguez Espinosa, et devant le bâtiment où il vivait avec son tuteur, la ville d&rsquo;Almería rend hommage à ce poète avec un buste qui préside la place, en plus de l&rsquo;Avenida Federico García Lorca, l&rsquo;une des principales artères de la ville, mieux connues sous le nom de rambla.</p>
<p>Ce poète et dramaturge distingué de la génération des 27 <strong>est mort en 1936, fusillé pendant la guerre civile espagnole</strong>.</p>

<p>Federico García Lorca est né à Fuentevaqueros (Grenade en 1898) et dès son plus jeune âge, il a appris à lire avec sa mère (institutrice), puis a fréquenté l&rsquo;école de son professeur et tuteur Antonio Rodriguez Espinosa à Fuentevaqueros.</p>
