{"id":10297,"date":"2016-03-12T15:49:34","date_gmt":"2016-03-12T15:49:34","guid":{"rendered":"https:\/\/www.turismodealmeria.org\/personaje\/francisco-villaespesa\/?lang=fr"},"modified":"2022-05-23T16:36:04","modified_gmt":"2022-05-23T14:36:04","slug":"francisco-villaespesa","status":"publish","type":"personaje","link":"https:\/\/www.turismodealmeria.org\/fr\/personaje\/francisco-villaespesa\/","title":{"rendered":"Francisco Villaespesa"},"content":{"rendered":"<p>En<strong> 1888, il entre au lyc\u00e9e et en 1894, il s&rsquo;inscrit \u00e0 l&rsquo;Universit\u00e9 de Grenade en tant qu&rsquo;\u00e9tudiant en droit, philosophie et lettre<\/strong>s, \u00e9tudes qu&rsquo;il ne terminera jamais. Ses s\u00e9jours \u00e0 Grenade lui donnent l&rsquo;occasion d&rsquo;interagir avec la jeunesse litt\u00e9raire et artistique de la ville. En 1897, il change le cours de sa vie et se rend \u00e0 Malaga pour se rendre plus tard \u00e0 Madrid o\u00f9 il commence \u00e0 se faire conna\u00eetre comme po\u00e8te.<\/p>\n<p><strong>En 1898, il retourna \u00e0 Almer\u00eda et en 1899, il \u00e9pousa sa fianc\u00e9e Elisa et son \u0153uvre po\u00e9tique et litt\u00e9raire commen\u00e7a \u00e0 \u00e9merger<\/strong>. En 1900, il commence \u00e0 rencontrer des personnalit\u00e9s culturelles et litt\u00e9raires telles que <strong>Juan Ram\u00f3n Jim\u00e9nez et Rub\u00e9n Dar\u00edo<\/strong>. Son appartement \u00e0 Madrid, qu&rsquo;il partage avec Elisa, devient un centre de rassemblements et de rencontres. Plus d&rsquo;un millier de projets y ont \u00e9t\u00e9 forg\u00e9s. Aux joies litt\u00e9raires s&rsquo;ajoute l&rsquo;immense tristesse de voir sa femme mourir en 1903, victime de la tuberculose. Le po\u00e8te se retrouve seul avec sa petite fille Elisa et avec les souvenirs qui fa\u00e7onneront de nombreux po\u00e8mes. Suite au d\u00e9c\u00e8s de sa femme, il entreprit un voyage \u00e0 travers de nombreux pays europ\u00e9ens : le Portugal, l&rsquo;Italie et enfin la France, revenant \u00e0 Madrid en 1904.<\/p>\n<p>En 1905, il rencontre M\u00aa Garc\u00eda Rub\u00edn, une noble de Cadix. Elle \u00e9tait mari\u00e9e et avait deux enfants mais Villaespesa va vivre avec elle et ils auront deux enfants : Dolores et Francisco. Elle sera votre compagne pour toujours. Ce sont des ann\u00e9es de travail po\u00e9tique qui fa\u00e7onnent son modernisme po\u00e9tique jusqu&rsquo;\u00e0 la fin de ses jours.<\/p>\n<p><strong>En 1915, le po\u00e8te \u00e9tait \u00e0 son apog\u00e9e et en 1916, il fonda la revue Cervantes<\/strong> et la publication de ses \u0153uvres compl\u00e8tes commen\u00e7a. Son succ\u00e8s populaire se consolide et entre 1917 et 1929 une anthologie de ses vers para\u00eet en Espagne.<\/p>\n<p><strong>En 1925, il se rendit au Br\u00e9sil et le gouvernement du pays lui offrit toutes sortes de conforts pour qu&rsquo;il puisse se consacrer \u00e0 la traduction des po\u00e8tes nationaux en espagnol, dont le projet de plusieurs volumes fut publi\u00e9 en Espagne et au Br\u00e9sil<\/strong>. Ce sera \u00e0 Rio de Janeiro lorsqu&rsquo;il souffrira d&rsquo;une h\u00e9mipl\u00e9gie qui provoque une paralysie de la moiti\u00e9 de son corps.<\/p>\n<p>En 1931, le po\u00e8te qui connut de nombreux probl\u00e8mes \u00e9conomiques du fait de sa d\u00e9cision de se consacrer \u00e0 la Litt\u00e9rature et qui b\u00e9n\u00e9ficiait d\u00e9sormais des b\u00e9n\u00e9fices des Compagnies Litt\u00e9raires, se retrouve en difficult\u00e9 et ce sera le Gouvernement espagnol qui se chargera de son rapatriement et lui accorder des ann\u00e9es puis une pension viag\u00e8re de 8 000 pesetas sur proposition de Fernando de los R\u00edos, ministre de l&rsquo;Instruction publique.<\/p>\n<p><strong>\u00c0 son retour, il est re\u00e7u avec des hommages dans les th\u00e9\u00e2tres de Madrid et de la province<\/strong>, mais sa sant\u00e9 est d\u00e9j\u00e0 tr\u00e8s endommag\u00e9e. En 1933, les nouvelles lois de la R\u00e9publique lui permettent d&rsquo;\u00e9pouser sa compagne Mar\u00eda, d\u00e9j\u00e0 divorc\u00e9e. En 1935, il publie son dernier livre, \u00ab\u00a0Empty Hands\u00a0\u00bb.<\/p>\n<p>En 1936, apr\u00e8s une br\u00e8ve convalescence, la maladie s&rsquo;aggrave et il meurt en avril 1936 \u00e0 son domicile de Madrid \u00e0 l&rsquo;\u00e2ge de 58 ans. Ses fun\u00e9railles ont \u00e9t\u00e9 un \u00e9v\u00e9nement dans la capitale, o\u00f9 il a re\u00e7u les honneurs officiels et a \u00e9t\u00e9 enterr\u00e9 au Panth\u00e9on des Hommes Illustres du Sacramental de San Justo. Avec lui disparut le dernier des modernistes espagnols.<\/p>\n","protected":false},"excerpt":{"rendered":"<p>Le grand po\u00e8te Francisco Villaespesa Mart\u00edn est n\u00e9 \u00e0 Laujar de Andarax en 1877 et mort \u00e0 Madrid en 1936. \u00c0 seulement 2 ans, il perd sa m\u00e8re. Son p\u00e8re \u00e9pouse la s\u0153ur du d\u00e9funt. En 1885, le p\u00e8re est nomm\u00e9 juge \u00e0 Almer\u00eda et toute la famille s&rsquo;installe dans la capitale.<\/p>\n","protected":false},"featured_media":25009,"template":"","meta":{"_acf_changed":false},"class_list":["post-10297","personaje","type-personaje","status-publish","has-post-thumbnail","hentry"],"acf":[],"ACF":{"fechas":"1877 - 1936"},"_links":{"self":[{"href":"https:\/\/www.turismodealmeria.org\/fr\/wp-json\/wp\/v2\/personaje\/10297","targetHints":{"allow":["GET"]}}],"collection":[{"href":"https:\/\/www.turismodealmeria.org\/fr\/wp-json\/wp\/v2\/personaje"}],"about":[{"href":"https:\/\/www.turismodealmeria.org\/fr\/wp-json\/wp\/v2\/types\/personaje"}],"wp:featuredmedia":[{"embeddable":true,"href":"https:\/\/www.turismodealmeria.org\/fr\/wp-json\/wp\/v2\/media\/25009"}],"wp:attachment":[{"href":"https:\/\/www.turismodealmeria.org\/fr\/wp-json\/wp\/v2\/media?parent=10297"}],"curies":[{"name":"wp","href":"https:\/\/api.w.org\/{rel}","templated":true}]}}

<p>En<strong> 1888, il entre au lycée et en 1894, il s&rsquo;inscrit à l&rsquo;Université de Grenade en tant qu&rsquo;étudiant en droit, philosophie et lettre</strong>s, études qu&rsquo;il ne terminera jamais. Ses séjours à Grenade lui donnent l&rsquo;occasion d&rsquo;interagir avec la jeunesse littéraire et artistique de la ville. En 1897, il change le cours de sa vie et se rend à Malaga pour se rendre plus tard à Madrid où il commence à se faire connaître comme poète.</p>
<p><strong>En 1898, il retourna à Almería et en 1899, il épousa sa fiancée Elisa et son œuvre poétique et littéraire commença à émerger</strong>. En 1900, il commence à rencontrer des personnalités culturelles et littéraires telles que <strong>Juan Ramón Jiménez et Rubén Darío</strong>. Son appartement à Madrid, qu&rsquo;il partage avec Elisa, devient un centre de rassemblements et de rencontres. Plus d&rsquo;un millier de projets y ont été forgés. Aux joies littéraires s&rsquo;ajoute l&rsquo;immense tristesse de voir sa femme mourir en 1903, victime de la tuberculose. Le poète se retrouve seul avec sa petite fille Elisa et avec les souvenirs qui façonneront de nombreux poèmes. Suite au décès de sa femme, il entreprit un voyage à travers de nombreux pays européens : le Portugal, l&rsquo;Italie et enfin la France, revenant à Madrid en 1904.</p>
<p>En 1905, il rencontre Mª García Rubín, une noble de Cadix. Elle était mariée et avait deux enfants mais Villaespesa va vivre avec elle et ils auront deux enfants : Dolores et Francisco. Elle sera votre compagne pour toujours. Ce sont des années de travail poétique qui façonnent son modernisme poétique jusqu&rsquo;à la fin de ses jours.</p>
<p><strong>En 1915, le poète était à son apogée et en 1916, il fonda la revue Cervantes</strong> et la publication de ses œuvres complètes commença. Son succès populaire se consolide et entre 1917 et 1929 une anthologie de ses vers paraît en Espagne.</p>
<p><strong>En 1925, il se rendit au Brésil et le gouvernement du pays lui offrit toutes sortes de conforts pour qu&rsquo;il puisse se consacrer à la traduction des poètes nationaux en espagnol, dont le projet de plusieurs volumes fut publié en Espagne et au Brésil</strong>. Ce sera à Rio de Janeiro lorsqu&rsquo;il souffrira d&rsquo;une hémiplégie qui provoque une paralysie de la moitié de son corps.</p>
<p>En 1931, le poète qui connut de nombreux problèmes économiques du fait de sa décision de se consacrer à la Littérature et qui bénéficiait désormais des bénéfices des Compagnies Littéraires, se retrouve en difficulté et ce sera le Gouvernement espagnol qui se chargera de son rapatriement et lui accorder des années puis une pension viagère de 8 000 pesetas sur proposition de Fernando de los Ríos, ministre de l&rsquo;Instruction publique.</p>
<p><strong>À son retour, il est reçu avec des hommages dans les théâtres de Madrid et de la province</strong>, mais sa santé est déjà très endommagée. En 1933, les nouvelles lois de la République lui permettent d&rsquo;épouser sa compagne María, déjà divorcée. En 1935, il publie son dernier livre, « Empty Hands ».</p>
<p>En 1936, après une brève convalescence, la maladie s&rsquo;aggrave et il meurt en avril 1936 à son domicile de Madrid à l&rsquo;âge de 58 ans. Ses funérailles ont été un événement dans la capitale, où il a reçu les honneurs officiels et a été enterré au Panthéon des Hommes Illustres du Sacramental de San Justo. Avec lui disparut le dernier des modernistes espagnols.</p>

<p>Le grand poète Francisco Villaespesa Martín est né à Laujar de Andarax en 1877 et mort à Madrid en 1936. À seulement 2 ans, il perd sa mère. Son père épouse la sœur du défunt. En 1885, le père est nommé juge à Almería et toute la famille s&rsquo;installe dans la capitale.</p>
