{"id":10302,"date":"2016-03-10T16:09:31","date_gmt":"2016-03-10T16:09:31","guid":{"rendered":"https:\/\/www.turismodealmeria.org\/personaje\/juan-cassinello\/?lang=fr"},"modified":"2022-05-23T16:44:09","modified_gmt":"2022-05-23T14:44:09","slug":"juan-cassinello","status":"publish","type":"personaje","link":"https:\/\/www.turismodealmeria.org\/fr\/personaje\/juan-cassinello\/","title":{"rendered":"Juan Cassinello"},"content":{"rendered":"<blockquote><p><em>Image : Dans le centre d&rsquo;Almer\u00eda, on trouve en son honneur la Plaza Juan Cassinello, \u00e9galement connue sous le nom de Plaza del Educador.<\/em><\/p><\/blockquote>\n<p>On dit dans la famille que, lors d&rsquo;une discussion politique anim\u00e9e avec un coll\u00e8gue l\u00e9gislateur, ils ont m\u00eame jet\u00e9 le gant et se sont d\u00e9fi\u00e9s en duel.<\/p>\n<p>Son statut de catholique pratiquant ne lui permettant pas de l&rsquo;accepter, il quitte la ville et s&rsquo;installe \u00e0 Grenade, o\u00f9 il occupe la chaire de droit civil qu&rsquo;il occupera jusqu&rsquo;\u00e0 sa mort en 1924.<\/p>\n<p>Il publie plusieurs ouvrages sur Droit. Avant de partir pour Grenade, il participa activement aux r\u00e9unions organis\u00e9es pour l&rsquo;ach\u00e8vement du<strong> C\u00edrculo Mercantil et la construction du Th\u00e9\u00e2tre Cervantes<\/strong>.<\/p>\n","protected":false},"excerpt":{"rendered":"<p>Juan Cassinello \u00e9tait docteur en droit civil et canonique ; n\u00e9 en 1849 et nomm\u00e9 d\u00e9put\u00e9 provincial de 1887 \u00e0 1890, s\u00e9nateur en 1896 et d\u00e9put\u00e9 aux Cort\u00e8s en 1898, \u00e9tant chef du parti d\u00e9mocrate.<\/p>\n","protected":false},"featured_media":49386,"template":"","meta":{"_acf_changed":false},"class_list":["post-10302","personaje","type-personaje","status-publish","has-post-thumbnail","hentry"],"acf":[],"ACF":{"fechas":"1849 - 1924"},"_links":{"self":[{"href":"https:\/\/www.turismodealmeria.org\/fr\/wp-json\/wp\/v2\/personaje\/10302","targetHints":{"allow":["GET"]}}],"collection":[{"href":"https:\/\/www.turismodealmeria.org\/fr\/wp-json\/wp\/v2\/personaje"}],"about":[{"href":"https:\/\/www.turismodealmeria.org\/fr\/wp-json\/wp\/v2\/types\/personaje"}],"wp:featuredmedia":[{"embeddable":true,"href":"https:\/\/www.turismodealmeria.org\/fr\/wp-json\/wp\/v2\/media\/49386"}],"wp:attachment":[{"href":"https:\/\/www.turismodealmeria.org\/fr\/wp-json\/wp\/v2\/media?parent=10302"}],"curies":[{"name":"wp","href":"https:\/\/api.w.org\/{rel}","templated":true}]}}

<blockquote><p><em>Image : Dans le centre d&rsquo;Almería, on trouve en son honneur la Plaza Juan Cassinello, également connue sous le nom de Plaza del Educador.</em></p></blockquote>
<p>On dit dans la famille que, lors d&rsquo;une discussion politique animée avec un collègue législateur, ils ont même jeté le gant et se sont défiés en duel.</p>
<p>Son statut de catholique pratiquant ne lui permettant pas de l&rsquo;accepter, il quitte la ville et s&rsquo;installe à Grenade, où il occupe la chaire de droit civil qu&rsquo;il occupera jusqu&rsquo;à sa mort en 1924.</p>
<p>Il publie plusieurs ouvrages sur Droit. Avant de partir pour Grenade, il participa activement aux réunions organisées pour l&rsquo;achèvement du<strong> Círculo Mercantil et la construction du Théâtre Cervantes</strong>.</p>

<p>Juan Cassinello était docteur en droit civil et canonique ; né en 1849 et nommé député provincial de 1887 à 1890, sénateur en 1896 et député aux Cortès en 1898, étant chef du parti démocrate.</p>
