{"id":10304,"date":"2016-03-10T15:37:03","date_gmt":"2016-03-10T15:37:03","guid":{"rendered":"https:\/\/www.turismodealmeria.org\/personaje\/emilio-perez-ibanez\/?lang=fr"},"modified":"2022-05-23T16:46:13","modified_gmt":"2022-05-23T14:46:13","slug":"emilio-perez-ibanez","status":"publish","type":"personaje","link":"https:\/\/www.turismodealmeria.org\/fr\/personaje\/emilio-perez-ibanez\/","title":{"rendered":"Emilio Perez Ib\u00e1\u00f1ez"},"content":{"rendered":"<p>Il faisait partie du Parti conservateur. Il entra au conseil municipal comme administrateur et premier fonctionnaire en 1875. Cette m\u00eame ann\u00e9e, il fit partie de la commission qui se rendit \u00e0 Madrid pour f\u00e9liciter le roi. En 1877, il travaille comme juge municipal.<\/p>\n<p><strong>Tout au long de sa vie politique, il a occup\u00e9 de nombreux postes publics<\/strong> : premier adjoint au maire et adjoint aux Cortes d&rsquo;Almer\u00eda. Lorsque Francisco Silvela s&rsquo;est rendu \u00e0 Almer\u00eda pour voir les terribles effets des inondations de 1891, il est rest\u00e9 dans son manoir. En 1885, il acquit des extensions consid\u00e9rables de \u00ab\u00a0montagnes publiques\u00a0\u00bb, en particulier \u00e0 Nijar, devenant consid\u00e9rablement riche et deux ans plus tard, il re\u00e7ut les d\u00e9corations suivantes avec Jover : <strong>la Grande Croix d&rsquo;Isabelle la Catholique, la plaque du m\u00e9rite militaire et l&rsquo;ordre de Carlos III. <\/strong><\/p>\n<p><strong>Ses fils se sont \u00e9galement lanc\u00e9s en politique.<\/strong><\/p>\n","protected":false},"excerpt":{"rendered":"<p>Homme politique et avocat. Il a \u00e9tudi\u00e9 \u00e0 l&rsquo;Universit\u00e9 de Grenade o\u00f9 il est dipl\u00f4m\u00e9 en droit et en philosophie et lettres. En 1870, il ouvre son cabinet d&rsquo;avocats et cr\u00e9e une Acad\u00e9mie de droit \u00e0 Almer\u00eda.<\/p>\n","protected":false},"featured_media":25021,"template":"","meta":{"_acf_changed":false},"class_list":["post-10304","personaje","type-personaje","status-publish","has-post-thumbnail","hentry"],"acf":[],"ACF":{"fechas":"1849 - 1903"},"_links":{"self":[{"href":"https:\/\/www.turismodealmeria.org\/fr\/wp-json\/wp\/v2\/personaje\/10304","targetHints":{"allow":["GET"]}}],"collection":[{"href":"https:\/\/www.turismodealmeria.org\/fr\/wp-json\/wp\/v2\/personaje"}],"about":[{"href":"https:\/\/www.turismodealmeria.org\/fr\/wp-json\/wp\/v2\/types\/personaje"}],"wp:featuredmedia":[{"embeddable":true,"href":"https:\/\/www.turismodealmeria.org\/fr\/wp-json\/wp\/v2\/media\/25021"}],"wp:attachment":[{"href":"https:\/\/www.turismodealmeria.org\/fr\/wp-json\/wp\/v2\/media?parent=10304"}],"curies":[{"name":"wp","href":"https:\/\/api.w.org\/{rel}","templated":true}]}}

Emilio Perez Ibáñez

<p>Il faisait partie du Parti conservateur. Il entra au conseil municipal comme administrateur et premier fonctionnaire en 1875. Cette même année, il fit partie de la commission qui se rendit à Madrid pour féliciter le roi. En 1877, il travaille comme juge municipal.</p>
<p><strong>Tout au long de sa vie politique, il a occupé de nombreux postes publics</strong> : premier adjoint au maire et adjoint aux Cortes d&rsquo;Almería. Lorsque Francisco Silvela s&rsquo;est rendu à Almería pour voir les terribles effets des inondations de 1891, il est resté dans son manoir. En 1885, il acquit des extensions considérables de « montagnes publiques », en particulier à Nijar, devenant considérablement riche et deux ans plus tard, il reçut les décorations suivantes avec Jover : <strong>la Grande Croix d&rsquo;Isabelle la Catholique, la plaque du mérite militaire et l&rsquo;ordre de Carlos III. </strong></p>
<p><strong>Ses fils se sont également lancés en politique.</strong></p>

<p>Homme politique et avocat. Il a étudié à l&rsquo;Université de Grenade où il est diplômé en droit et en philosophie et lettres. En 1870, il ouvre son cabinet d&rsquo;avocats et crée une Académie de droit à Almería.</p>
